{"id":103,"date":"2019-01-15T19:55:17","date_gmt":"2019-01-15T18:55:17","guid":{"rendered":"https:\/\/www.calvin-thomas.com\/campus\/?page_id=103"},"modified":"2024-12-03T17:12:11","modified_gmt":"2024-12-03T16:12:11","slug":"conditions-admission","status":"publish","type":"page","link":"https:\/\/www.calvin-thomas.com\/campus\/informations-pratiques\/conditions-admission\/","title":{"rendered":"Les conditions d&rsquo;admission"},"content":{"rendered":"\n<div style=\"height:50px\" class=\"wp-block-spacer\"><\/div>\n\n\n\n<div class=\"wp-block-columns has-2-columns column-centre is-layout-flex wp-container-core-columns-is-layout-1 wp-block-columns-is-layout-flex\">\n<div class=\"wp-block-column is-layout-flow wp-block-column-is-layout-flow\">\n<h2 class=\"wp-block-heading\">Le profil du participant <br><\/h2>\n\n\n\n<p>Notre programme vous int\u00e9resse mais vous ne savez pas encore s\u2019il est fait pour vous&nbsp;? Quel que soit votre niveau d\u2019\u00e9tudes ou d\u2019anglais, l\u2019une des formules propos\u00e9es est faite pour vous. Votre motivation et votre exp\u00e9rience sont vos atouts principaux. Nous vous guiderons tout au long des d\u00e9marches, jusqu\u2019\u00e0 votre d\u00e9part. <\/p>\n<\/div>\n\n\n\n<div class=\"wp-block-column is-layout-flow wp-block-column-is-layout-flow\">\n<ul class=\"liste-menu\">\n<li><a href=\"#section1\">Quelles conditions d&rsquo;admission pour int\u00e9grer le programme ?<\/a><\/li>\n\n\n\n<li><a href=\"#section2\">Quel niveau d&rsquo;anglais requis ?<\/a><\/li>\n<\/ul>\n<\/div>\n<\/div>\n\n\n\n<div style=\"height:50px\" class=\"wp-block-spacer\"><\/div>\n\n\n<section class=\"section-bleuclair\"><\/p>\n\n\n\n<div class=\"wp-block-columns has-2-columns column-centre is-layout-flex wp-container-core-columns-is-layout-2 wp-block-columns-is-layout-flex\">\n<div class=\"wp-block-column is-layout-flow wp-block-column-is-layout-flow\">\n<div style=\"height:30px\" class=\"wp-block-spacer\"><\/div>\n\n\n\n<p class=\"sub-title\"><strong>CONDITIONS DE PARTICIPATION<\/strong><\/p>\n\n\n\n<h3 class=\"wp-block-heading\" id=\"section1\">Quelles conditions d&rsquo;admission pour int\u00e9grer le programme ?<br><\/h3>\n\n\n\n<p>Plusieurs conditions sont n\u00e9cessaires pour rejoindre notre programme Campus Access et partir \u00e9tudier sur un campus anglophone.<\/p>\n<\/div>\n\n\n\n<div class=\"wp-block-column is-layout-flow wp-block-column-is-layout-flow\">\n<figure class=\"wp-block-image\"><img loading=\"lazy\" decoding=\"async\" width=\"393\" height=\"350\" src=\"https:\/\/www.calvin-thomas.com\/campus\/wp-content\/uploads\/\/sites\/5\/admission-etudes-universite-usa.jpg\" alt=\"conditions d'admission pour int\u00e9grer une universit\u00e9 am\u00e9ricaine\" class=\"wp-image-245\" srcset=\"https:\/\/www.calvin-thomas.com\/campus\/wp-content\/uploads\/\/sites\/5\/admission-etudes-universite-usa.jpg 393w, https:\/\/www.calvin-thomas.com\/campus\/wp-content\/uploads\/\/sites\/5\/admission-etudes-universite-usa-300x267.jpg 300w\" sizes=\"(max-width: 393px) 100vw, 393px\" \/><\/figure>\n<\/div>\n<\/div>\n\n\n\n<ol class=\"content-centrer\">\n<li><strong>Avoir entre 17 et 28 ans<\/strong> durant sa premi\u00e8re ann\u00e9e d\u2019\u00e9tudes aux USA<\/li>\n\n\n\n<li>Remplir au moins une des DEUX conditions suivantes\u00a0:<br>\n<ul>\n<li><strong>\u00eatre engag\u00e9 dans des \u00e9tudes sup\u00e9rieures<\/strong> (universit\u00e9s, classes pr\u00e9paratoires, grandes \u00e9coles, IUT, BTS, etc.),<\/li>\n\n\n\n<li><strong>\u00eatre titulaire du baccalaur\u00e9at ; <\/strong><p class=\"cadre-marron\" style=\"text-align:center\"><strong>\u00c0 PROPOS DU BACCALAUR\u00c9AT<\/strong><br>Les  \u00e9l\u00e8ves de classe de Terminale peuvent s\u2019inscrire au programme avant  m\u00eame d\u2019avoir obtenu le baccalaur\u00e9at (acte de candidature), mais l\u2019inscription proprement dite \u00e0 l\u2019universit\u00e9 (et donc le d\u00e9part sur le  campus) sera li\u00e9e \u00e0 l\u2019obtention du dipl\u00f4me par le participant.<br>La formule \u201cIntensive English\u201d est ouverte aux non bacheliers.<\/p><\/li>\n<\/ul>\n<\/li>\n\n\n\n<li><strong>Avoir \u00e9tudi\u00e9 l&rsquo;anglais : <\/strong>le fait de ne pas ma\u00eetriser l\u2019anglais n\u2019emp\u00eache pas d\u2019\u00e9tudier aux \u00c9tats-Unis.  Par contre, si le niveau d\u2019anglais du candidat est insuffisant pour  int\u00e9grer directement les \u00e9tudes classiques, Campus Access peut  imposer au candidat une formation sp\u00e9cifique en anglais. Cette formation  en ESL (\u201cEnglish as a Second Language\u201d) est d\u00e9livr\u00e9e sur place par l\u2019universit\u00e9 am\u00e9ricaine.<\/li>\n\n\n\n<li><strong>\u00catre fran\u00e7ais ou europ\u00e9en francophone<\/strong><\/li>\n\n\n\n<li><strong>\u00catre en bonne sant\u00e9<\/strong><\/li>\n\n\n\n<li><strong>Faire preuve de capacit\u00e9 d&rsquo;adaptation et d&rsquo;ouverture : <\/strong>cette  qualit\u00e9 est une garantie pour l\u2019universit\u00e9 que l\u2019\u00e9tudiant participera \u00e0  la vie universitaire et s\u2019investira dans ses \u00e9tudes et dans la vie de la communaut\u00e9 estudiantine.<p style=\"text-align:center\" class=\"cadre-marron\"><strong>\u00c0 PROPOS DE BOURSES D&rsquo;\u00c9TUDES<\/strong><br>La r\u00e9mun\u00e9ration des parents en France n&rsquo;est pas un crit\u00e8re d&rsquo;attribution  des bourses. C&rsquo;est la nationalit\u00e9 de l&rsquo;\u00e9tudiant et sa capacit\u00e9 \u00e0  apporter quelque chose en tant qu&rsquo;\u00e9tudiant \u00e9tranger qui vont \u00eatre les  \u00e9l\u00e9ments \u201cd\u00e9clencheurs\u201d de l&rsquo;obtention d&rsquo;une bourse d&rsquo;\u00e9tudes. <\/p><\/li>\n<\/ol>\n\n\n\n<div style=\"height:100px\" class=\"wp-block-spacer\"><\/div>\n\n\n\n<h4 class=\"wp-block-heading content-centrer\">CONDITIONS PARTICULI\u00c8RES RELATIVES \u00c0 LA FORMULE \u201cMASTER\u201d<\/h4>\n\n\n\n<ul class=\"content-centrer\">\n<li><strong>\u00catre titulaire d&rsquo;une licence ou d&rsquo;un BAC +4<\/strong><\/li>\n\n\n\n<li><strong>Justifier d&rsquo;une moyenne de 12\/20 <\/strong>pendant ses \u00e9tudes sup\u00e9rieures<\/li>\n<\/ul>\n\n\n\n<div style=\"height:50px\" class=\"wp-block-spacer\"><\/div>\n\n\n\n<h4 class=\"wp-block-heading content-centrer\">CONDITION PARTICULI\u00c8RE RELATIVES \u00c0 LA FORMULE \u201cINTENSIVE ENGLISH\u201d<\/h4>\n\n\n\n<p class=\"content-centrer\">Dans le cadre de cette formule, il n&rsquo;est <strong>pas n\u00e9cessaire d&rsquo;avoir le  baccalaur\u00e9at<\/strong> (et donc de remplir la condition n\u00b02 ci-dessus).<\/p>\n\n\n\n<div style=\"height:50px\" class=\"wp-block-spacer\"><\/div>\n\n\n<p><\/section>\n\n\n<section class=\"section-gris\"><\/p>\n\n\n\n<div class=\"wp-block-columns has-2-columns column-centre is-layout-flex wp-container-core-columns-is-layout-3 wp-block-columns-is-layout-flex\">\n<div class=\"wp-block-column is-layout-flow wp-block-column-is-layout-flow\">\n<figure class=\"wp-block-image\"><img loading=\"lazy\" decoding=\"async\" width=\"530\" height=\"400\" src=\"https:\/\/www.calvin-thomas.com\/campus\/wp-content\/uploads\/\/sites\/5\/cours-langue-esl.jpg\" alt=\"niveau d'anglais pour int\u00e9grer une universit\u00e9 anglophone\" class=\"wp-image-248\" srcset=\"https:\/\/www.calvin-thomas.com\/campus\/wp-content\/uploads\/\/sites\/5\/cours-langue-esl.jpg 530w, https:\/\/www.calvin-thomas.com\/campus\/wp-content\/uploads\/\/sites\/5\/cours-langue-esl-300x226.jpg 300w\" sizes=\"(max-width: 530px) 100vw, 530px\" \/><\/figure>\n<\/div>\n\n\n\n<div class=\"wp-block-column is-layout-flow wp-block-column-is-layout-flow\">\n<div style=\"height:20px\" class=\"wp-block-spacer\"><\/div>\n\n\n\n<p class=\"sub-title\"><strong>NIVEAU DE LANGUE<\/strong><\/p>\n\n\n\n<h3 class=\"wp-block-heading\" id=\"section2\">Quel niveau d&rsquo;anglais requis ?<\/h3>\n\n\n\n<p><strong>Le programme Campus Access est ouvert \u00e0 tous les \u00e9tudiants \u2013 dans la mesure o\u00f9 ils ont  \u00e9tudi\u00e9 l\u2019anglais \u2013. Il leur permet d\u2019int\u00e9grer une universit\u00e9 am\u00e9ricaine, ind\u00e9pendamment de leur niveau de langue. <\/strong><\/p>\n\n\n\n<p><strong>Cependant, le niveau d\u2019anglais de l&rsquo;\u00e9tudiant va d\u00e9terminer sa participation ou non \u00e0 une formation sp\u00e9cifique en anglais. Cette formation E.S.L. de remise \u00e0 niveau sera d\u00e9livr\u00e9e, sur place, par l\u2019universit\u00e9 am\u00e9ricaine.<\/strong><\/p>\n\n\n\n<div style=\"height:50px\" class=\"wp-block-spacer\"><\/div>\n<\/div>\n<\/div>\n\n\n\n<div class=\"wp-block-columns has-2-columns column-centre centrer-hauteur is-layout-flex wp-container-core-columns-is-layout-4 wp-block-columns-is-layout-flex\">\n<div class=\"wp-block-column is-layout-flow wp-block-column-is-layout-flow\">\n<div style=\"height:50px\" class=\"wp-block-spacer\"><\/div>\n\n\n\n<figure class=\"wp-block-image\"><img loading=\"lazy\" decoding=\"async\" width=\"530\" height=\"370\" src=\"https:\/\/www.calvin-thomas.com\/campus\/wp-content\/uploads\/\/sites\/5\/mise-niveau-langue.jpg\" alt=\"cours de mise \u00e0 niveau en anglais ESL\" class=\"wp-image-252\" srcset=\"https:\/\/www.calvin-thomas.com\/campus\/wp-content\/uploads\/\/sites\/5\/mise-niveau-langue.jpg 530w, https:\/\/www.calvin-thomas.com\/campus\/wp-content\/uploads\/\/sites\/5\/mise-niveau-langue-300x209.jpg 300w\" sizes=\"(max-width: 530px) 100vw, 530px\" \/><\/figure>\n<\/div>\n\n\n\n<div class=\"wp-block-column is-layout-flow wp-block-column-is-layout-flow\">\n<h4 class=\"wp-block-heading\">LES COURS DE MISE \u00c0 NIVEAU \u201cESL\u201d<\/h4>\n\n\n\n<p>Beaucoup d\u2019\u00e9tablissements proposent aux \u00e9trangers qui n\u2019auraient p<strong>as le niveau d\u2019anglais suffisant<\/strong>, de suivre une <strong>formation sp\u00e9cifique en anglais.<\/strong> <\/p>\n\n\n\n<p>Les <strong>cours d\u2019ESL (English as Second Language)<\/strong> permettent aux \u00e9tudiants d\u2019<strong>acqu\u00e9rir le niveau de langue suffisant<\/strong> pour \u00eatre autonome.<\/p>\n\n\n\n<p>Ces cours peuvent s\u2019\u00e9tendre sur <strong>un semestre<\/strong> ou <strong>une ann\u00e9e compl\u00e8te<\/strong>.\n Il est \u00e9vident qu\u2019un candidat avec un niveau d\u2019anglais faible devra \nfournir un travail suppl\u00e9mentaire pour s\u2019adapter. Mais, au terme du \nprogramme ESL, chacun d\u2019entre eux <strong>ma\u00eetrisera parfaitement l\u2019anglais<\/strong> et sera capable de <strong>poursuivre ses \u00e9tudes en fili\u00e8re classique.<\/strong><\/p>\n<\/div>\n<\/div>\n\n\n\n<div style=\"height:50px\" class=\"wp-block-spacer\"><\/div>\n\n\n\n<div class=\"wp-block-columns has-2-columns column-centre centrer-hauteur is-layout-flex wp-container-core-columns-is-layout-5 wp-block-columns-is-layout-flex\">\n<div class=\"wp-block-column is-layout-flow wp-block-column-is-layout-flow\">\n<h4 class=\"wp-block-heading\">LES TESTS D&rsquo;ANGLAIS<\/h4>\n\n\n\n<p>Pour les \u00e9tudiants qui souhaitent \u00eatre <strong>dispens\u00e9s d\u2019une formation ESL<\/strong>, ils peuvent donc int\u00e9grer directement une fili\u00e8re acad\u00e9mique classique.<\/p>\n\n\n\n<p>Il est alors <strong>indispensable de passer les \u00e9preuves du TOEFL iBT<\/strong> ou de r\u00e9ussir le test Duolingo.<\/p>\n\n\n\n<p><strong>Si le score s\u2019av\u00e8re trop faible,<\/strong> il sera toujours temps de <strong>commencer par un semestre ESL<\/strong> de remise \u00e0 niveau en anglais et de choisir son universit\u00e9 en cons\u00e9quence. <\/p>\n\n\n\n<p><strong>\u00c0 NOTER :<\/strong><br>Chaque candidat est responsable de son inscription aupr\u00e8s d\u2019un centre d\u2019examen agr\u00e9\u00e9 dans sa r\u00e9gion. <br>Nous recommandons \u00e0 chacun de passer les \u00e9preuves le plus t\u00f4t possible pour ne pas retarder l\u2019inscription universitaire.<\/p>\n\n\n\n<div style=\"height:50px\" class=\"wp-block-spacer\"><\/div>\n<\/div>\n\n\n\n<div class=\"wp-block-column is-layout-flow wp-block-column-is-layout-flow\">\n<figure class=\"wp-block-image\"><img loading=\"lazy\" decoding=\"async\" width=\"530\" height=\"530\" src=\"https:\/\/www.calvin-thomas.com\/campus\/wp-content\/uploads\/\/sites\/5\/entree-universite.jpg\" alt=\"niveau d'anglais et entrer \u00e0 l'universit\u00e9\" class=\"wp-image-256\" srcset=\"https:\/\/www.calvin-thomas.com\/campus\/wp-content\/uploads\/\/sites\/5\/entree-universite.jpg 530w, https:\/\/www.calvin-thomas.com\/campus\/wp-content\/uploads\/\/sites\/5\/entree-universite-150x150.jpg 150w, https:\/\/www.calvin-thomas.com\/campus\/wp-content\/uploads\/\/sites\/5\/entree-universite-300x300.jpg 300w\" sizes=\"(max-width: 530px) 100vw, 530px\" \/><\/figure>\n<\/div>\n<\/div>\n\n\n\n<h4 class=\"wp-block-heading has-text-align-center cadre-marron content-centrer\">\u00c0 SAVOIR <\/h4>\n\n\n\n<p class=\"has-text-align-center cadre-marron content-centrer\"><strong>Le SAT (Scholastic Aptitude Test)<\/strong> est un test d&rsquo;\u00e9valuation qui permet aux \u00e9tudiants am\u00e9ricains d&rsquo;int\u00e9grer une universit\u00e9. Ce test permet d&rsquo;\u00e9valuer les \u00e9tudiants dans les domaines suivants : \u201cCritical Reading\u201d, \u201cMathematics\u201d, \u201cWriting\u201d.<br>Si le SAT est quasi obligatoire pour les \u00e9tudiants am\u00e9ricains, il est <strong>facultatif pour les \u00e9tudiants de Campus Access. <\/strong><\/p>\n\n\n\n<p class=\"has-text-align-center cadre-marron content-centrer\">Mais, les \u00e9tudiants fran\u00e7ais ayant d\u00e9j\u00e0 un bon niveau d&rsquo;anglais peuvent cependant le passer s&rsquo;ils le souhaitent. Il est dans leur int\u00e9r\u00eat de le faire car certaines universit\u00e9s peuvent, dans certains cas, <strong>accorder une bourse suppl\u00e9mentaire en fonction des r\u00e9sultats au SAT.  <\/strong><\/p>\n\n\n\n<div style=\"height:50px\" class=\"wp-block-spacer\"><\/div>\n\n\n<p><\/section>\n\n\n\n<div style=\"height:50px\" class=\"wp-block-spacer\"><\/div>\n","protected":false},"excerpt":{"rendered":"<p>Le profil du participant <\/p>\n<p>Notre programme vous int\u00e9resse mais vous ne savez pas encore s\u2019il est fait pour vous&nbsp;? Quel que soit votre niveau d\u2019\u00e9tudes ou d\u2019anglais, l\u2019une des formules propos\u00e9es est faite pour vous. Votre motivation et votre exp\u00e9rience sont vos atouts principaux. Nous vous guiderons tout au long des d\u00e9marches, jusqu\u2019\u00e0 votre d\u00e9part. <\/p>\n<ul class=\"liste-menu\">\n<li><a href=\"#section1\">Quelles conditions d&rsquo;admission pour int\u00e9grer le programme ?<\/a><\/li>\n<li><a href=\"#section2\">Quel niveau d&rsquo;anglais requis ?<\/a><\/li>\n<\/ul>\n<p> <a class=\"btn couleur large\" href=\"https:\/\/www.calvin-thomas.com\/campus\/informations-pratiques\/conditions-admission\/\">EN SAVOIR PLUS <\/a><\/p>\n","protected":false},"author":1,"featured_media":269,"parent":11,"menu_order":0,"comment_status":"closed","ping_status":"closed","template":"","meta":{"_uag_custom_page_level_css":""},"uagb_featured_image_src":{"full":["https:\/\/www.calvin-thomas.com\/campus\/wp-content\/uploads\/\/sites\/5\/entete-admission.jpg",1200,1200,false],"thumbnail":["https:\/\/www.calvin-thomas.com\/campus\/wp-content\/uploads\/\/sites\/5\/entete-admission-150x150.jpg",150,150,true],"medium":["https:\/\/www.calvin-thomas.com\/campus\/wp-content\/uploads\/\/sites\/5\/entete-admission-300x300.jpg",300,300,true],"medium_large":["https:\/\/www.calvin-thomas.com\/campus\/wp-content\/uploads\/\/sites\/5\/entete-admission-768x768.jpg",640,640,true],"large":["https:\/\/www.calvin-thomas.com\/campus\/wp-content\/uploads\/\/sites\/5\/entete-admission-1024x1024.jpg",640,640,true],"1536x1536":["https:\/\/www.calvin-thomas.com\/campus\/wp-content\/uploads\/\/sites\/5\/entete-admission.jpg",1200,1200,false],"2048x2048":["https:\/\/www.calvin-thomas.com\/campus\/wp-content\/uploads\/\/sites\/5\/entete-admission.jpg",1200,1200,false]},"uagb_author_info":{"display_name":"redac-calvinthomas","author_link":"https:\/\/www.calvin-thomas.com\/campus\/author\/redac-calvinthomas\/"},"uagb_comment_info":0,"uagb_excerpt":"Le profil du participant Notre programme vous int\u00e9resse mais vous ne savez pas encore s\u2019il est fait pour vous&nbsp;? Quel que soit votre niveau d\u2019\u00e9tudes ou d\u2019anglais, l\u2019une des formules propos\u00e9es est faite pour vous. Votre motivation et votre exp\u00e9rience sont vos atouts principaux. Nous vous guiderons tout au long des d\u00e9marches, jusqu\u2019\u00e0 votre d\u00e9part.\u2026","_links":{"self":[{"href":"https:\/\/www.calvin-thomas.com\/campus\/wp-json\/wp\/v2\/pages\/103"}],"collection":[{"href":"https:\/\/www.calvin-thomas.com\/campus\/wp-json\/wp\/v2\/pages"}],"about":[{"href":"https:\/\/www.calvin-thomas.com\/campus\/wp-json\/wp\/v2\/types\/page"}],"author":[{"embeddable":true,"href":"https:\/\/www.calvin-thomas.com\/campus\/wp-json\/wp\/v2\/users\/1"}],"replies":[{"embeddable":true,"href":"https:\/\/www.calvin-thomas.com\/campus\/wp-json\/wp\/v2\/comments?post=103"}],"version-history":[{"count":0,"href":"https:\/\/www.calvin-thomas.com\/campus\/wp-json\/wp\/v2\/pages\/103\/revisions"}],"up":[{"embeddable":true,"href":"https:\/\/www.calvin-thomas.com\/campus\/wp-json\/wp\/v2\/pages\/11"}],"wp:featuredmedia":[{"embeddable":true,"href":"https:\/\/www.calvin-thomas.com\/campus\/wp-json\/wp\/v2\/media\/269"}],"wp:attachment":[{"href":"https:\/\/www.calvin-thomas.com\/campus\/wp-json\/wp\/v2\/media?parent=103"}],"curies":[{"name":"wp","href":"https:\/\/api.w.org\/{rel}","templated":true}]}}