{"id":542,"date":"2019-02-14T19:33:25","date_gmt":"2019-02-14T18:33:25","guid":{"rendered":"https:\/\/www.calvin-thomas.com\/campus\/?page_id=542"},"modified":"2019-04-26T15:26:46","modified_gmt":"2019-04-26T13:26:46","slug":"bourses-etudes-usa","status":"publish","type":"page","link":"https:\/\/www.calvin-thomas.com\/campus\/bourses-etudes-usa\/bourses-etudes-usa\/","title":{"rendered":"Obtenir une bourse d&rsquo;\u00e9tudes aux USA"},"content":{"rendered":"\n<div style=\"height:50px\" aria-hidden=\"true\" class=\"wp-block-spacer\"><\/div>\n\n\n\n<div class=\"wp-block-columns has-2-columns column-centre is-layout-flex wp-container-core-columns-is-layout-1 wp-block-columns-is-layout-flex\">\n<div class=\"wp-block-column is-layout-flow wp-block-column-is-layout-flow\">\n<h2 class=\"wp-block-heading\">Quid des bourses d\u2019\u00e9tudes ?<\/h2>\n\n\n\n<p>Par l\u2019interm\u00e9diaire de Calvin-Thomas, les \u00e9tudiants participant au programme Campus Access ont la garantie d\u2019obtenir une bourse d\u2019\u00e9tudes USA. Cette bourse couvre g\u00e9n\u00e9ralement entre 40% et 60% du co\u00fbt des \u00e9tudes, du logement et de la demi-pension, et ce sur toute la dur\u00e9e de leur cursus (jusqu\u2019\u00e0 4 ans).  <\/p>\n<\/div>\n\n\n\n<div class=\"wp-block-column is-layout-flow wp-block-column-is-layout-flow\">\n<ul class=\"liste-menu\"><li><a href=\"#section1\">Un r\u00e9seau d\u2019universit\u00e9s d\u00e9velopp\u00e9<\/a><\/li><li><a href=\"#section2\">Pourquoi passer par Campus Access ?<\/a><\/li><li><a href=\"#section3\">Un syst\u00e8me unique au monde<\/a><\/li><\/ul>\n<\/div>\n<\/div>\n\n\n\n<div style=\"height:50px\" aria-hidden=\"true\" class=\"wp-block-spacer\"><\/div>\n\n\n<section class=\"section-beige\"><\/p>\n\n\n\n<div class=\"wp-block-columns has-2-columns column-centre centrer-hauteur is-layout-flex wp-container-core-columns-is-layout-2 wp-block-columns-is-layout-flex\">\n<div class=\"wp-block-column is-layout-flow wp-block-column-is-layout-flow\">\n<p class=\"sub-title\"><strong>LA BOURSE D&rsquo;\u00c9TUDE CAMPUS ACCESS<\/strong><\/p>\n\n\n\n<h3 class=\"wp-block-heading\" id=\"section1\">Un r\u00e9seau d\u2019universit\u00e9s d\u00e9velopp\u00e9<\/h3>\n\n\n\n<p><strong>Calvin-Thomas garantie l\u2019obtention d&rsquo;une bourse d\u2019\u00e9tudes USA cons\u00e9quente \u00e0 tous les participants au programme Campus Access. Notre collaboration \u00e9troite avec les \u00e9tablissements universitaires am\u00e9ricains explique la confiance de ces derniers envers notre organisme et nos partenaires, et  justifiant l\u2019attribution de bourses importante.<\/strong><\/p>\n\n\n\n<div style=\"height:30px\" aria-hidden=\"true\" class=\"wp-block-spacer\"><\/div>\n\n\n\n<h4 class=\"wp-block-heading\">Une bourse d\u2019\u00e9tudes universelle<\/h4>\n\n\n\n<p>Tout d&rsquo;abord, il est \u00e0 noter que les bourses d\u2019\u00e9tudes sont <strong>ouvertes \u00e0 tous les \u00e9tudiants<\/strong> quels que soient les revenus de l\u2019\u00e9tudiant ou de ses parents en France. <\/p>\n\n\n\n<p>Les bourses obtenus avec l&rsquo;aide de Campus Access <strong>couvrent une partie non n\u00e9gligeable des frais universitaires<\/strong>, ce qui permet \u00e0 un \u00e9tudiant \u00e9tranger d\u2019<strong>envisager r\u00e9ellement ses \u00e9tudes aux \u00c9tats-Unis.<\/strong> Ce montant est d\u00e9fini en fonction de l\u2019\u00e9tablissement universitaire, de la formule choisie et du dossier du participant.<\/p>\n<\/div>\n\n\n\n<div class=\"wp-block-column is-layout-flow wp-block-column-is-layout-flow\">\n<figure class=\"wp-block-image\"><img loading=\"lazy\" decoding=\"async\" width=\"530\" height=\"700\" src=\"https:\/\/www.calvin-thomas.com\/campus\/wp-content\/uploads\/\/sites\/5\/bourse-campus-access.jpg\" alt=\"une bourse d\u2019\u00e9tudes USA cons\u00e9quente\" class=\"wp-image-724\" srcset=\"https:\/\/www.calvin-thomas.com\/campus\/wp-content\/uploads\/\/sites\/5\/bourse-campus-access.jpg 530w, https:\/\/www.calvin-thomas.com\/campus\/wp-content\/uploads\/\/sites\/5\/bourse-campus-access-227x300.jpg 227w\" sizes=\"(max-width: 530px) 100vw, 530px\" \/><\/figure>\n<\/div>\n<\/div>\n\n\n\n<div class=\"wp-block-columns has-2-columns column-centre centrer-hauteur is-layout-flex wp-container-core-columns-is-layout-3 wp-block-columns-is-layout-flex\">\n<div class=\"wp-block-column is-layout-flow wp-block-column-is-layout-flow\">\n<figure class=\"wp-block-image\"><img loading=\"lazy\" decoding=\"async\" width=\"530\" height=\"570\" src=\"https:\/\/www.calvin-thomas.com\/campus\/wp-content\/uploads\/\/sites\/5\/dossier-bourse-usa.jpg\" alt=\"monter un dossier de bourse pour les \u00c9tats-Unis\" class=\"wp-image-730\" srcset=\"https:\/\/www.calvin-thomas.com\/campus\/wp-content\/uploads\/\/sites\/5\/dossier-bourse-usa.jpg 530w, https:\/\/www.calvin-thomas.com\/campus\/wp-content\/uploads\/\/sites\/5\/dossier-bourse-usa-279x300.jpg 279w\" sizes=\"(max-width: 530px) 100vw, 530px\" \/><\/figure>\n<\/div>\n\n\n\n<div class=\"wp-block-column is-layout-flow wp-block-column-is-layout-flow\">\n<h4 class=\"wp-block-heading\">Calvin-Thomas&nbsp;: un r\u00f4le de guide<\/h4>\n\n\n\n<p>Calvin-Thomas r\u00e9alise pour le candidat, les <strong>d\u00e9marches de demandes de bourses dans diff\u00e9rents \u00e9tablissements universitaires am\u00e9ricains.<\/strong> Le participant ne remplit qu\u2019<strong>un seul dossier d\u2019inscription<\/strong>.<\/p>\n\n\n\n<p>Ainsi, c&rsquo;est Calvin-Thomas qui <strong>n\u00e9gocie directement aupr\u00e8s des universit\u00e9s<\/strong> pour chacun de ses participants afin qu\u2019il obtienne le <strong>montant de bourse le plus \u00e9lev\u00e9<\/strong>. Il lui garantit d\u00e8s l\u2019inscription un montant minimum de bourse.<\/p>\n\n\n\n<p><strong>Un large choix d\u2019universit\u00e9s<\/strong> est ensuite propos\u00e9 \u00e0 l&rsquo;\u00e9tudiant. Un montant de bourse d&rsquo;\u00e9tudes USA est fix\u00e9 pour chaque proposition. Mais, en d\u00e9finitive, c\u2019est le participant au programme Campus Access qui,  au final, et apr\u00e8s \u00e9tude des diff\u00e9rentes propositions (domaine  d\u2019\u00e9tudes, prix global, localisation), <strong>choisit sa destination, son \u00e9tablissement universitaire et donc le montant de la bourse<\/strong> dont il pourra b\u00e9n\u00e9ficier. <\/p>\n\n\n\n<p><strong>Le co\u00fbt de l\u2019ann\u00e9e d\u2019\u00e9tudes aux \u00c9tats-Unis peut alors \u00eatre d\u00e9fini avec pr\u00e9cision <\/strong>et ce, avant le d\u00e9part du participant.<\/p>\n\n\n\n<div style=\"height:30px\" aria-hidden=\"true\" class=\"wp-block-spacer\"><\/div>\n<\/div>\n<\/div>\n\n\n<p><\/section>\n\n\n<section class=\"section-gris\"><\/p>\n\n\n\n<div class=\"wp-block-columns has-2-columns column-centre centrer-hauteur is-layout-flex wp-container-core-columns-is-layout-4 wp-block-columns-is-layout-flex\">\n<div class=\"wp-block-column is-layout-flow wp-block-column-is-layout-flow\">\n<figure class=\"wp-block-image\"><img loading=\"lazy\" decoding=\"async\" width=\"530\" height=\"880\" src=\"https:\/\/www.calvin-thomas.com\/campus\/wp-content\/uploads\/\/sites\/5\/bourse-etats-unis.jpg\" alt=\"bourse d'\u00e9tude aux \u00c9tats-Unis\" class=\"wp-image-735\" srcset=\"https:\/\/www.calvin-thomas.com\/campus\/wp-content\/uploads\/\/sites\/5\/bourse-etats-unis.jpg 530w, https:\/\/www.calvin-thomas.com\/campus\/wp-content\/uploads\/\/sites\/5\/bourse-etats-unis-181x300.jpg 181w\" sizes=\"(max-width: 530px) 100vw, 530px\" \/><\/figure>\n<\/div>\n\n\n\n<div class=\"wp-block-column is-layout-flow wp-block-column-is-layout-flow\">\n<p class=\"sub-title\"><strong>NOTRE SAVOIR-FAIRE<\/strong><\/p>\n\n\n\n<h3 class=\"wp-block-heading\" id=\"section2\">Pourquoi passer par Campus Access pour obtenir une bourse d&rsquo;\u00e9tude aux \u00c9tats-Unis ?<\/h3>\n\n\n\n<p><strong>La longue et \u00e9troite collaboration entre&nbsp;Campus Access&nbsp;et  les \u00e9tablissements universitaires am\u00e9ricains explique la confiance de  ces derniers (connaissance administrative, suivi des dossiers,  pertinence dans la s\u00e9lection des candidats et le choix des universit\u00e9s, etc.) et justifie l\u2019attribution de bourses d\u2019\u00e9tudes cons\u00e9quentes.<\/strong><\/p>\n\n\n\n<div style=\"height:30px\" aria-hidden=\"true\" class=\"wp-block-spacer\"><\/div>\n\n\n\n<p>En r\u00e9sum\u00e9, passer par Calvin-Thomas pour obtenir une bourse universitaire am\u00e9ricaine est une bonne option :<\/p>\n\n\n\n<ul><li><strong>Parce que la bourse d&rsquo;\u00e9tudes USA garantie par Campus Access&nbsp;est cons\u00e9quente. <\/strong><\/li><li><strong>Parce qu\u2019on a la garantie d&rsquo;obtenir une inscription universitaire coupl\u00e9e \u00e0 une bourse<\/strong>, \u00e0 partir du moment o\u00f9 l\u2019on est s\u00e9lectionn\u00e9 par Campus Access. Ce n\u2019est absolument pas le cas quand on pr\u00e9sente son dossier en candidat libre. <\/li><li><strong>Parce qu&rsquo;on ne remplit qu&rsquo;un seul dossier d&rsquo;inscription.<\/strong> Campus Access g\u00e8re votre demande sur tout le territoire am\u00e9ricain, vous propose un choix large d&rsquo;universit\u00e9s (jusqu&rsquo;\u00e0 9 \u00e9tablissements). <\/li><li><strong>Parce que Campus Access est pr\u00e9sent aux \u00c9tats-Unis tout au long de l\u2019ann\u00e9e,<\/strong> pour n\u00e9gocier les bourses et soutenir les dossiers de ses \u00e9tudiants.<\/li><li><strong>Parce que le savoir-faire Campus Access&nbsp;et la fiabilit\u00e9 de ses r\u00e9seaux rendent le projet viable <\/strong>(inscription, visa, administration, pr\u00e9paration, suivi, etc.). <\/li><\/ul>\n<\/div>\n<\/div>\n\n\n<p><\/section>\n\n\n<section class=\"section-beige\"><\/p>\n\n\n\n<div class=\"wp-block-columns has-2-columns column-centre centrer-hauteur is-layout-flex wp-container-core-columns-is-layout-5 wp-block-columns-is-layout-flex\">\n<div class=\"wp-block-column is-layout-flow wp-block-column-is-layout-flow\">\n<p class=\"sub-title\"><strong>COMPRENDRE LE SYST\u00c8ME DE BOURSE AM\u00c9RICAIN<\/strong><\/p>\n\n\n\n<h3 class=\"wp-block-heading\" id=\"section3\">Un syst\u00e8me unique au monde<\/h3>\n\n\n\n<p><strong>Le co\u00fbt r\u00e9el des \u00e9tudes aux USA est indiqu\u00e9, quitte \u00e0 ce qu\u2019une grande partie soit d\u00e9duite sous forme de bourses.&nbsp;Il est en effet courant qu\u2019un \u00e9tudiant am\u00e9ricain d\u00e9croche une bourse d\u2019\u00e9tudes. <br>Cette transparence n\u2019a pas que des inconv\u00e9nients. Elle est le reflet de la r\u00e9alit\u00e9 \u00e9conomique, de la gestion ind\u00e9pendante des universit\u00e9s, de la valeur r\u00e9elle des \u00e9tudes. <\/strong><\/p>\n\n\n\n<div style=\"height:30px\" aria-hidden=\"true\" class=\"wp-block-spacer\"><\/div>\n\n\n\n<h4 class=\"wp-block-heading\">Une part de prestige et d\u2019ouverture d\u2019esprit<\/h4>\n\n\n\n<p>Au-del\u00e0 de la <strong>tradition d\u2019accueil<\/strong> propre au pays et au <strong>syst\u00e8me \u00e9ducatif am\u00e9ricain<\/strong> (culture de l\u2019\u00e9change, souci de rep\u00e9rer et de \u201ccapter les cerveaux\u201d, etc.), il faut savoir que <strong>toutes les universit\u00e9s am\u00e9ricaines se doivent d\u2019inscrire un certain nombre d\u2019\u00e9tudiants \u00e9trangers<\/strong>, si elles veulent obtenir certaines accr\u00e9ditations. <\/p>\n\n\n\n<p>Un <strong>\u00e9tudiant \u00e9tranger <\/strong>int\u00e9resse \u00e9galement une universit\u00e9 am\u00e9ricaine parce qu\u2019il <strong>apporte quelque chose de nouveau \u00e0 cette universit\u00e9<\/strong> : investissement, ouverture d\u2019esprit, implication dans les  \u00e9tudes, comp\u00e9tences scolaires et\/ou sportives, etc.<\/p>\n<\/div>\n\n\n\n<div class=\"wp-block-column is-layout-flow wp-block-column-is-layout-flow\">\n<figure class=\"wp-block-image\"><img loading=\"lazy\" decoding=\"async\" width=\"530\" height=\"740\" src=\"https:\/\/www.calvin-thomas.com\/campus\/wp-content\/uploads\/\/sites\/5\/bourses-usa.jpg\" alt=\"bourses universitaires pour les USA\" class=\"wp-image-738\" srcset=\"https:\/\/www.calvin-thomas.com\/campus\/wp-content\/uploads\/\/sites\/5\/bourses-usa.jpg 530w, https:\/\/www.calvin-thomas.com\/campus\/wp-content\/uploads\/\/sites\/5\/bourses-usa-215x300.jpg 215w\" sizes=\"(max-width: 530px) 100vw, 530px\" \/><\/figure>\n<\/div>\n<\/div>\n\n\n\n<div class=\"wp-block-columns has-2-columns column-centre centrer-hauteur is-layout-flex wp-container-core-columns-is-layout-6 wp-block-columns-is-layout-flex\">\n<div class=\"wp-block-column is-layout-flow wp-block-column-is-layout-flow\">\n<figure class=\"wp-block-image\"><img loading=\"lazy\" decoding=\"async\" width=\"530\" height=\"450\" src=\"https:\/\/www.calvin-thomas.com\/campus\/wp-content\/uploads\/\/sites\/5\/bourse-usa2.jpg\" alt=\"bourses am\u00e9ricaines d\u00e9di\u00e9s aux \u00e9tudiants \u00e9trangers\" class=\"wp-image-741\" srcset=\"https:\/\/www.calvin-thomas.com\/campus\/wp-content\/uploads\/\/sites\/5\/bourse-usa2.jpg 530w, https:\/\/www.calvin-thomas.com\/campus\/wp-content\/uploads\/\/sites\/5\/bourse-usa2-300x255.jpg 300w\" sizes=\"(max-width: 530px) 100vw, 530px\" \/><\/figure>\n<\/div>\n\n\n\n<div class=\"wp-block-column is-layout-flow wp-block-column-is-layout-flow\">\n<h4 class=\"wp-block-heading\">Des fonds d\u00e9di\u00e9s aux internationaux<\/h4>\n\n\n\n<p>Les <strong>\u00e9tudiants \u00e9trangers<\/strong> qui en font la demande via des organismes comp\u00e9tents, tel que Calvin-Thomas, peuvent ainsi <strong>obtenir des aides financi\u00e8res pour faire leurs \u00e9tudes dans ces universit\u00e9s am\u00e9ricaines. <\/strong>On notera que les fonds de <strong>bourses d\u00e9di\u00e9s aux \u00e9tudiants \u00e9trangers<\/strong> sont totalement ind\u00e9pendants de ceux destin\u00e9s aux \u00e9tudiants autochtones. <\/p>\n\n\n\n<p>Pour des raisons \u00e9conomiques et culturelles, il se trouve que la  demande \u00e9tudiante en provenance des pays d\u2019Asie et du Moyen-Orient est tr\u00e8s importante. Pour \u00e9quilibrer cette demande, <strong>les universit\u00e9s am\u00e9ricaines cherchent \u00e0 inciter plus particuli\u00e8rement les \u00e9tudiants  europ\u00e9ens \u00e0 s\u2019inscrire<\/strong> dans leurs \u00e9tablissements. Et c\u2019est pour cette  raison notamment qu\u2019elles leur<strong> facilitent l\u2019accession aux bourses.<\/strong> <\/p>\n\n\n\n<p>Les \u00e9tudiants fran\u00e7ais peuvent b\u00e9n\u00e9ficier de cet \u00e9tat de fait.<\/p>\n<\/div>\n<\/div>\n\n\n<p><\/section>\n\n\n\n<div style=\"height:30px\" aria-hidden=\"true\" class=\"wp-block-spacer\"><\/div>\n","protected":false},"excerpt":{"rendered":"<p>Quid des bourses d\u2019\u00e9tudes ?<\/p>\n<p>Par l\u2019interm\u00e9diaire de Calvin-Thomas, les \u00e9tudiants participant au programme Campus Access ont la garantie d\u2019obtenir une bourse d\u2019\u00e9tudes USA. Cette bourse couvre g\u00e9n\u00e9ralement entre 40% et 60% du co\u00fbt des \u00e9tudes, du logement et de la demi-pension, et ce sur toute la dur\u00e9e de leur cursus (jusqu\u2019\u00e0 4 ans).  <\/p>\n<ul class=\"liste-menu\">\n<li><a href=\"#section1\">Un r\u00e9seau d\u2019universit\u00e9s d\u00e9velopp\u00e9<\/a><\/li>\n<li><a href=\"#section2\">Pourquoi passer par Campus Access ?<\/a><\/li>\n<li><a href=\"#section3\">Un syst\u00e8me unique au monde<\/a><\/li>\n<\/ul>\n<p> <a class=\"btn couleur large\" href=\"https:\/\/www.calvin-thomas.com\/campus\/bourses-etudes-usa\/bourses-etudes-usa\/\">EN SAVOIR PLUS <\/a><\/p>\n","protected":false},"author":1,"featured_media":601,"parent":9,"menu_order":0,"comment_status":"closed","ping_status":"closed","template":"","meta":{"_uag_custom_page_level_css":""},"uagb_featured_image_src":{"full":["https:\/\/www.calvin-thomas.com\/campus\/wp-content\/uploads\/\/sites\/5\/entete-bourseo.jpg",1200,1200,false],"thumbnail":["https:\/\/www.calvin-thomas.com\/campus\/wp-content\/uploads\/\/sites\/5\/entete-bourseo-150x150.jpg",150,150,true],"medium":["https:\/\/www.calvin-thomas.com\/campus\/wp-content\/uploads\/\/sites\/5\/entete-bourseo-300x300.jpg",300,300,true],"medium_large":["https:\/\/www.calvin-thomas.com\/campus\/wp-content\/uploads\/\/sites\/5\/entete-bourseo-768x768.jpg",640,640,true],"large":["https:\/\/www.calvin-thomas.com\/campus\/wp-content\/uploads\/\/sites\/5\/entete-bourseo-1024x1024.jpg",640,640,true],"1536x1536":["https:\/\/www.calvin-thomas.com\/campus\/wp-content\/uploads\/\/sites\/5\/entete-bourseo.jpg",1200,1200,false],"2048x2048":["https:\/\/www.calvin-thomas.com\/campus\/wp-content\/uploads\/\/sites\/5\/entete-bourseo.jpg",1200,1200,false]},"uagb_author_info":{"display_name":"redac-calvinthomas","author_link":"https:\/\/www.calvin-thomas.com\/campus\/author\/redac-calvinthomas\/"},"uagb_comment_info":0,"uagb_excerpt":"Quid des bourses d\u2019\u00e9tudes ? Par l\u2019interm\u00e9diaire de Calvin-Thomas, les \u00e9tudiants participant au programme Campus Access ont la garantie d\u2019obtenir une bourse d\u2019\u00e9tudes USA. Cette bourse couvre g\u00e9n\u00e9ralement entre 40% et 60% du co\u00fbt des \u00e9tudes, du logement et de la demi-pension, et ce sur toute la dur\u00e9e de leur cursus (jusqu\u2019\u00e0 4 ans). Un\u2026","_links":{"self":[{"href":"https:\/\/www.calvin-thomas.com\/campus\/wp-json\/wp\/v2\/pages\/542"}],"collection":[{"href":"https:\/\/www.calvin-thomas.com\/campus\/wp-json\/wp\/v2\/pages"}],"about":[{"href":"https:\/\/www.calvin-thomas.com\/campus\/wp-json\/wp\/v2\/types\/page"}],"author":[{"embeddable":true,"href":"https:\/\/www.calvin-thomas.com\/campus\/wp-json\/wp\/v2\/users\/1"}],"replies":[{"embeddable":true,"href":"https:\/\/www.calvin-thomas.com\/campus\/wp-json\/wp\/v2\/comments?post=542"}],"version-history":[{"count":0,"href":"https:\/\/www.calvin-thomas.com\/campus\/wp-json\/wp\/v2\/pages\/542\/revisions"}],"up":[{"embeddable":true,"href":"https:\/\/www.calvin-thomas.com\/campus\/wp-json\/wp\/v2\/pages\/9"}],"wp:featuredmedia":[{"embeddable":true,"href":"https:\/\/www.calvin-thomas.com\/campus\/wp-json\/wp\/v2\/media\/601"}],"wp:attachment":[{"href":"https:\/\/www.calvin-thomas.com\/campus\/wp-json\/wp\/v2\/media?parent=542"}],"curies":[{"name":"wp","href":"https:\/\/api.w.org\/{rel}","templated":true}]}}