{"id":593,"date":"2019-02-19T18:03:56","date_gmt":"2019-02-19T17:03:56","guid":{"rendered":"https:\/\/www.calvin-thomas.com\/campus\/?page_id=593"},"modified":"2019-04-26T15:26:34","modified_gmt":"2019-04-26T13:26:34","slug":"bourse-usa-master-mba","status":"publish","type":"page","link":"https:\/\/www.calvin-thomas.com\/campus\/bourses-etudes-usa\/bourse-usa-master-mba\/","title":{"rendered":"La bourse d&rsquo;\u00e9tude \u201cMaster\u201d"},"content":{"rendered":"\n<div style=\"height:50px\" aria-hidden=\"true\" class=\"wp-block-spacer\"><\/div>\n\n\n\n<div class=\"wp-block-columns has-2-columns column-centre is-layout-flex wp-container-core-columns-is-layout-1 wp-block-columns-is-layout-flex\">\n<div class=\"wp-block-column is-layout-flow wp-block-column-is-layout-flow\">\n<h2 class=\"wp-block-heading\">Une voie de sp\u00e9cialisation <\/h2>\n\n\n\n<p>La formule Master s\u2019adresse aux \u00e9tudiants de niveau Licence ou Bac +4 qui d\u00e9sirent compl\u00e9ter leur cursus classique par une formation dans une universit\u00e9 am\u00e9ricaine. Elle offre un compl\u00e9ment id\u00e9al \u00e0 la formation fran\u00e7aise et valorise un parcours universitaire. <\/p>\n<\/div>\n\n\n\n<div class=\"wp-block-column is-layout-flow wp-block-column-is-layout-flow\">\n<ul class=\"liste-menu\"><li><a href=\"#section1\">Les conditions de la bourse USA \u201cMaster\u201d<\/a><\/li><li><a href=\"#section2\">Le montant des bourses \u201cMaster\u201d<\/a><\/li><\/ul>\n<\/div>\n<\/div>\n\n\n\n<div style=\"height:50px\" aria-hidden=\"true\" class=\"wp-block-spacer\"><\/div>\n\n\n<section class=\"section-beige\"><\/p>\n\n\n\n<div class=\"wp-block-columns has-2-columns column-centre centrer-hauteur is-layout-flex wp-container-core-columns-is-layout-2 wp-block-columns-is-layout-flex\">\n<div class=\"wp-block-column is-layout-flow wp-block-column-is-layout-flow\">\n<p class=\"sub-title\"><strong>\u00c9LIGIBILIT\u00c9<\/strong><\/p>\n\n\n\n<h3 class=\"wp-block-heading\" id=\"section1\">Les conditions de la bourse USA \u201cMaster\u201d <\/h3>\n\n\n\n<p><strong>Avec la bourse USA \u201cMaster\u201d, Campus Access&nbsp;garantit au moins une proposition d\u2019universit\u00e9 et de bourse associ\u00e9e sans pr\u00e9sentation du test GMAT. <\/strong>Cependant, il se peut que l&rsquo;universit\u00e9 le fasse passer une fois que l&rsquo;\u00e9tudiant arrive sur place.<\/p>\n\n\n\n<p><strong>Si l\u2019\u00e9tudiant postule \u00e0 un Master en communication, Campus Access ne sera pas en mesure de garantir plus d\u2019une proposition d\u2019universit\u00e9 couvrant ces domaines<\/strong> (les 2 autres universit\u00e9s proposeront des MBA \u201cg\u00e9n\u00e9ralistes\u201d).<\/p>\n\n\n\n<div style=\"height:30px\" aria-hidden=\"true\" class=\"wp-block-spacer\"><\/div>\n<\/div>\n\n\n\n<div class=\"wp-block-column is-layout-flow wp-block-column-is-layout-flow\">\n<figure class=\"wp-block-image\"><img loading=\"lazy\" decoding=\"async\" width=\"530\" height=\"450\" src=\"https:\/\/www.calvin-thomas.com\/campus\/wp-content\/uploads\/\/sites\/5\/bourse-usa-master.jpg\" alt=\"bourse USA \u201cMaster\u201d\" class=\"wp-image-645\" srcset=\"https:\/\/www.calvin-thomas.com\/campus\/wp-content\/uploads\/\/sites\/5\/bourse-usa-master.jpg 530w, https:\/\/www.calvin-thomas.com\/campus\/wp-content\/uploads\/\/sites\/5\/bourse-usa-master-300x255.jpg 300w\" sizes=\"(max-width: 530px) 100vw, 530px\" \/><\/figure>\n<\/div>\n<\/div>\n\n\n<p><\/section>\n\n\n<section class=\"section-gris\"><\/p>\n\n\n\n<div class=\"wp-block-columns has-2-columns column-centre centrer-hauteur is-layout-flex wp-container-core-columns-is-layout-3 wp-block-columns-is-layout-flex\">\n<div class=\"wp-block-column is-layout-flow wp-block-column-is-layout-flow\">\n<figure class=\"wp-block-image\"><img loading=\"lazy\" decoding=\"async\" width=\"530\" height=\"430\" src=\"https:\/\/www.calvin-thomas.com\/campus\/wp-content\/uploads\/\/sites\/5\/bourse-mba.jpg\" alt=\"obtenir un bourse MBA Master aux \u00c9tats-Unis\" class=\"wp-image-647\" srcset=\"https:\/\/www.calvin-thomas.com\/campus\/wp-content\/uploads\/\/sites\/5\/bourse-mba.jpg 530w, https:\/\/www.calvin-thomas.com\/campus\/wp-content\/uploads\/\/sites\/5\/bourse-mba-300x243.jpg 300w\" sizes=\"(max-width: 530px) 100vw, 530px\" \/><\/figure>\n<\/div>\n\n\n\n<div class=\"wp-block-column is-layout-flow wp-block-column-is-layout-flow\">\n<p class=\"sub-title\"><strong>NOTRE OFFRE<\/strong><\/p>\n\n\n\n<h3 class=\"wp-block-heading\" id=\"section2\">Le montant des bourses \u201cMaster\u201d<\/h3>\n\n\n\n<p>Chaque participant re\u00e7oit un minimum de 3 propositions de bourses, avec la garantie que&nbsp;:<\/p>\n\n\n\n<ul><li><strong>1 proposition de bourse ne laisse pas plus de 18&nbsp;000$<\/strong> de l\u2019ensemble des frais universitaires \u00e0 la charge de l\u2019\u00e9tudiant<\/li><li><strong>1 proposition de bourse laisse de 18&nbsp;000 \u00e0 22&nbsp;000$<\/strong> de l\u2019ensemble des frais universitaires \u00e0 la charge de l\u2019\u00e9tudiant<\/li><li><strong>1 proposition de bourse ne laisse pas plus de 24&nbsp;000$<\/strong> de l\u2019ensemble des frais universitaires \u00e0 la charge de l\u2019\u00e9tudiant.<\/li><\/ul>\n\n\n\n<div style=\"height:30px\" aria-hidden=\"true\" class=\"wp-block-spacer\"><\/div>\n<\/div>\n<\/div>\n\n\n<p><\/section>\n\n\n\n<div style=\"height:30px\" aria-hidden=\"true\" class=\"wp-block-spacer\"><\/div>\n","protected":false},"excerpt":{"rendered":"<p>Une voie de sp\u00e9cialisation <\/p>\n<p>La formule Master s\u2019adresse aux \u00e9tudiants de niveau Licence ou Bac +4 qui d\u00e9sirent compl\u00e9ter leur cursus classique par une formation dans une universit\u00e9 am\u00e9ricaine. Elle offre un compl\u00e9ment id\u00e9al \u00e0 la formation fran\u00e7aise et valorise un parcours universitaire. <\/p>\n<ul class=\"liste-menu\">\n<li><a href=\"#section1\">Les conditions de la bourse USA \u201cMaster\u201d<\/a><\/li>\n<li><a href=\"#section2\">Le montant des bourses \u201cMaster\u201d<\/a><\/li>\n<\/ul>\n<p> <a class=\"btn couleur large\" href=\"https:\/\/www.calvin-thomas.com\/campus\/bourses-etudes-usa\/bourse-usa-master-mba\/\">EN SAVOIR PLUS <\/a><\/p>\n","protected":false},"author":1,"featured_media":602,"parent":9,"menu_order":0,"comment_status":"closed","ping_status":"closed","template":"","meta":{"_uag_custom_page_level_css":""},"uagb_featured_image_src":{"full":["https:\/\/www.calvin-thomas.com\/campus\/wp-content\/uploads\/\/sites\/5\/entete-bourse-master.jpg",1200,1200,false],"thumbnail":["https:\/\/www.calvin-thomas.com\/campus\/wp-content\/uploads\/\/sites\/5\/entete-bourse-master-150x150.jpg",150,150,true],"medium":["https:\/\/www.calvin-thomas.com\/campus\/wp-content\/uploads\/\/sites\/5\/entete-bourse-master-300x300.jpg",300,300,true],"medium_large":["https:\/\/www.calvin-thomas.com\/campus\/wp-content\/uploads\/\/sites\/5\/entete-bourse-master-768x768.jpg",640,640,true],"large":["https:\/\/www.calvin-thomas.com\/campus\/wp-content\/uploads\/\/sites\/5\/entete-bourse-master-1024x1024.jpg",640,640,true],"1536x1536":["https:\/\/www.calvin-thomas.com\/campus\/wp-content\/uploads\/\/sites\/5\/entete-bourse-master.jpg",1200,1200,false],"2048x2048":["https:\/\/www.calvin-thomas.com\/campus\/wp-content\/uploads\/\/sites\/5\/entete-bourse-master.jpg",1200,1200,false]},"uagb_author_info":{"display_name":"redac-calvinthomas","author_link":"https:\/\/www.calvin-thomas.com\/campus\/author\/redac-calvinthomas\/"},"uagb_comment_info":0,"uagb_excerpt":"Une voie de sp\u00e9cialisation La formule Master s\u2019adresse aux \u00e9tudiants de niveau Licence ou Bac +4 qui d\u00e9sirent compl\u00e9ter leur cursus classique par une formation dans une universit\u00e9 am\u00e9ricaine. Elle offre un compl\u00e9ment id\u00e9al \u00e0 la formation fran\u00e7aise et valorise un parcours universitaire. Les conditions de la bourse USA \u201cMaster\u201dLe montant des bourses \u201cMaster\u201d EN\u2026","_links":{"self":[{"href":"https:\/\/www.calvin-thomas.com\/campus\/wp-json\/wp\/v2\/pages\/593"}],"collection":[{"href":"https:\/\/www.calvin-thomas.com\/campus\/wp-json\/wp\/v2\/pages"}],"about":[{"href":"https:\/\/www.calvin-thomas.com\/campus\/wp-json\/wp\/v2\/types\/page"}],"author":[{"embeddable":true,"href":"https:\/\/www.calvin-thomas.com\/campus\/wp-json\/wp\/v2\/users\/1"}],"replies":[{"embeddable":true,"href":"https:\/\/www.calvin-thomas.com\/campus\/wp-json\/wp\/v2\/comments?post=593"}],"version-history":[{"count":0,"href":"https:\/\/www.calvin-thomas.com\/campus\/wp-json\/wp\/v2\/pages\/593\/revisions"}],"up":[{"embeddable":true,"href":"https:\/\/www.calvin-thomas.com\/campus\/wp-json\/wp\/v2\/pages\/9"}],"wp:featuredmedia":[{"embeddable":true,"href":"https:\/\/www.calvin-thomas.com\/campus\/wp-json\/wp\/v2\/media\/602"}],"wp:attachment":[{"href":"https:\/\/www.calvin-thomas.com\/campus\/wp-json\/wp\/v2\/media?parent=593"}],"curies":[{"name":"wp","href":"https:\/\/api.w.org\/{rel}","templated":true}]}}