{"id":598,"date":"2019-02-19T18:12:44","date_gmt":"2019-02-19T17:12:44","guid":{"rendered":"https:\/\/www.calvin-thomas.com\/campus\/?page_id=598"},"modified":"2019-04-26T15:25:10","modified_gmt":"2019-04-26T13:25:10","slug":"bourse-etudes-intensive-english","status":"publish","type":"page","link":"https:\/\/www.calvin-thomas.com\/campus\/bourses-etudes-usa\/bourse-etudes-intensive-english\/","title":{"rendered":"La bourse d&rsquo;\u00e9tude \u201cIntensive English\u201d"},"content":{"rendered":"\n<div style=\"height:50px\" aria-hidden=\"true\" class=\"wp-block-spacer\"><\/div>\n\n\n\n<div class=\"wp-block-columns has-2-columns column-centre is-layout-flex wp-container-core-columns-is-layout-1 wp-block-columns-is-layout-flex\">\n<div class=\"wp-block-column is-layout-flow wp-block-column-is-layout-flow\">\n<h2 class=\"wp-block-heading\">Une formation courte <\/h2>\n\n\n\n<p>Cette formule a \u00e9t\u00e9 cr\u00e9\u00e9e \u00e0 l\u2019intention de ceux qui souhaitent \u00e9tudier l\u2019anglais sur un campus am\u00e9ricain, sur une p\u00e9riode tr\u00e8s courte (un semestre). Elle est ouverte \u00e0 tous (ind\u00e9pendamment du niveau d\u2019\u00e9tudes) et permet d\u2019acqu\u00e9rir un niveau d\u2019anglais fonctionnel \u00e0 un co\u00fbt int\u00e9ressant.&nbsp;&nbsp;&nbsp;&nbsp;  <\/p>\n<\/div>\n\n\n\n<div class=\"wp-block-column is-layout-flow wp-block-column-is-layout-flow\">\n<ul class=\"liste-menu\"><li><a href=\"#section1\">Les conditions de la bourse d&rsquo;\u00e9tudes \u201cIntensive English\u201d<\/a><\/li><li><a href=\"#section2\">Le montant des bourses \u201cIntensive English\u201d<\/a><\/li><\/ul>\n<\/div>\n<\/div>\n\n\n\n<div style=\"height:50px\" aria-hidden=\"true\" class=\"wp-block-spacer\"><\/div>\n\n\n<section class=\"section-beige\"><\/p>\n\n\n\n<div class=\"wp-block-columns has-2-columns column-centre centrer-hauteur is-layout-flex wp-container-core-columns-is-layout-2 wp-block-columns-is-layout-flex\">\n<div class=\"wp-block-column is-layout-flow wp-block-column-is-layout-flow\">\n<p class=\"sub-title\"><strong>\u00c9LIGIBILIT\u00c9<\/strong><\/p>\n\n\n\n<h3 class=\"wp-block-heading\" id=\"section1\">Les conditions de la bourse d&rsquo;\u00e9tudes \u201cIntensive English\u201d <\/h3>\n\n\n\n<p><strong>Campus Access fournit au participant une liste de 5 \u00e0 7 campus am\u00e9ricains <\/strong>qui dispensent des formations \u201cIntensive English\u201d, et ce<strong> <\/strong>apr\u00e8s l\u2019acceptation de sa candidature. <\/p>\n\n\n\n<p><strong>Le participant choisit l&rsquo;\u00e9tablissement qui lui correspond le mieux,&nbsp;<\/strong>en fonction principalement du campus et de sa localisation.<\/p>\n\n\n\n<div style=\"height:30px\" aria-hidden=\"true\" class=\"wp-block-spacer\"><\/div>\n<\/div>\n\n\n\n<div class=\"wp-block-column is-layout-flow wp-block-column-is-layout-flow\">\n<figure class=\"wp-block-image\"><img loading=\"lazy\" decoding=\"async\" width=\"530\" height=\"420\" src=\"https:\/\/www.calvin-thomas.com\/campus\/wp-content\/uploads\/\/sites\/5\/bourse-eip.jpg\" alt=\"bourse d\u2019\u00e9tudes \u201cIntensive English\u201d\" class=\"wp-image-635\" srcset=\"https:\/\/www.calvin-thomas.com\/campus\/wp-content\/uploads\/\/sites\/5\/bourse-eip.jpg 530w, https:\/\/www.calvin-thomas.com\/campus\/wp-content\/uploads\/\/sites\/5\/bourse-eip-300x238.jpg 300w\" sizes=\"(max-width: 530px) 100vw, 530px\" \/><\/figure>\n<\/div>\n<\/div>\n\n\n<p><\/section>\n\n\n<section class=\"section-gris\"><\/p>\n\n\n\n<div class=\"wp-block-columns has-2-columns column-centre centrer-hauteur is-layout-flex wp-container-core-columns-is-layout-3 wp-block-columns-is-layout-flex\">\n<div class=\"wp-block-column is-layout-flow wp-block-column-is-layout-flow\">\n<figure class=\"wp-block-image\"><img loading=\"lazy\" decoding=\"async\" width=\"530\" height=\"530\" src=\"https:\/\/www.calvin-thomas.com\/campus\/wp-content\/uploads\/\/sites\/5\/bourse-anglais.jpg\" alt=\"bourse pour \u00e9tudier l'anglais aux \u00c9tats-Unis\" class=\"wp-image-639\" srcset=\"https:\/\/www.calvin-thomas.com\/campus\/wp-content\/uploads\/\/sites\/5\/bourse-anglais.jpg 530w, https:\/\/www.calvin-thomas.com\/campus\/wp-content\/uploads\/\/sites\/5\/bourse-anglais-150x150.jpg 150w, https:\/\/www.calvin-thomas.com\/campus\/wp-content\/uploads\/\/sites\/5\/bourse-anglais-300x300.jpg 300w\" sizes=\"(max-width: 530px) 100vw, 530px\" \/><\/figure>\n<\/div>\n\n\n\n<div class=\"wp-block-column is-layout-flow wp-block-column-is-layout-flow\">\n<p class=\"sub-title\"><strong>NOTRE OFFRE<\/strong><\/p>\n\n\n\n<h3 class=\"wp-block-heading\" id=\"section2\">Le montant des bourses \u201cIntensive English\u201d<\/h3>\n\n\n\n<p><strong>Calvin-Thomas fait b\u00e9n\u00e9ficier le participant d&rsquo;une bourse cons\u00e9quente, <\/strong>n\u00e9goci\u00e9e avec le r\u00e9seau des universit\u00e9s avec lesquelles travaille Campus Access.<\/p>\n\n\n\n<p><strong>Cette proposition s&rsquo;\u00e9l\u00e8ve \u00e0 partir de 8 000\u20ac pour un trimestre<\/strong> (4 mois) et propose un package global (incluant les frais de placement) pour les \u00e9coles propos\u00e9es.<\/p>\n\n\n\n<p><strong>Calvin-Thomas peut faire au participant des propositions suppl\u00e9mentaires,<\/strong> dans certains cas et en  fonction de la teneur du dossier du candidat.<\/p>\n\n\n\n<div style=\"height:30px\" aria-hidden=\"true\" class=\"wp-block-spacer\"><\/div>\n<\/div>\n<\/div>\n\n\n<p><\/section>\n\n\n\n<div style=\"height:30px\" aria-hidden=\"true\" class=\"wp-block-spacer\"><\/div>\n","protected":false},"excerpt":{"rendered":"<p>Une formation courte <\/p>\n<p>Cette formule a \u00e9t\u00e9 cr\u00e9\u00e9e \u00e0 l\u2019intention de ceux qui souhaitent \u00e9tudier l\u2019anglais sur un campus am\u00e9ricain, sur une p\u00e9riode tr\u00e8s courte (un semestre). Elle est ouverte \u00e0 tous (ind\u00e9pendamment du niveau d\u2019\u00e9tudes) et permet d\u2019acqu\u00e9rir un niveau d\u2019anglais fonctionnel \u00e0 un co\u00fbt int\u00e9ressant.&nbsp;&nbsp;&nbsp;&nbsp;  <\/p>\n<ul class=\"liste-menu\">\n<li><a href=\"#section1\">Les conditions de la bourse d&rsquo;\u00e9tudes \u201cIntensive English\u201d<\/a><\/li>\n<li><a href=\"#section2\">Le montant des bourses \u201cIntensive English\u201d<\/a><\/li>\n<\/ul>\n<p> <a class=\"btn couleur large\" href=\"https:\/\/www.calvin-thomas.com\/campus\/bourses-etudes-usa\/bourse-etudes-intensive-english\/\">EN SAVOIR PLUS <\/a><\/p>\n","protected":false},"author":1,"featured_media":604,"parent":9,"menu_order":0,"comment_status":"closed","ping_status":"closed","template":"","meta":{"_uag_custom_page_level_css":""},"uagb_featured_image_src":{"full":["https:\/\/www.calvin-thomas.com\/campus\/wp-content\/uploads\/\/sites\/5\/entete-bourse-intensive-english.jpg",1200,1200,false],"thumbnail":["https:\/\/www.calvin-thomas.com\/campus\/wp-content\/uploads\/\/sites\/5\/entete-bourse-intensive-english-150x150.jpg",150,150,true],"medium":["https:\/\/www.calvin-thomas.com\/campus\/wp-content\/uploads\/\/sites\/5\/entete-bourse-intensive-english-300x300.jpg",300,300,true],"medium_large":["https:\/\/www.calvin-thomas.com\/campus\/wp-content\/uploads\/\/sites\/5\/entete-bourse-intensive-english-768x768.jpg",640,640,true],"large":["https:\/\/www.calvin-thomas.com\/campus\/wp-content\/uploads\/\/sites\/5\/entete-bourse-intensive-english-1024x1024.jpg",640,640,true],"1536x1536":["https:\/\/www.calvin-thomas.com\/campus\/wp-content\/uploads\/\/sites\/5\/entete-bourse-intensive-english.jpg",1200,1200,false],"2048x2048":["https:\/\/www.calvin-thomas.com\/campus\/wp-content\/uploads\/\/sites\/5\/entete-bourse-intensive-english.jpg",1200,1200,false]},"uagb_author_info":{"display_name":"redac-calvinthomas","author_link":"https:\/\/www.calvin-thomas.com\/campus\/author\/redac-calvinthomas\/"},"uagb_comment_info":0,"uagb_excerpt":"Une formation courte Cette formule a \u00e9t\u00e9 cr\u00e9\u00e9e \u00e0 l\u2019intention de ceux qui souhaitent \u00e9tudier l\u2019anglais sur un campus am\u00e9ricain, sur une p\u00e9riode tr\u00e8s courte (un semestre). Elle est ouverte \u00e0 tous (ind\u00e9pendamment du niveau d\u2019\u00e9tudes) et permet d\u2019acqu\u00e9rir un niveau d\u2019anglais fonctionnel \u00e0 un co\u00fbt int\u00e9ressant.&nbsp;&nbsp;&nbsp;&nbsp; Les conditions de la bourse d&rsquo;\u00e9tudes \u201cIntensive English\u201dLe\u2026","_links":{"self":[{"href":"https:\/\/www.calvin-thomas.com\/campus\/wp-json\/wp\/v2\/pages\/598"}],"collection":[{"href":"https:\/\/www.calvin-thomas.com\/campus\/wp-json\/wp\/v2\/pages"}],"about":[{"href":"https:\/\/www.calvin-thomas.com\/campus\/wp-json\/wp\/v2\/types\/page"}],"author":[{"embeddable":true,"href":"https:\/\/www.calvin-thomas.com\/campus\/wp-json\/wp\/v2\/users\/1"}],"replies":[{"embeddable":true,"href":"https:\/\/www.calvin-thomas.com\/campus\/wp-json\/wp\/v2\/comments?post=598"}],"version-history":[{"count":0,"href":"https:\/\/www.calvin-thomas.com\/campus\/wp-json\/wp\/v2\/pages\/598\/revisions"}],"up":[{"embeddable":true,"href":"https:\/\/www.calvin-thomas.com\/campus\/wp-json\/wp\/v2\/pages\/9"}],"wp:featuredmedia":[{"embeddable":true,"href":"https:\/\/www.calvin-thomas.com\/campus\/wp-json\/wp\/v2\/media\/604"}],"wp:attachment":[{"href":"https:\/\/www.calvin-thomas.com\/campus\/wp-json\/wp\/v2\/media?parent=598"}],"curies":[{"name":"wp","href":"https:\/\/api.w.org\/{rel}","templated":true}]}}