{"id":886,"date":"2019-03-05T19:43:29","date_gmt":"2019-03-05T18:43:29","guid":{"rendered":"https:\/\/www.calvin-thomas.com\/campus\/?page_id=886"},"modified":"2019-04-26T15:34:59","modified_gmt":"2019-04-26T13:34:59","slug":"universites-nouvelle-zelande-partenaires","status":"publish","type":"page","link":"https:\/\/www.calvin-thomas.com\/campus\/universites-nouvelle-zelande-partenaires\/","title":{"rendered":"Nos universit\u00e9s de Nouvelle-Z\u00e9lande partenaires"},"content":{"rendered":"\n<p style=\"text-align:center\" class=\"intro content-centrer\">Les universit\u00e9s de Nouvelle-Z\u00e9lande jouissent d\u2019infrastructures tr\u00e8s modernes et \u00e9quip\u00e9es de biblioth\u00e8ques, de centres sportifs et de salles informatiques. Avec un syst\u00e8me \u00e9ducatif concentr\u00e9 avant tout sur le bien-\u00eatre et l\u2019\u00e9panouissement de ses \u00e9tudiants, la Nouvelle-Z\u00e9lande est une destination de choix pour les \u00e9tudes.<\/p>\n\n\n\n<p style=\"text-align:center\" class=\"intro content-centrer\">Nota : ces universit\u00e9s de Nouvelle-Z\u00e9lande font parties des \u00e9tablissements disponibles pour la <a href=\"https:\/\/www.calvin-thomas.com\/campus\/etude-universitaire\/nouvelle-zelande-academic\/\">formule \u201cNouvelle-Z\u00e9lande &#8211; Academic\u201d<\/a>.<br><\/p>\n\n\n\n<div style=\"height:50px\" aria-hidden=\"true\" class=\"wp-block-spacer\"><\/div>\n\n\n\n<p style=\"text-align:center\" class=\"content-centrer\">Voici notre s\u00e9lection des universit\u00e9s de Nouvelle-Z\u00e9lande partenaires parmi les meilleures universit\u00e9s avec lesquelles nous avons \u00e9tabli des partenariats.<\/p>\n\n\n\n<div style=\"height:50px\" aria-hidden=\"true\" class=\"wp-block-spacer\"><\/div>\n\n\n<div class=\"bloc-cadre\"><\/p>\n\n\n\n<h4 class=\"wp-block-heading\">Massey University<br><em>Auckland, Palmerston North et Wellington<\/em><br><\/h4>\n\n\n\n<ul><li><strong>Description :<\/strong> <em>Massey University est l\u2019une des universit\u00e9s les plus embl\u00e9matiques de Nouvelle-Z\u00e9lande, avec trois campus \u00e0 Auckland, Palmerston North et Wellington. Massey University est l\u2019une des plus grandes universit\u00e9s de Nouvelle-Z\u00e9lande avec plus de 34 000 \u00e9tudiants r\u00e9partis sur les 3 campus dont 4 400 \u00e9tudiants internationaux venus de plus de 100 pays diff\u00e9rents. Chaque campus donne \u00e0 ses \u00e9tudiants l\u2019acc\u00e8s \u00e0 un grand nombre de services dont une librairie, une caf\u00e9t\u00e9ria, des lieux de d\u00e9tente, des r\u00e9sidences universitaires et une \u00e9quipe d\u00e9di\u00e9e aux\n\u00e9tudiants internationaux.<br>\nMassey se caract\u00e9rise particuli\u00e8rement pour la qualit\u00e9 de son enseignement et son expertise dans les domaines des sciences, de la technologie, des arts, des sciences sociales, de l\u2019\u00e9ducation et du commerce. <\/em><\/li><li><strong>Site internet :<\/strong> <em><a rel=\"noreferrer noopener\" href=\"http:\/\/www.massey.ac.nz\/\" target=\"_blank\">www.massey.ac.nz<\/a><\/em><\/li><\/ul>\n\n\n<p><\/div>\n\n\n<div class=\"bloc-cadre\"><\/p>\n\n\n\n<h4 class=\"wp-block-heading\" id=\"mce_37\">University of Otago<br><em>Dunedin<\/em><br><\/h4>\n\n\n\n<ul><li><strong>Description :<\/strong> <em>Dunedin est le berceau de l\u2019une des plus grandes universit\u00e9s \u2013 et la premi\u00e8re du pays, fond\u00e9e en 1869 : \u201cThe University of Otago\u201d. \u00c0 ses c\u00f4t\u00e9s, The Otago Polytechnic attire elle aussi plusieurs centaines d\u2019\u00e9tudiants chaque ann\u00e9e. Avec plus de 20 000 \u00e9tudiants en provenance du monde entier (plus de 100 nationalit\u00e9s diff\u00e9rentes sur le campus), Otago jouit d\u2019une excellente r\u00e9putation \u00e0 l\u2019international dans le domaine des\nsciences, sciences de la sant\u00e9, des sciences humaines et du\ncommerce.<br>\nL\u2019universit\u00e9 d\u2019Otago b\u00e9n\u00e9ficie \u00e9galement d\u2019infrastructures et d\u2019\u00e9quipements ultra modernes : salles de conf\u00e9rences \u00e9quip\u00e9es des derni\u00e8res technologies, une biblioth\u00e8que prim\u00e9e, des espaces d\u2019\u00e9tude tr\u00e8s agr\u00e9ables et de superbes installations sportives, dont un stade couvert. La qualit\u00e9 de vie coupl\u00e9e \u00e0 celle de ses universit\u00e9s font de Dunedin une destination de choix pour les \u00e9tudiants.<\/em><\/li><li><strong>Site internet :<\/strong> <em><a rel=\"noreferrer noopener\" href=\"https:\/\/www.otago.ac.nz\/\" target=\"_blank\">www.otago.ac.nz<\/a><\/em><\/li><\/ul>\n\n\n<p><\/div>\n\n\n\n<div style=\"height:50px\" aria-hidden=\"true\" class=\"wp-block-spacer\"><\/div>\n\n\n\n<h2 class=\"wp-block-heading\" style=\"text-align:center\">D\u00c9COUVREZ AUSSI&#8230;<\/h2>\n\n\n<div class=\"bloc-cadre-small\"><\/p>\n\n\n\n<h4 class=\"wp-block-heading\" style=\"text-align:center\">Auckland University of Technology <br><em>Auckland<\/em><\/h4>\n\n\n\n<p style=\"text-align:center\" class=\"sans-margin-top\"><strong>Site internet :<\/strong> <em><a rel=\"noreferrer noopener\" href=\"https:\/\/www.aut.ac.nz\/\" target=\"_blank\">www.aut.ac.nz<\/a><\/em><\/p>\n\n\n<p><\/div>\n\n\n<div class=\"bloc-cadre-small\"><\/p>\n\n\n\n<h4 class=\"wp-block-heading\" style=\"text-align:center\">Lincoln University <br><em>Lincoln<\/em><\/h4>\n\n\n\n<p style=\"text-align:center\" class=\"sans-margin-top\"><strong>Site internet :<\/strong> <em><a rel=\"noreferrer noopener\" href=\"http:\/\/www.lincoln.ac.nz\/\" target=\"_blank\">www.lincoln.ac.nz<\/a><\/em><\/p>\n\n\n<p><\/div>\n\n\n<div class=\"bloc-cadre-small\"><\/p>\n\n\n\n<h4 class=\"wp-block-heading\" style=\"text-align:center\">University of Auckland <br><em>Auckland<\/em><\/h4>\n\n\n\n<p style=\"text-align:center\" class=\"sans-margin-top\"><strong>Site internet :<\/strong> <em><a rel=\"noreferrer noopener\" href=\"https:\/\/www.auckland.ac.nz\/en.html\" target=\"_blank\">www.auckland.ac.nz\/en.html<\/a><\/em><\/p>\n\n\n<p><\/div>\n\n\n<div class=\"bloc-cadre-small\"><\/p>\n\n\n\n<h4 class=\"wp-block-heading\" style=\"text-align:center\">University of Canterbury <br><em>Christchurch<\/em><\/h4>\n\n\n\n<p style=\"text-align:center\" class=\"sans-margin-top\"><strong>Site internet :<\/strong> <em><a rel=\"noreferrer noopener\" href=\"https:\/\/www.canterbury.ac.nz\/\" target=\"_blank\">www.canterbury.ac.nz\ufeff<\/a><\/em><\/p>\n\n\n<p><\/div>\n\n\n<div class=\"bloc-cadre-small\"><\/p>\n\n\n\n<h4 class=\"wp-block-heading\" style=\"text-align:center\">University of Waikato<br><em>Hamilton<\/em><\/h4>\n\n\n\n<p style=\"text-align:center\" class=\"sans-margin-top\"><strong>Site internet :<\/strong> <em><a rel=\"noreferrer noopener\" href=\"https:\/\/www.waikato.ac.nz\/\" target=\"_blank\">www.waikato.ac.nz<\/a><\/em><\/p>\n\n\n<p><\/div>\n\n\n<div class=\"bloc-cadre-small\"><\/p>\n\n\n\n<h4 class=\"wp-block-heading\" style=\"text-align:center\">Victoria University of Wellington <br><em>Wellington<\/em><\/h4>\n\n\n\n<p style=\"text-align:center\" class=\"sans-margin-top\"><strong>Site internet :<\/strong> <em><a rel=\"noreferrer noopener\" href=\"https:\/\/www.victoria.ac.nz\/\" target=\"_blank\">www.victoria.ac.nz<\/a><\/em><\/p>\n\n\n<p><\/div>\n\n\n\n<div style=\"height:50px\" aria-hidden=\"true\" class=\"wp-block-spacer\"><\/div>\n\n\n\n<figure class=\"wp-block-image alignfull citation-image-fullwidth\"><img loading=\"lazy\" decoding=\"async\" width=\"1024\" height=\"480\" src=\"https:\/\/www.calvin-thomas.com\/campus\/wp-content\/uploads\/\/sites\/5\/universite-nouvele-zelande-1024x480.jpg\" alt=\"Notre r\u00e9seau d'universit\u00e9s de Nouvelle-Z\u00e9lande partenaires\" class=\"wp-image-890\" srcset=\"https:\/\/www.calvin-thomas.com\/campus\/wp-content\/uploads\/\/sites\/5\/universite-nouvele-zelande-1024x480.jpg 1024w, https:\/\/www.calvin-thomas.com\/campus\/wp-content\/uploads\/\/sites\/5\/universite-nouvele-zelande-300x141.jpg 300w, https:\/\/www.calvin-thomas.com\/campus\/wp-content\/uploads\/\/sites\/5\/universite-nouvele-zelande-768x360.jpg 768w, https:\/\/www.calvin-thomas.com\/campus\/wp-content\/uploads\/\/sites\/5\/universite-nouvele-zelande.jpg 1280w\" sizes=\"(max-width: 1024px) 100vw, 1024px\" \/><\/figure>\n\n\n\n<div style=\"height:50px\" aria-hidden=\"true\" class=\"wp-block-spacer\"><\/div>\n","protected":false},"excerpt":{"rendered":"<p style=\"text-align:center\" class=\"intro content-centrer\">Les universit\u00e9s de Nouvelle-Z\u00e9lande jouissent d\u2019infrastructures tr\u00e8s modernes et \u00e9quip\u00e9es de biblioth\u00e8ques, de centres sportifs et de salles informatiques. Avec un syst\u00e8me \u00e9ducatif concentr\u00e9 avant tout sur le bien-\u00eatre et l\u2019\u00e9panouissement de ses \u00e9tudiants, la Nouvelle-Z\u00e9lande est une destination de choix pour les \u00e9tudes.<\/p>\n<p style=\"text-align:center\" class=\"intro content-centrer\">Nota : ces universit\u00e9s de Nouvelle-Z\u00e9lande font parties des \u00e9tablissements disponibles pour la <a href=\"https:\/\/www.calvin-thomas.com\/campus\/etude-universitaire\/nouvelle-zelande-academic\/\">formule \u201cNouvelle-Z\u00e9lande &#8211; Academic\u201d<\/a>.<\/p>\n<p style=\"text-align:center\" class=\"content-centrer\">Voici notre s\u00e9lection des universit\u00e9s de Nouvelle-Z\u00e9lande partenaires parmi les meilleures universit\u00e9s avec lesquelles nous avons \u00e9tabli des partenariats.<\/p>\n<p> <a class=\"btn couleur large\" href=\"https:\/\/www.calvin-thomas.com\/campus\/universites-nouvelle-zelande-partenaires\/\">EN SAVOIR PLUS <\/a><\/p>\n","protected":false},"author":1,"featured_media":858,"parent":0,"menu_order":0,"comment_status":"closed","ping_status":"closed","template":"page-simple.php","meta":{"_uag_custom_page_level_css":""},"uagb_featured_image_src":{"full":["https:\/\/www.calvin-thomas.com\/campus\/wp-content\/uploads\/\/sites\/5\/universite-nz.jpg",250,250,false],"thumbnail":["https:\/\/www.calvin-thomas.com\/campus\/wp-content\/uploads\/\/sites\/5\/universite-nz-150x150.jpg",150,150,true],"medium":["https:\/\/www.calvin-thomas.com\/campus\/wp-content\/uploads\/\/sites\/5\/universite-nz.jpg",250,250,false],"medium_large":["https:\/\/www.calvin-thomas.com\/campus\/wp-content\/uploads\/\/sites\/5\/universite-nz.jpg",250,250,false],"large":["https:\/\/www.calvin-thomas.com\/campus\/wp-content\/uploads\/\/sites\/5\/universite-nz.jpg",250,250,false],"1536x1536":["https:\/\/www.calvin-thomas.com\/campus\/wp-content\/uploads\/\/sites\/5\/universite-nz.jpg",250,250,false],"2048x2048":["https:\/\/www.calvin-thomas.com\/campus\/wp-content\/uploads\/\/sites\/5\/universite-nz.jpg",250,250,false]},"uagb_author_info":{"display_name":"redac-calvinthomas","author_link":"https:\/\/www.calvin-thomas.com\/campus\/author\/redac-calvinthomas\/"},"uagb_comment_info":0,"uagb_excerpt":"Les universit\u00e9s de Nouvelle-Z\u00e9lande jouissent d\u2019infrastructures tr\u00e8s modernes et \u00e9quip\u00e9es de biblioth\u00e8ques, de centres sportifs et de salles informatiques. Avec un syst\u00e8me \u00e9ducatif concentr\u00e9 avant tout sur le bien-\u00eatre et l\u2019\u00e9panouissement de ses \u00e9tudiants, la Nouvelle-Z\u00e9lande est une destination de choix pour les \u00e9tudes. Nota : ces universit\u00e9s de Nouvelle-Z\u00e9lande font parties des \u00e9tablissements disponibles\u2026","_links":{"self":[{"href":"https:\/\/www.calvin-thomas.com\/campus\/wp-json\/wp\/v2\/pages\/886"}],"collection":[{"href":"https:\/\/www.calvin-thomas.com\/campus\/wp-json\/wp\/v2\/pages"}],"about":[{"href":"https:\/\/www.calvin-thomas.com\/campus\/wp-json\/wp\/v2\/types\/page"}],"author":[{"embeddable":true,"href":"https:\/\/www.calvin-thomas.com\/campus\/wp-json\/wp\/v2\/users\/1"}],"replies":[{"embeddable":true,"href":"https:\/\/www.calvin-thomas.com\/campus\/wp-json\/wp\/v2\/comments?post=886"}],"version-history":[{"count":0,"href":"https:\/\/www.calvin-thomas.com\/campus\/wp-json\/wp\/v2\/pages\/886\/revisions"}],"wp:featuredmedia":[{"embeddable":true,"href":"https:\/\/www.calvin-thomas.com\/campus\/wp-json\/wp\/v2\/media\/858"}],"wp:attachment":[{"href":"https:\/\/www.calvin-thomas.com\/campus\/wp-json\/wp\/v2\/media?parent=886"}],"curies":[{"name":"wp","href":"https:\/\/api.w.org\/{rel}","templated":true}]}}