{"id":7,"date":"2024-05-22T12:17:19","date_gmt":"2024-05-22T10:17:19","guid":{"rendered":"https:\/\/www.calvin-thomas.com\/experiment\/?page_id=7"},"modified":"2024-05-24T14:40:12","modified_gmt":"2024-05-24T12:40:12","slug":"inscription-programme-experiment","status":"publish","type":"page","link":"https:\/\/www.calvin-thomas.com\/experiment\/inscription-programme-experiment\/","title":{"rendered":"Inscription au programme Experiment"},"content":{"rendered":"\n<div style=\"height:80px\" aria-hidden=\"true\" class=\"wp-block-spacer\"><\/div>\n\n\n\n<p class=\"has-text-align-center content-centrer\" style=\"font-size:18px\">Apr\u00e8s avoir v\u00e9rifi\u00e9 les conditions d&rsquo;inscription, compl\u00e9tez en quelques clics notre formulaire de candidature \u00e0 notre programme Experiment !<\/p>\n\n\n\n<div style=\"height:80px\" aria-hidden=\"true\" class=\"wp-block-spacer\"><\/div>\n\n\n\n<div class=\"wpcf7 no-js\" id=\"wpcf7-f9-o1\" lang=\"fr-FR\" dir=\"ltr\">\n<div class=\"screen-reader-response\"><p role=\"status\" aria-live=\"polite\" aria-atomic=\"true\"><\/p> <ul><\/ul><\/div>\n<form action=\"\/experiment\/wp-json\/wp\/v2\/pages\/7#wpcf7-f9-o1\" method=\"post\" class=\"wpcf7-form init\" aria-label=\"Formulaire de contact\" novalidate=\"novalidate\" data-status=\"init\">\n<div style=\"display: none;\">\n<input type=\"hidden\" name=\"_wpcf7\" value=\"9\" \/>\n<input type=\"hidden\" name=\"_wpcf7_version\" value=\"5.9.3\" \/>\n<input type=\"hidden\" name=\"_wpcf7_locale\" value=\"fr_FR\" \/>\n<input type=\"hidden\" name=\"_wpcf7_unit_tag\" value=\"wpcf7-f9-o1\" \/>\n<input type=\"hidden\" name=\"_wpcf7_container_post\" value=\"0\" \/>\n<input type=\"hidden\" name=\"_wpcf7_posted_data_hash\" value=\"\" \/>\n<input type=\"hidden\" name=\"_wpcf7cf_hidden_group_fields\" value=\"[]\" \/>\n<input type=\"hidden\" name=\"_wpcf7cf_hidden_groups\" value=\"[]\" \/>\n<input type=\"hidden\" name=\"_wpcf7cf_visible_groups\" value=\"[]\" \/>\n<input type=\"hidden\" name=\"_wpcf7cf_repeaters\" value=\"[]\" \/>\n<input type=\"hidden\" name=\"_wpcf7cf_steps\" value=\"{}\" \/>\n<input type=\"hidden\" name=\"_wpcf7cf_options\" value=\"{&quot;form_id&quot;:9,&quot;conditions&quot;:[{&quot;then_field&quot;:&quot;group-usa&quot;,&quot;and_rules&quot;:[{&quot;if_field&quot;:&quot;radio-1&quot;,&quot;operator&quot;:&quot;equals&quot;,&quot;if_value&quot;:&quot;Stage \\u2022 \\u00c9tats-Unis&quot;}]},{&quot;then_field&quot;:&quot;group-afs&quot;,&quot;and_rules&quot;:[{&quot;if_field&quot;:&quot;radio-1&quot;,&quot;operator&quot;:&quot;equals&quot;,&quot;if_value&quot;:&quot;B\\u00e9n\\u00e9volat \\u2022 Afrique du Sud&quot;}]},{&quot;then_field&quot;:&quot;group-thai&quot;,&quot;and_rules&quot;:[{&quot;if_field&quot;:&quot;radio-1&quot;,&quot;operator&quot;:&quot;equals&quot;,&quot;if_value&quot;:&quot;B\\u00e9n\\u00e9volat \\u2022 Tha\\u00eflande&quot;}]}],&quot;settings&quot;:{&quot;animation&quot;:&quot;yes&quot;,&quot;animation_intime&quot;:200,&quot;animation_outtime&quot;:200,&quot;conditions_ui&quot;:&quot;normal&quot;,&quot;notice_dismissed&quot;:false}}\" \/>\n<\/div>\n<p><span class=\"wpcf7-form-control-wrap\" data-name=\"prenom\"><input size=\"40\" class=\"wpcf7-form-control wpcf7-text wpcf7-validates-as-required\" aria-required=\"true\" aria-invalid=\"false\" value=\"\" type=\"text\" name=\"prenom\" \/><\/span><br \/>\n<span class=\"wpcf7-form-control-wrap\" data-name=\"nom\"><input size=\"40\" class=\"wpcf7-form-control wpcf7-text wpcf7-validates-as-required\" aria-required=\"true\" aria-invalid=\"false\" value=\"\" type=\"text\" name=\"nom\" \/><\/span><br \/>\n<span class=\"wpcf7-form-control-wrap\" data-name=\"email\"><input size=\"40\" class=\"wpcf7-form-control wpcf7-email wpcf7-validates-as-required wpcf7-text wpcf7-validates-as-email\" aria-required=\"true\" aria-invalid=\"false\" value=\"\" type=\"email\" name=\"email\" \/><\/span><br \/>\n<span class=\"wpcf7-form-control-wrap\" data-name=\"telephone\"><input size=\"40\" class=\"wpcf7-form-control wpcf7-tel wpcf7-text wpcf7-validates-as-tel\" aria-invalid=\"false\" value=\"\" type=\"tel\" name=\"telephone\" \/><\/span>\n<\/p>\n<h6>Date de naissance du participant (obligatoire)\n<\/h6>\n<hr \/>\n<p><span class=\"wpcf7-form-control-wrap\" data-name=\"date-naissance\"><input size=\"40\" class=\"wpcf7-form-control wpcf7-text wpcf7-validates-as-required\" aria-required=\"true\" aria-invalid=\"false\" value=\"\" type=\"text\" name=\"date-naissance\" \/><\/span>\n<\/p>\n<h6>Votre adresse postale\n<\/h6>\n<hr \/>\n<p><span class=\"wpcf7-form-control-wrap\" data-name=\"adresse\"><input size=\"40\" class=\"wpcf7-form-control wpcf7-text wpcf7-validates-as-required\" aria-required=\"true\" aria-invalid=\"false\" value=\"\" type=\"text\" name=\"adresse\" \/><\/span><br \/>\n<span class=\"wpcf7-form-control-wrap\" data-name=\"code-postal\"><input size=\"40\" maxlength=\"8\" minlength=\"5\" class=\"wpcf7-form-control wpcf7-text wpcf7-validates-as-required\" aria-required=\"true\" aria-invalid=\"false\" value=\"\" type=\"text\" name=\"code-postal\" \/><\/span><br \/>\n<span class=\"wpcf7-form-control-wrap\" data-name=\"ville\"><input size=\"40\" class=\"wpcf7-form-control wpcf7-text wpcf7-validates-as-required\" aria-required=\"true\" aria-invalid=\"false\" value=\"\" type=\"text\" name=\"ville\" \/><\/span>\n<\/p>\n<p class=\"sous-titre\">Je souhaite m'inscrire :\n<\/p>\n<hr \/>\n<p>&nbsp;\n<\/p>\n<h6>Programme :\n<\/h6>\n<p><span class=\"wpcf7-form-control-wrap\" data-name=\"radio-1\"><span class=\"wpcf7-form-control wpcf7-radio case-cocher\"><span class=\"wpcf7-list-item first\"><label><input type=\"radio\" name=\"radio-1\" value=\"Stage \u2022 \u00c9tats-Unis\" checked=\"checked\" \/><span class=\"wpcf7-list-item-label\">Stage \u2022 \u00c9tats-Unis<\/span><\/label><\/span><span class=\"wpcf7-list-item\"><label><input type=\"radio\" name=\"radio-1\" value=\"B\u00e9n\u00e9volat \u2022 Afrique du Sud\" \/><span class=\"wpcf7-list-item-label\">B\u00e9n\u00e9volat \u2022 Afrique du Sud<\/span><\/label><\/span><span class=\"wpcf7-list-item last\"><label><input type=\"radio\" name=\"radio-1\" value=\"B\u00e9n\u00e9volat \u2022 Tha\u00eflande\" \/><span class=\"wpcf7-list-item-label\">B\u00e9n\u00e9volat \u2022 Tha\u00eflande<\/span><\/label><\/span><\/span><\/span>\n<\/p>\n<div data-id=\"group-usa\" data-orig_data_id=\"group-usa\" data-clear_on_hide data-class=\"wpcf7cf_group\">\n\t<h6>Dur\u00e9e :\n\t<\/h6>\n\t<p><span class=\"wpcf7-form-control-wrap\" data-name=\"radio-7\"><span class=\"wpcf7-form-control wpcf7-radio case-cocher\"><span class=\"wpcf7-list-item first\"><label><input type=\"radio\" name=\"radio-7\" value=\"4 semaines\" checked=\"checked\" \/><span class=\"wpcf7-list-item-label\">4 semaines<\/span><\/label><\/span><span class=\"wpcf7-list-item\"><label><input type=\"radio\" name=\"radio-7\" value=\"5 semaines\" \/><span class=\"wpcf7-list-item-label\">5 semaines<\/span><\/label><\/span><span class=\"wpcf7-list-item\"><label><input type=\"radio\" name=\"radio-7\" value=\"6 semaines\" \/><span class=\"wpcf7-list-item-label\">6 semaines<\/span><\/label><\/span><span class=\"wpcf7-list-item\"><label><input type=\"radio\" name=\"radio-7\" value=\"7 semaines\" \/><span class=\"wpcf7-list-item-label\">7 semaines<\/span><\/label><\/span><span class=\"wpcf7-list-item\"><label><input type=\"radio\" name=\"radio-7\" value=\"8 semaines\" \/><span class=\"wpcf7-list-item-label\">8 semaines<\/span><\/label><\/span><span class=\"wpcf7-list-item\"><label><input type=\"radio\" name=\"radio-7\" value=\"9 semaines\" \/><span class=\"wpcf7-list-item-label\">9 semaines<\/span><\/label><\/span><span class=\"wpcf7-list-item\"><label><input type=\"radio\" name=\"radio-7\" value=\"10 semaines\" \/><span class=\"wpcf7-list-item-label\">10 semaines<\/span><\/label><\/span><span class=\"wpcf7-list-item\"><label><input type=\"radio\" name=\"radio-7\" value=\"11 semaines\" \/><span class=\"wpcf7-list-item-label\">11 semaines<\/span><\/label><\/span><span class=\"wpcf7-list-item last\"><label><input type=\"radio\" name=\"radio-7\" value=\"12 semaines\" \/><span class=\"wpcf7-list-item-label\">12 semaines<\/span><\/label><\/span><\/span><\/span>\n\t<\/p>\n\t<h6>Date de d\u00e9part :\n\t<\/h6>\n\t<p><span class=\"wpcf7-form-control-wrap\" data-name=\"date-930\"><input size=\"40\" class=\"wpcf7-form-control wpcf7-text\" aria-invalid=\"false\" placeholder=\"renseigner la date de d\u00e9part souhait\u00e9e\" value=\"\" type=\"text\" name=\"date-930\" \/><\/span>\n\t<\/p>\n<\/div>\n<div data-id=\"group-afs\" data-orig_data_id=\"group-afs\" data-clear_on_hide data-class=\"wpcf7cf_group\">\n\t<h6>Dur\u00e9e :\n\t<\/h6>\n\t<p><span class=\"wpcf7-form-control-wrap\" data-name=\"radio-8\"><span class=\"wpcf7-form-control wpcf7-radio case-cocher\"><span class=\"wpcf7-list-item first\"><label><input type=\"radio\" name=\"radio-8\" value=\"4 semaines\" checked=\"checked\" \/><span class=\"wpcf7-list-item-label\">4 semaines<\/span><\/label><\/span><span class=\"wpcf7-list-item\"><label><input type=\"radio\" name=\"radio-8\" value=\"8 semaines\" \/><span class=\"wpcf7-list-item-label\">8 semaines<\/span><\/label><\/span><span class=\"wpcf7-list-item last\"><label><input type=\"radio\" name=\"radio-8\" value=\"12 semaines\" \/><span class=\"wpcf7-list-item-label\">12 semaines<\/span><\/label><\/span><\/span><\/span>\n\t<\/p>\n\t<h6>Date de d\u00e9part :\n\t<\/h6>\n\t<p><span class=\"wpcf7-form-control-wrap\" data-name=\"date-931\"><input size=\"40\" class=\"wpcf7-form-control wpcf7-text\" aria-invalid=\"false\" placeholder=\"renseigner la date de d\u00e9part souhait\u00e9e\" value=\"\" type=\"text\" name=\"date-931\" \/><\/span>\n\t<\/p>\n<\/div>\n<div data-id=\"group-thai\" data-orig_data_id=\"group-thai\" data-clear_on_hide data-class=\"wpcf7cf_group\">\n\t<h6>Dur\u00e9e :\n\t<\/h6>\n\t<p><span class=\"wpcf7-form-control-wrap\" data-name=\"radio-9\"><span class=\"wpcf7-form-control wpcf7-radio case-cocher\"><span class=\"wpcf7-list-item first\"><label><input type=\"radio\" name=\"radio-9\" value=\"2 semaines\" checked=\"checked\" \/><span class=\"wpcf7-list-item-label\">2 semaines<\/span><\/label><\/span><span class=\"wpcf7-list-item\"><label><input type=\"radio\" name=\"radio-9\" value=\"6 semaines\" \/><span class=\"wpcf7-list-item-label\">6 semaines<\/span><\/label><\/span><span class=\"wpcf7-list-item\"><label><input type=\"radio\" name=\"radio-9\" value=\"4 semaines\" \/><span class=\"wpcf7-list-item-label\">4 semaines<\/span><\/label><\/span><span class=\"wpcf7-list-item\"><label><input type=\"radio\" name=\"radio-9\" value=\"5 semaines\" \/><span class=\"wpcf7-list-item-label\">5 semaines<\/span><\/label><\/span><span class=\"wpcf7-list-item\"><label><input type=\"radio\" name=\"radio-9\" value=\"6 semaines\" \/><span class=\"wpcf7-list-item-label\">6 semaines<\/span><\/label><\/span><span class=\"wpcf7-list-item\"><label><input type=\"radio\" name=\"radio-9\" value=\"7 semaines\" \/><span class=\"wpcf7-list-item-label\">7 semaines<\/span><\/label><\/span><span class=\"wpcf7-list-item\"><label><input type=\"radio\" name=\"radio-9\" value=\"8 semaines\" \/><span class=\"wpcf7-list-item-label\">8 semaines<\/span><\/label><\/span><span class=\"wpcf7-list-item\"><label><input type=\"radio\" name=\"radio-9\" value=\"9 semaines\" \/><span class=\"wpcf7-list-item-label\">9 semaines<\/span><\/label><\/span><span class=\"wpcf7-list-item\"><label><input type=\"radio\" name=\"radio-9\" value=\"10 semaines\" \/><span class=\"wpcf7-list-item-label\">10 semaines<\/span><\/label><\/span><span class=\"wpcf7-list-item\"><label><input type=\"radio\" name=\"radio-9\" value=\"11 semaines\" \/><span class=\"wpcf7-list-item-label\">11 semaines<\/span><\/label><\/span><span class=\"wpcf7-list-item last\"><label><input type=\"radio\" name=\"radio-9\" value=\"12 semaines\" \/><span class=\"wpcf7-list-item-label\">12 semaines<\/span><\/label><\/span><\/span><\/span>\n\t<\/p>\n\t<h6>Date de d\u00e9part :\n\t<\/h6>\n\t<p><span class=\"wpcf7-form-control-wrap\" data-name=\"date-932\"><input size=\"40\" class=\"wpcf7-form-control wpcf7-text\" aria-invalid=\"false\" placeholder=\"renseigner la date de d\u00e9part souhait\u00e9e (d\u00e9but des missions les lundis)\" value=\"\" type=\"text\" name=\"date-932\" \/><\/span>\n\t<\/p>\n\t<h6>Mission souhait\u00e9e :\n\t<\/h6>\n\t<p><span class=\"wpcf7-form-control-wrap\" data-name=\"mission-thai\"><span class=\"wpcf7-form-control wpcf7-radio case-cocher\"><span class=\"wpcf7-list-item first\"><label><input type=\"radio\" name=\"mission-thai\" value=\"Hua Hin Teaching\" checked=\"checked\" \/><span class=\"wpcf7-list-item-label\">Hua Hin Teaching<\/span><\/label><\/span><span class=\"wpcf7-list-item last\"><label><input type=\"radio\" name=\"mission-thai\" value=\"Elephant Experience\" \/><span class=\"wpcf7-list-item-label\">Elephant Experience<\/span><\/label><\/span><\/span><\/span>\n\t<\/p>\n<\/div>\n<h6>Avez-vous un compte Instagram (optionnel) ?\n<\/h6>\n<p><span class=\"wpcf7-form-control-wrap\" data-name=\"insta\"><input size=\"40\" class=\"wpcf7-form-control wpcf7-text\" aria-invalid=\"false\" placeholder=\"Mon Compte Instagramm\" value=\"\" type=\"text\" name=\"insta\" \/><\/span>\n<\/p>\n<p class=\"legende\">Les donn\u00e9es personnelles vous concernant recueillies par Calvin-Thomas font l\u2019objet d\u2019un traitement informatique destin\u00e9 \u00e0 r\u00e9pondre \u00e0 vos demandes. Ce traitement est bas\u00e9 sur votre consentement. Les destinataires des donn\u00e9es sont uniquement le personnel de Calvin-Thomas. Ces donn\u00e9es seront conserv\u00e9es pendant une dur\u00e9e de 3 ans \u00e0 compter de notre dernier contact et archiv\u00e9es pendant une dur\u00e9e de 5 ans maximum. Conform\u00e9ment \u00e0 la r\u00e8glementation en vigueur, vous b\u00e9n\u00e9ficiez d\u2019un droit d\u2019acc\u00e8s, de rectification, d\u2019effacement, de limitation et de portabilit\u00e9 de vos donn\u00e9es personnelles, du droit de d\u00e9finir des directives relatives au sort de ses donn\u00e9es personnelles apr\u00e8s votre mort, et du droit de formuler un recours devant une autorit\u00e9 de contr\u00f4le. Vous pouvez \u00e9galement, pour un motif l\u00e9gitime, vous opposer au traitement des donn\u00e9es personnelles vous concernant. Si vous souhaitez exercer ces droits merci de vous adresser \u00e0 Calvin-Thomas - 36, rue des Cordeliers - 13100 Aix-en-Provence ou courrier(at)calvin-thomas.com.\n<\/p>\n<p><input class=\"wpcf7-form-control wpcf7-submit has-spinner\" type=\"submit\" value=\"Envoyer\" \/>\n<\/p><div class=\"wpcf7-response-output\" aria-hidden=\"true\"><\/div>\n<\/form>\n<\/div>\n\n\n\n\n<div style=\"height:100px\" aria-hidden=\"true\" class=\"wp-block-spacer\"><\/div>\n","protected":false},"excerpt":{"rendered":"<p class=\"has-text-align-center content-centrer\" style=\"font-size:18px\">Apr\u00e8s avoir v\u00e9rifi\u00e9 les conditions d&rsquo;inscription, compl\u00e9tez en quelques clics notre formulaire de candidature \u00e0 notre programme Experiment !<\/p>\n<p> <a class=\"btn couleur large\" href=\"https:\/\/www.calvin-thomas.com\/experiment\/inscription-programme-experiment\/\">EN SAVOIR PLUS <\/a><\/p>\n","protected":false},"author":1,"featured_media":23,"parent":0,"menu_order":0,"comment_status":"closed","ping_status":"closed","template":"","meta":{"_uag_custom_page_level_css":""},"yoast_head":"<!-- This site is optimized with the Yoast SEO plugin v22.4 - https:\/\/yoast.com\/wordpress\/plugins\/seo\/ -->\n<title>Inscription \u00e0 Experiment, Stage et B\u00e9n\u00e9volat \u00e0 l&#039;\u00e9tranger<\/title>\n<meta name=\"description\" content=\"Inscription \u00e0 Experiment de Calvin-Thomas. Formulaire de candidature pour nos missions de stages &amp; b\u00e9n\u00e9volat USA, Afrique du Sud &amp; Tha\u00eflande.\" \/>\n<meta name=\"robots\" content=\"index, follow, max-snippet:-1, max-image-preview:large, max-video-preview:-1\" \/>\n<link rel=\"canonical\" href=\"https:\/\/www.calvin-thomas.com\/experiment\/inscription-programme-experiment\/\" \/>\n<meta property=\"og:locale\" content=\"fr_FR\" \/>\n<meta property=\"og:type\" content=\"article\" \/>\n<meta property=\"og:title\" content=\"Inscription \u00e0 Experiment, Stage et B\u00e9n\u00e9volat \u00e0 l&#039;\u00e9tranger\" \/>\n<meta property=\"og:description\" content=\"Inscription \u00e0 Experiment de Calvin-Thomas. Formulaire de candidature pour nos missions de stages &amp; b\u00e9n\u00e9volat USA, Afrique du Sud &amp; Tha\u00eflande.\" \/>\n<meta property=\"og:url\" content=\"https:\/\/www.calvin-thomas.com\/experiment\/inscription-programme-experiment\/\" \/>\n<meta property=\"og:site_name\" content=\"Experiment\" \/>\n<meta property=\"article:modified_time\" content=\"2024-05-24T12:40:12+00:00\" \/>\n<meta property=\"og:image\" content=\"https:\/\/www.calvin-thomas.com\/experiment\/wp-content\/uploads\/\/sites\/7\/entete-inscription.jpg\" \/>\n\t<meta property=\"og:image:width\" content=\"1200\" \/>\n\t<meta property=\"og:image:height\" content=\"793\" \/>\n\t<meta property=\"og:image:type\" content=\"image\/jpeg\" \/>\n<meta name=\"twitter:card\" content=\"summary_large_image\" \/>\n<meta name=\"twitter:label1\" content=\"Dur\u00e9e de lecture estim\u00e9e\" \/>\n\t<meta name=\"twitter:data1\" content=\"1 minute\" \/>\n<script type=\"application\/ld+json\" class=\"yoast-schema-graph\">{\"@context\":\"https:\/\/schema.org\",\"@graph\":[{\"@type\":\"WebPage\",\"@id\":\"https:\/\/www.calvin-thomas.com\/experiment\/inscription-programme-experiment\/\",\"url\":\"https:\/\/www.calvin-thomas.com\/experiment\/inscription-programme-experiment\/\",\"name\":\"Inscription \u00e0 Experiment, Stage et B\u00e9n\u00e9volat \u00e0 l'\u00e9tranger\",\"isPartOf\":{\"@id\":\"https:\/\/www.calvin-thomas.com\/experiment\/#website\"},\"primaryImageOfPage\":{\"@id\":\"https:\/\/www.calvin-thomas.com\/experiment\/inscription-programme-experiment\/#primaryimage\"},\"image\":{\"@id\":\"https:\/\/www.calvin-thomas.com\/experiment\/inscription-programme-experiment\/#primaryimage\"},\"thumbnailUrl\":\"https:\/\/www.calvin-thomas.com\/experiment\/wp-content\/uploads\/\/sites\/7\/entete-inscription.jpg\",\"datePublished\":\"2024-05-22T10:17:19+00:00\",\"dateModified\":\"2024-05-24T12:40:12+00:00\",\"description\":\"Inscription \u00e0 Experiment de Calvin-Thomas. Formulaire de candidature pour nos missions de stages & b\u00e9n\u00e9volat USA, Afrique du Sud & Tha\u00eflande.\",\"breadcrumb\":{\"@id\":\"https:\/\/www.calvin-thomas.com\/experiment\/inscription-programme-experiment\/#breadcrumb\"},\"inLanguage\":\"fr-FR\",\"potentialAction\":[{\"@type\":\"ReadAction\",\"target\":[\"https:\/\/www.calvin-thomas.com\/experiment\/inscription-programme-experiment\/\"]}]},{\"@type\":\"ImageObject\",\"inLanguage\":\"fr-FR\",\"@id\":\"https:\/\/www.calvin-thomas.com\/experiment\/inscription-programme-experiment\/#primaryimage\",\"url\":\"https:\/\/www.calvin-thomas.com\/experiment\/wp-content\/uploads\/\/sites\/7\/entete-inscription.jpg\",\"contentUrl\":\"https:\/\/www.calvin-thomas.com\/experiment\/wp-content\/uploads\/\/sites\/7\/entete-inscription.jpg\",\"width\":1200,\"height\":793,\"caption\":\"inscription stage et b\u00e9n\u00e9volat \u00e0 l'\u00e9tranger\"},{\"@type\":\"BreadcrumbList\",\"@id\":\"https:\/\/www.calvin-thomas.com\/experiment\/inscription-programme-experiment\/#breadcrumb\",\"itemListElement\":[{\"@type\":\"ListItem\",\"position\":1,\"name\":\"Accueil\",\"item\":\"https:\/\/www.calvin-thomas.com\/experiment\/\"},{\"@type\":\"ListItem\",\"position\":2,\"name\":\"Inscription au programme Experiment\"}]},{\"@type\":\"WebSite\",\"@id\":\"https:\/\/www.calvin-thomas.com\/experiment\/#website\",\"url\":\"https:\/\/www.calvin-thomas.com\/experiment\/\",\"name\":\"Experiment\",\"description\":\"Un site utilisant Les sites de Calvin-Thomas\",\"potentialAction\":[{\"@type\":\"SearchAction\",\"target\":{\"@type\":\"EntryPoint\",\"urlTemplate\":\"https:\/\/www.calvin-thomas.com\/experiment\/?s={search_term_string}\"},\"query-input\":\"required name=search_term_string\"}],\"inLanguage\":\"fr-FR\"}]}<\/script>\n<!-- \/ Yoast SEO plugin. -->","yoast_head_json":{"title":"Inscription \u00e0 Experiment, Stage et B\u00e9n\u00e9volat \u00e0 l'\u00e9tranger","description":"Inscription \u00e0 Experiment de Calvin-Thomas. Formulaire de candidature pour nos missions de stages & b\u00e9n\u00e9volat USA, Afrique du Sud & Tha\u00eflande.","robots":{"index":"index","follow":"follow","max-snippet":"max-snippet:-1","max-image-preview":"max-image-preview:large","max-video-preview":"max-video-preview:-1"},"canonical":"https:\/\/www.calvin-thomas.com\/experiment\/inscription-programme-experiment\/","og_locale":"fr_FR","og_type":"article","og_title":"Inscription \u00e0 Experiment, Stage et B\u00e9n\u00e9volat \u00e0 l'\u00e9tranger","og_description":"Inscription \u00e0 Experiment de Calvin-Thomas. Formulaire de candidature pour nos missions de stages & b\u00e9n\u00e9volat USA, Afrique du Sud & Tha\u00eflande.","og_url":"https:\/\/www.calvin-thomas.com\/experiment\/inscription-programme-experiment\/","og_site_name":"Experiment","article_modified_time":"2024-05-24T12:40:12+00:00","og_image":[{"width":1200,"height":793,"url":"https:\/\/www.calvin-thomas.com\/experiment\/wp-content\/uploads\/\/sites\/7\/entete-inscription.jpg","type":"image\/jpeg"}],"twitter_card":"summary_large_image","twitter_misc":{"Dur\u00e9e de lecture estim\u00e9e":"1 minute"},"schema":{"@context":"https:\/\/schema.org","@graph":[{"@type":"WebPage","@id":"https:\/\/www.calvin-thomas.com\/experiment\/inscription-programme-experiment\/","url":"https:\/\/www.calvin-thomas.com\/experiment\/inscription-programme-experiment\/","name":"Inscription \u00e0 Experiment, Stage et B\u00e9n\u00e9volat \u00e0 l'\u00e9tranger","isPartOf":{"@id":"https:\/\/www.calvin-thomas.com\/experiment\/#website"},"primaryImageOfPage":{"@id":"https:\/\/www.calvin-thomas.com\/experiment\/inscription-programme-experiment\/#primaryimage"},"image":{"@id":"https:\/\/www.calvin-thomas.com\/experiment\/inscription-programme-experiment\/#primaryimage"},"thumbnailUrl":"https:\/\/www.calvin-thomas.com\/experiment\/wp-content\/uploads\/\/sites\/7\/entete-inscription.jpg","datePublished":"2024-05-22T10:17:19+00:00","dateModified":"2024-05-24T12:40:12+00:00","description":"Inscription \u00e0 Experiment de Calvin-Thomas. Formulaire de candidature pour nos missions de stages & b\u00e9n\u00e9volat USA, Afrique du Sud & Tha\u00eflande.","breadcrumb":{"@id":"https:\/\/www.calvin-thomas.com\/experiment\/inscription-programme-experiment\/#breadcrumb"},"inLanguage":"fr-FR","potentialAction":[{"@type":"ReadAction","target":["https:\/\/www.calvin-thomas.com\/experiment\/inscription-programme-experiment\/"]}]},{"@type":"ImageObject","inLanguage":"fr-FR","@id":"https:\/\/www.calvin-thomas.com\/experiment\/inscription-programme-experiment\/#primaryimage","url":"https:\/\/www.calvin-thomas.com\/experiment\/wp-content\/uploads\/\/sites\/7\/entete-inscription.jpg","contentUrl":"https:\/\/www.calvin-thomas.com\/experiment\/wp-content\/uploads\/\/sites\/7\/entete-inscription.jpg","width":1200,"height":793,"caption":"inscription stage et b\u00e9n\u00e9volat \u00e0 l'\u00e9tranger"},{"@type":"BreadcrumbList","@id":"https:\/\/www.calvin-thomas.com\/experiment\/inscription-programme-experiment\/#breadcrumb","itemListElement":[{"@type":"ListItem","position":1,"name":"Accueil","item":"https:\/\/www.calvin-thomas.com\/experiment\/"},{"@type":"ListItem","position":2,"name":"Inscription au programme Experiment"}]},{"@type":"WebSite","@id":"https:\/\/www.calvin-thomas.com\/experiment\/#website","url":"https:\/\/www.calvin-thomas.com\/experiment\/","name":"Experiment","description":"Un site utilisant Les sites de Calvin-Thomas","potentialAction":[{"@type":"SearchAction","target":{"@type":"EntryPoint","urlTemplate":"https:\/\/www.calvin-thomas.com\/experiment\/?s={search_term_string}"},"query-input":"required name=search_term_string"}],"inLanguage":"fr-FR"}]}},"uagb_featured_image_src":{"full":["https:\/\/www.calvin-thomas.com\/experiment\/wp-content\/uploads\/\/sites\/7\/entete-inscription.jpg",1200,793,false],"thumbnail":["https:\/\/www.calvin-thomas.com\/experiment\/wp-content\/uploads\/\/sites\/7\/entete-inscription-150x150.jpg",150,150,true],"medium":["https:\/\/www.calvin-thomas.com\/experiment\/wp-content\/uploads\/\/sites\/7\/entete-inscription-300x198.jpg",300,198,true],"medium_large":["https:\/\/www.calvin-thomas.com\/experiment\/wp-content\/uploads\/\/sites\/7\/entete-inscription-768x508.jpg",640,423,true],"large":["https:\/\/www.calvin-thomas.com\/experiment\/wp-content\/uploads\/\/sites\/7\/entete-inscription-1024x677.jpg",640,423,true],"1536x1536":["https:\/\/www.calvin-thomas.com\/experiment\/wp-content\/uploads\/\/sites\/7\/entete-inscription.jpg",1200,793,false],"2048x2048":["https:\/\/www.calvin-thomas.com\/experiment\/wp-content\/uploads\/\/sites\/7\/entete-inscription.jpg",1200,793,false]},"uagb_author_info":{"display_name":"redac-calvinthomas","author_link":"https:\/\/www.calvin-thomas.com\/experiment\/author\/redac-calvinthomas\/"},"uagb_comment_info":0,"uagb_excerpt":"Apr\u00e8s avoir v\u00e9rifi\u00e9 les conditions d&rsquo;inscription, compl\u00e9tez en quelques clics notre formulaire de candidature \u00e0 notre programme Experiment ! EN SAVOIR PLUS","_links":{"self":[{"href":"https:\/\/www.calvin-thomas.com\/experiment\/wp-json\/wp\/v2\/pages\/7"}],"collection":[{"href":"https:\/\/www.calvin-thomas.com\/experiment\/wp-json\/wp\/v2\/pages"}],"about":[{"href":"https:\/\/www.calvin-thomas.com\/experiment\/wp-json\/wp\/v2\/types\/page"}],"author":[{"embeddable":true,"href":"https:\/\/www.calvin-thomas.com\/experiment\/wp-json\/wp\/v2\/users\/1"}],"replies":[{"embeddable":true,"href":"https:\/\/www.calvin-thomas.com\/experiment\/wp-json\/wp\/v2\/comments?post=7"}],"version-history":[{"count":0,"href":"https:\/\/www.calvin-thomas.com\/experiment\/wp-json\/wp\/v2\/pages\/7\/revisions"}],"wp:featuredmedia":[{"embeddable":true,"href":"https:\/\/www.calvin-thomas.com\/experiment\/wp-json\/wp\/v2\/media\/23"}],"wp:attachment":[{"href":"https:\/\/www.calvin-thomas.com\/experiment\/wp-json\/wp\/v2\/media?parent=7"}],"curies":[{"name":"wp","href":"https:\/\/api.w.org\/{rel}","templated":true}]}}