{"id":1945,"date":"2022-02-07T09:21:04","date_gmt":"2022-02-07T08:21:04","guid":{"rendered":"https:\/\/www.calvin-thomas.com\/highschool\/?page_id=1945"},"modified":"2025-04-24T14:59:12","modified_gmt":"2025-04-24T12:59:12","slug":"lycees-districts-canada-partenaires","status":"publish","type":"page","link":"https:\/\/www.calvin-thomas.com\/highschool\/lycees-districts-canada-partenaires\/","title":{"rendered":"Nos lyc\u00e9es du Canada partenaires"},"content":{"rendered":"\n<div style=\"height:30px\" aria-hidden=\"true\" class=\"wp-block-spacer\"><\/div>\n\n\n\n<div class=\"wp-block-columns has-2-columns column-centre is-layout-flex wp-container-core-columns-is-layout-1 wp-block-columns-is-layout-flex\">\n<div class=\"wp-block-column is-layout-flow wp-block-column-is-layout-flow\">\n<p class=\"has-text-align-left intro\">Les lyc\u00e9es canadiens, partenaires du r\u00e9seau Calvin-Thomas, sont des lyc\u00e9es publics payants de petites tailles (de 200 \u00e0 1 500 \u00e9l\u00e8ves maximum). Les frais de scolarit\u00e9 sont inclus dans notre formule. <\/p>\n\n\n\n<p>Ces \u00e9coles, qui ont des moyens plus importants que les \u00e9coles publiques non payantes, permettent de garantir certaines activit\u00e9s et d\u2019offrir au participant un encadrement de proximit\u00e9.<\/p>\n\n\n\n<p class=\"has-text-align-left intro\">Nota : ces lyc\u00e9es du Canada font partis des \u00e9tablissements disponibles pour un <a href=\"https:\/\/www.calvin-thomas.com\/highschool\/sejour-scolaire\/canada-choix-district\/\">s\u00e9jour \u201cCanada &#8211; Choice +\u201d<\/a><br><\/p>\n<\/div>\n\n\n\n<div class=\"wp-block-column is-layout-flow wp-block-column-is-layout-flow\"><\/div>\n<\/div>\n\n\n\n<div style=\"height:100px\" aria-hidden=\"true\" class=\"wp-block-spacer\"><\/div>\n\n\n\n<div class=\"wp-block-columns has-2-columns column-centre is-layout-flex wp-container-core-columns-is-layout-2 wp-block-columns-is-layout-flex\">\n<div class=\"wp-block-column cadre-lycee is-layout-flow wp-block-column-is-layout-flow\">\n<figure class=\"wp-block-image\"><img loading=\"lazy\" decoding=\"async\" width=\"860\" height=\"500\" src=\"https:\/\/www.calvin-thomas.com\/highschool\/wp-content\/uploads\/\/sites\/4\/richmond-district.jpg\" alt=\"Richmond School District\" class=\"wp-image-2803\" srcset=\"https:\/\/www.calvin-thomas.com\/highschool\/wp-content\/uploads\/\/sites\/4\/richmond-district.jpg 860w, https:\/\/www.calvin-thomas.com\/highschool\/wp-content\/uploads\/\/sites\/4\/richmond-district-300x174.jpg 300w, https:\/\/www.calvin-thomas.com\/highschool\/wp-content\/uploads\/\/sites\/4\/richmond-district-768x447.jpg 768w\" sizes=\"(max-width: 860px) 100vw, 860px\" \/><\/figure>\n\n\n\n<h4 class=\"wp-block-heading column-centre\"><strong>Richmond<\/strong><br><em>Colombie britannique<\/em><\/h4>\n\n\n\n<p class=\"tarifs\"><strong>TARIFS :<\/strong><br>\u2022 16 500 \u20ac pour le semestre<br>\u2022 27 500 \u20ac\u00a0pour\u00a0l\u2019ann\u00e9e<\/p>\n\n\n\n<details class=\"wp-block-details is-layout-flow wp-block-details-is-layout-flow\"><summary>Pr\u00e9sentation<\/summary>\n<p>Le \u201cRichmond School District\u201d regroupe 10 lyc\u00e9es \u00e0 seulement 20 minutes de Vancouver. La majorit\u00e9 des \u00e9tablissements ayant \u00e9t\u00e9 construits dans les 15 derni\u00e8res ann\u00e9es, les \u00e9tudiants b\u00e9n\u00e9ficient d\u2019infrastructures exceptionnelles et modernes ! <br>Le point fort de ce district est, d\u2019une part, son tr\u00e8s bon r\u00e9seau de transport en commun depuis\/vers Vancouver (\u201cairtrain\u201d) et surtout son taux de criminalit\u00e9 le plus bas de Colombie Britannique. Les participants auront un tr\u00e8s large choix en termes de clubs (cheer, engineering, ski club, robotics,\u2026), mati\u00e8res (cuisine, cr\u00e9ation de vid\u00e9os et graphisme, fashion design\u2026) et sports (soocer, swimming, basketball, track &amp; field, ultimate,\u2026) propos\u00e9s.<\/p>\n<\/details>\n<\/div>\n\n\n\n<div class=\"wp-block-column cadre-lycee is-layout-flow wp-block-column-is-layout-flow\">\n<figure class=\"wp-block-image\"><img loading=\"lazy\" decoding=\"async\" width=\"860\" height=\"500\" src=\"https:\/\/www.calvin-thomas.com\/highschool\/wp-content\/uploads\/\/sites\/4\/lampton-kent-school.jpg\" alt=\"Lampton Kent\" class=\"wp-image-2598\" srcset=\"https:\/\/www.calvin-thomas.com\/highschool\/wp-content\/uploads\/\/sites\/4\/lampton-kent-school.jpg 860w, https:\/\/www.calvin-thomas.com\/highschool\/wp-content\/uploads\/\/sites\/4\/lampton-kent-school-300x174.jpg 300w, https:\/\/www.calvin-thomas.com\/highschool\/wp-content\/uploads\/\/sites\/4\/lampton-kent-school-768x447.jpg 768w\" sizes=\"(max-width: 860px) 100vw, 860px\" \/><\/figure>\n\n\n\n<h4 class=\"wp-block-heading column-centre\"><strong>Lampton Kent<\/strong><br><em>Ontario<\/em><\/h4>\n\n\n\n<p class=\"tarifs\"><strong>TARIFS :<\/strong><br>\u2022 8 700 \u20ac pour 2 mois<br>\u2022 10 700 \u20ac pour 1 trimestre<br>\u2022 15 900 \u20ac pour le semestre<br>\u2022 22 900 \u20ac\u00a0pour\u00a0l\u2019ann\u00e9e<\/p>\n\n\n\n<details class=\"wp-block-details is-layout-flow wp-block-details-is-layout-flow\"><summary>Pr\u00e9sentation<\/summary>\n<p>Le district compte 11 \u00e9tablissements au total (Blenheim, Chattam Kent, Great Lakes, Lambton Central, Lambton Kent, John Mac Gregor, Northen Collegiate, North Lambton, Ridgetown, Tilbury et Wallaceburg). Le district compte aussi bien des petits \u00e9tablissements de 200-300 \u00e9tudiants que des plus gros lyc\u00e9es avec environ 1200 \u00e9l\u00e8ves. L\u2019ensemble des lyc\u00e9es accepte les bacheliers et propose la \u201cgraduation\u201d.<\/p>\n<\/details>\n<\/div>\n<\/div>\n\n\n\n<div class=\"wp-block-columns has-2-columns column-centre is-layout-flex wp-container-core-columns-is-layout-3 wp-block-columns-is-layout-flex\">\n<div class=\"wp-block-column cadre-lycee is-layout-flow wp-block-column-is-layout-flow\">\n<figure class=\"wp-block-image\"><img loading=\"lazy\" decoding=\"async\" width=\"860\" height=\"500\" src=\"https:\/\/www.calvin-thomas.com\/highschool\/wp-content\/uploads\/\/sites\/4\/nova-scotia-school.jpg\" alt=\"Nova Scotia\" class=\"wp-image-2599\" srcset=\"https:\/\/www.calvin-thomas.com\/highschool\/wp-content\/uploads\/\/sites\/4\/nova-scotia-school.jpg 860w, https:\/\/www.calvin-thomas.com\/highschool\/wp-content\/uploads\/\/sites\/4\/nova-scotia-school-300x174.jpg 300w, https:\/\/www.calvin-thomas.com\/highschool\/wp-content\/uploads\/\/sites\/4\/nova-scotia-school-768x447.jpg 768w\" sizes=\"(max-width: 860px) 100vw, 860px\" \/><\/figure>\n\n\n\n<h4 class=\"wp-block-heading column-centre\"><strong>Nova Scotia<\/strong><br><em>Nouvelle-\u00c9cosse<\/em><\/h4>\n\n\n\n<p class=\"tarifs\"><strong>TARIFS :<\/strong><br>\u2022 8 900 \u20ac pour 1 trimestre<br>\u2022 13 500 \u20ac pour le semestre<br>\u2022 22 900 \u20ac\u00a0pour\u00a0l\u2019ann\u00e9e<\/p>\n\n\n\n<details class=\"wp-block-details is-layout-flow wp-block-details-is-layout-flow\"><summary>Pr\u00e9sentation<\/summary>\n<p>Le district compte 43 lyc\u00e9es en tout ! Par exemple, Annapolis Valley Center of Education, Cape Breton Victoria, Chignecto Central, Halifax Regional Center, South Shore Regional Center, Strait Regional Center, Tri-County Regional Center for Education. Il s\u2019agit d\u2019une r\u00e9gion anglophone du pays bien que situ\u00e9e sur la C\u00f4te Est du Canada. Tous les \u00e9tablissements acceptent les bacheliers et proposent la \u201cgraduation\u201d.<\/p>\n<\/details>\n<\/div>\n\n\n\n<div class=\"wp-block-column is-layout-flow wp-block-column-is-layout-flow\">\n<p><\/p>\n<\/div>\n<\/div>\n\n\n\n<div class=\"wp-block-columns has-2-columns column-centre is-layout-flex wp-container-core-columns-is-layout-4 wp-block-columns-is-layout-flex\">\n<div class=\"wp-block-column cadre-lycee is-layout-flow wp-block-column-is-layout-flow\">\n<p class=\"has-text-align-center\"><\/p>\n\n\n\n<p class=\"has-text-align-center\"> <strong>Plus de lyc\u00e9es sont disponibles sur demande.<\/strong><\/p>\n<\/div>\n\n\n\n<div class=\"wp-block-column is-layout-flow wp-block-column-is-layout-flow\">\n<p><\/p>\n<\/div>\n<\/div>\n\n\n\n<div style=\"height:50px\" aria-hidden=\"true\" class=\"wp-block-spacer\"><\/div>\n\n\n\n<figure class=\"wp-block-image alignfull citation-image-fullwidth\"><img loading=\"lazy\" decoding=\"async\" width=\"1024\" height=\"480\" src=\"https:\/\/www.calvin-thomas.com\/highschool\/wp-content\/uploads\/\/sites\/4\/lycees-canada-anglophones-1024x480.jpg\" alt=\"s\u00e9jours linguistiques dans un lyc\u00e9e canadien\" class=\"wp-image-2114\" srcset=\"https:\/\/www.calvin-thomas.com\/highschool\/wp-content\/uploads\/\/sites\/4\/lycees-canada-anglophones-1024x480.jpg 1024w, https:\/\/www.calvin-thomas.com\/highschool\/wp-content\/uploads\/\/sites\/4\/lycees-canada-anglophones-300x141.jpg 300w, https:\/\/www.calvin-thomas.com\/highschool\/wp-content\/uploads\/\/sites\/4\/lycees-canada-anglophones-768x360.jpg 768w, https:\/\/www.calvin-thomas.com\/highschool\/wp-content\/uploads\/\/sites\/4\/lycees-canada-anglophones.jpg 1280w\" sizes=\"(max-width: 1024px) 100vw, 1024px\" \/><\/figure>\n\n\n\n<div style=\"height:50px\" aria-hidden=\"true\" class=\"wp-block-spacer\"><\/div>\n","protected":false},"excerpt":{"rendered":"<p class=\"has-text-align-left intro\">Les lyc\u00e9es canadiens, partenaires du r\u00e9seau Calvin-Thomas, sont des lyc\u00e9es publics payants de petites tailles (de 200 \u00e0 1 500 \u00e9l\u00e8ves maximum). Les frais de scolarit\u00e9 sont inclus dans notre formule. <\/p>\n<p>Ces \u00e9coles, qui ont des moyens plus importants que les \u00e9coles publiques non payantes, permettent de garantir certaines activit\u00e9s et d\u2019offrir au participant un encadrement de proximit\u00e9.<\/p>\n<p class=\"has-text-align-left intro\">Nota : ces lyc\u00e9es du Canada font partis des \u00e9tablissements disponibles pour un <a href=\"https:\/\/www.calvin-thomas.com\/highschool\/sejour-scolaire\/canada-choix-district\/\">s\u00e9jour \u201cCanada &#8211;<\/a><\/p>\n<p> <a class=\"btn couleur large\" href=\"https:\/\/www.calvin-thomas.com\/highschool\/lycees-districts-canada-partenaires\/\">EN SAVOIR PLUS <\/a><\/p>\n","protected":false},"author":1,"featured_media":2602,"parent":0,"menu_order":2,"comment_status":"closed","ping_status":"closed","template":"","meta":{"_uag_custom_page_level_css":"","wp_popup_display_lightbox":0,"wp_popup_suppress":"","wp_popup_trigger":"","wp_popup_trigger_amount":0,"wp_popup_disable_on_mobile":false,"footnotes":""},"uagb_featured_image_src":{"full":["https:\/\/www.calvin-thomas.com\/highschool\/wp-content\/uploads\/\/sites\/4\/entete-ecoles-canada.jpg",1024,480,false],"thumbnail":["https:\/\/www.calvin-thomas.com\/highschool\/wp-content\/uploads\/\/sites\/4\/entete-ecoles-canada-150x150.jpg",150,150,true],"medium":["https:\/\/www.calvin-thomas.com\/highschool\/wp-content\/uploads\/\/sites\/4\/entete-ecoles-canada-300x141.jpg",300,141,true],"medium_large":["https:\/\/www.calvin-thomas.com\/highschool\/wp-content\/uploads\/\/sites\/4\/entete-ecoles-canada-768x360.jpg",640,300,true],"large":["https:\/\/www.calvin-thomas.com\/highschool\/wp-content\/uploads\/\/sites\/4\/entete-ecoles-canada-1024x480.jpg",640,300,true],"1536x1536":["https:\/\/www.calvin-thomas.com\/highschool\/wp-content\/uploads\/\/sites\/4\/entete-ecoles-canada.jpg",1024,480,false],"2048x2048":["https:\/\/www.calvin-thomas.com\/highschool\/wp-content\/uploads\/\/sites\/4\/entete-ecoles-canada.jpg",1024,480,false],"gform-image-choice-sm":["https:\/\/www.calvin-thomas.com\/highschool\/wp-content\/uploads\/\/sites\/4\/entete-ecoles-canada.jpg",300,141,false],"gform-image-choice-md":["https:\/\/www.calvin-thomas.com\/highschool\/wp-content\/uploads\/\/sites\/4\/entete-ecoles-canada.jpg",400,188,false],"gform-image-choice-lg":["https:\/\/www.calvin-thomas.com\/highschool\/wp-content\/uploads\/\/sites\/4\/entete-ecoles-canada.jpg",600,281,false]},"uagb_author_info":{"display_name":"redac-calvinthomas","author_link":"https:\/\/www.calvin-thomas.com\/highschool\/author\/redac-calvinthomas\/"},"uagb_comment_info":0,"uagb_excerpt":"Les lyc\u00e9es canadiens, partenaires du r\u00e9seau Calvin-Thomas, sont des lyc\u00e9es publics payants de petites tailles (de 200 \u00e0 1 500 \u00e9l\u00e8ves maximum). Les frais de scolarit\u00e9 sont inclus dans notre formule. Ces \u00e9coles, qui ont des moyens plus importants que les \u00e9coles publiques non payantes, permettent de garantir certaines activit\u00e9s et d\u2019offrir au participant un\u2026","_links":{"self":[{"href":"https:\/\/www.calvin-thomas.com\/highschool\/wp-json\/wp\/v2\/pages\/1945"}],"collection":[{"href":"https:\/\/www.calvin-thomas.com\/highschool\/wp-json\/wp\/v2\/pages"}],"about":[{"href":"https:\/\/www.calvin-thomas.com\/highschool\/wp-json\/wp\/v2\/types\/page"}],"author":[{"embeddable":true,"href":"https:\/\/www.calvin-thomas.com\/highschool\/wp-json\/wp\/v2\/users\/1"}],"replies":[{"embeddable":true,"href":"https:\/\/www.calvin-thomas.com\/highschool\/wp-json\/wp\/v2\/comments?post=1945"}],"version-history":[{"count":0,"href":"https:\/\/www.calvin-thomas.com\/highschool\/wp-json\/wp\/v2\/pages\/1945\/revisions"}],"wp:featuredmedia":[{"embeddable":true,"href":"https:\/\/www.calvin-thomas.com\/highschool\/wp-json\/wp\/v2\/media\/2602"}],"wp:attachment":[{"href":"https:\/\/www.calvin-thomas.com\/highschool\/wp-json\/wp\/v2\/media?parent=1945"}],"curies":[{"name":"wp","href":"https:\/\/api.w.org\/{rel}","templated":true}]}}