{"id":262,"date":"2018-12-05T17:40:30","date_gmt":"2018-12-05T16:40:30","guid":{"rendered":"https:\/\/www.calvin-thomas.com\/highschool\/?page_id=262"},"modified":"2026-01-22T10:49:16","modified_gmt":"2026-01-22T09:49:16","slug":"lycees-australie","status":"publish","type":"page","link":"https:\/\/www.calvin-thomas.com\/highschool\/lycees-australie\/","title":{"rendered":"Nos lyc\u00e9es d&#8217;Australie partenaires"},"content":{"rendered":"\n<div style=\"height:30px\" aria-hidden=\"true\" class=\"wp-block-spacer\"><\/div>\n\n\n\n<div class=\"wp-block-columns has-2-columns column-centre is-layout-flex wp-container-core-columns-is-layout-1 wp-block-columns-is-layout-flex\">\n<div class=\"wp-block-column is-layout-flow wp-block-column-is-layout-flow\">\n<p class=\"has-text-align-left intro\">Rythme de vie d\u00e9contract\u00e9, chaleur et dynamisme, esprit d\u2019ind\u00e9pendance, go\u00fbt prononc\u00e9 pour la nature, le sport, les activit\u00e9s sociales\u2026 Le tout \u00e0 l\u2019autre bout du monde ! Un s\u00e9jour scolaire dans un de nos lyc\u00e9es d&#8217;Australie, c&#8217;est vivre dans un pays jeune, mais d\u00e9j\u00e0 moderne et \u00e9quip\u00e9e\u2026 \u00e0 17 000 kilom\u00e8tres et \u00e0 25 heures d&#8217;avion.<\/p>\n\n\n\n<p class=\"has-text-align-left intro\">Nota : ces lyc\u00e9es d&#8217;Australie font partis des \u00e9tablissements disponibles pour un <a href=\"https:\/\/www.calvin-thomas.com\/highschool\/sejour-scolaire\/australie-select\/\">s\u00e9jour \u201cAustralie &#8211; Choix de l&#8217;\u00e9cole\u201d<\/a>.<br><\/p>\n<\/div>\n\n\n\n<div class=\"wp-block-column is-layout-flow wp-block-column-is-layout-flow\"><\/div>\n<\/div>\n\n\n\n<div style=\"height:100px\" aria-hidden=\"true\" class=\"wp-block-spacer\"><\/div>\n\n\n\n<div class=\"wp-block-columns has-2-columns column-centre is-layout-flex wp-container-core-columns-is-layout-2 wp-block-columns-is-layout-flex\">\n<div class=\"wp-block-column cadre-lycee is-layout-flow wp-block-column-is-layout-flow\">\n<figure class=\"wp-block-image\"><img loading=\"lazy\" decoding=\"async\" width=\"860\" height=\"500\" src=\"https:\/\/www.calvin-thomas.com\/highschool\/wp-content\/uploads\/\/sites\/4\/Fraser-Coast-Anglican-College.jpg\" alt=\"Fraser Coast Anglican College\" class=\"wp-image-2840\" srcset=\"https:\/\/www.calvin-thomas.com\/highschool\/wp-content\/uploads\/\/sites\/4\/Fraser-Coast-Anglican-College.jpg 860w, https:\/\/www.calvin-thomas.com\/highschool\/wp-content\/uploads\/\/sites\/4\/Fraser-Coast-Anglican-College-300x174.jpg 300w, https:\/\/www.calvin-thomas.com\/highschool\/wp-content\/uploads\/\/sites\/4\/Fraser-Coast-Anglican-College-768x447.jpg 768w\" sizes=\"(max-width: 860px) 100vw, 860px\" \/><\/figure>\n\n\n\n<h4 class=\"wp-block-heading column-centre\"><strong>Fraser Coast Anglican College<\/strong><br><em>Hervey Bay (Queensland)<\/em><\/h4>\n\n\n\n<p class=\"tarifs\"><strong>TARIFS 2026 :<\/strong><br>\u2022 sur demande pour un trimestre<br>\u2022 sur demande pour le semestre<br>\u2022 sur demande pour l\u2019ann\u00e9e<\/p>\n\n\n\n<details class=\"wp-block-details is-layout-flow wp-block-details-is-layout-flow\"><summary>Pr\u00e9sentation<\/summary>\n<p>Fraser Coast est un lyc\u00e9e priv\u00e9 situ\u00e9 dans la baie de Hervey, \u00e0 environ 2h de Sunshine Coast. En dehors des programmes acad\u00e9miques, les lyc\u00e9ens ont la possibilit\u00e9 de faire de nombreuses activit\u00e9s sportives, artistiques et musicales. Ils ont \u00e9galement l\u2019opportunit\u00e9 de participer \u00e0 des excursions, faire du camping sauvage, ou participer \u00e0 des \u201cleadership trainings\u201d.<\/p>\n\n\n\n<p class=\"btn couleur large\"><a style=\"border:none !important\" rel=\"noreferrer noopener\" aria-label=\"Consulter la fiche (ouverture dans un nouvel onglet)\" href=\"https:\/\/www.calvin-thomas.com\/pdf\/fiches-highschools-USA\/fraser-school.pdf\" target=\"_blank\">Consulter la fiche [PDF]<\/a><\/p>\n<\/details>\n<\/div>\n\n\n\n<div class=\"wp-block-column cadre-lycee is-layout-flow wp-block-column-is-layout-flow\">\n<figure class=\"wp-block-image\"><img loading=\"lazy\" decoding=\"async\" width=\"860\" height=\"500\" src=\"https:\/\/www.calvin-thomas.com\/highschool\/wp-content\/uploads\/\/sites\/4\/All-Saints-Anglican-School.jpg\" alt=\"All Saints Anglican School\" class=\"wp-image-2841\" srcset=\"https:\/\/www.calvin-thomas.com\/highschool\/wp-content\/uploads\/\/sites\/4\/All-Saints-Anglican-School.jpg 860w, https:\/\/www.calvin-thomas.com\/highschool\/wp-content\/uploads\/\/sites\/4\/All-Saints-Anglican-School-300x174.jpg 300w, https:\/\/www.calvin-thomas.com\/highschool\/wp-content\/uploads\/\/sites\/4\/All-Saints-Anglican-School-768x447.jpg 768w\" sizes=\"(max-width: 860px) 100vw, 860px\" \/><\/figure>\n\n\n\n<h4 class=\"wp-block-heading column-centre\"><strong>All Saints Anglican School<\/strong><br><em>Gold Coast (Queensland)<\/em><\/h4>\n\n\n\n<p class=\"tarifs\"><strong>TARIFS 2026 :<\/strong><br>\u2022 sur demande pour un trimestre<br>\u2022 sur demande pour le semestre<br>\u2022 sur demande pour l\u2019ann\u00e9e<\/p>\n\n\n\n<details class=\"wp-block-details is-layout-flow wp-block-details-is-layout-flow\"><summary>Pr\u00e9sentation<\/summary>\n<p>All Saints Anglian School est un lyc\u00e9e priv\u00e9 fond\u00e9 en 1987 situ\u00e9 sur la Gold Coast (\u00e0 environ 1h de Brisbane). Le campus offre de belles infrastructures sportives (2 piscines chauff\u00e9es \u2014 1 int\u00e9rieure et 1 ext\u00e9rieure \u2014, des terrains de basket, salles de sport, terrains de volley et hockey, et m\u00eame un petit parcours de golf) et acad\u00e9miques (auditorium, music center, 2 th\u00e9\u00e2tres, un espace costumes et une \u201cgreen room\u201d). Les \u00e9tudiants peuvent y pratiquer beaucoup d\u2019activit\u00e9s, comme la natation, le \u201ccross country\u201d, les \u00e9checs, chorale, ou encore \u201cpublic speaking\u201d.<\/p>\n\n\n\n<p class=\"btn couleur large\"><a style=\"border:none !important\" rel=\"noreferrer noopener\" aria-label=\"Consulter la fiche (ouverture dans un nouvel onglet)\" href=\"https:\/\/www.calvin-thomas.com\/pdf\/fiches-highschools-USA\/all-saint.pdf\" target=\"_blank\">Consulter la fiche [PDF]<\/a><\/p>\n<\/details>\n<\/div>\n<\/div>\n\n\n\n<div class=\"wp-block-columns has-2-columns column-centre is-layout-flex wp-container-core-columns-is-layout-3 wp-block-columns-is-layout-flex\">\n<div class=\"wp-block-column cadre-lycee is-layout-flow wp-block-column-is-layout-flow\">\n<figure class=\"wp-block-image\"><img loading=\"lazy\" decoding=\"async\" width=\"860\" height=\"500\" src=\"https:\/\/www.calvin-thomas.com\/highschool\/wp-content\/uploads\/\/sites\/4\/Mercedes-College.jpg\" alt=\"Mercedes College\" class=\"wp-image-2842\" srcset=\"https:\/\/www.calvin-thomas.com\/highschool\/wp-content\/uploads\/\/sites\/4\/Mercedes-College.jpg 860w, https:\/\/www.calvin-thomas.com\/highschool\/wp-content\/uploads\/\/sites\/4\/Mercedes-College-300x174.jpg 300w, https:\/\/www.calvin-thomas.com\/highschool\/wp-content\/uploads\/\/sites\/4\/Mercedes-College-768x447.jpg 768w\" sizes=\"(max-width: 860px) 100vw, 860px\" \/><\/figure>\n\n\n\n<h4 class=\"wp-block-heading column-centre\"><strong>Mercedes College<\/strong><br><em>Adelaide (South Australia)<\/em><\/h4>\n\n\n\n<p class=\"tarifs\"><strong>TARIFS 2026 :<\/strong><br>\u2022 sur demande pour l\u2019ann\u00e9e<\/p>\n\n\n\n<details class=\"wp-block-details is-layout-flow wp-block-details-is-layout-flow\"><summary>Pr\u00e9sentation<\/summary>\n<p>Mercedes College est un lyc\u00e9e priv\u00e9. Il a \u00e9t\u00e9 cr\u00e9\u00e9 en 1954. Il offre la possibilit\u00e9 de passer le IB (\u201cInternational Baccalaureate\u201d), dipl\u00f4me tr\u00e8s convoit\u00e9 par les \u00e9tablissements internationaux post-bac. Le d\u00e9veloppement des comp\u00e9tences personnelles \u2013 notamment au niveau du leadership est tr\u00e8s important au sein de l\u2019\u00e9tablissement. On y trouve une multitude d\u2019options propos\u00e9es : sports (basket, cricket, cross-country, netball, hockey,\u2026), arts (guitare, percussions, chant, ukul\u00e9l\u00e9, th\u00e9\u00e2tre, danse,\u2026), et divers clubs (\u201cdebating\u201d, \u00e9checs, \u201ccoding\u201d, \u201cmock trial\u201d, \u201csocial justice\u201d,\u2026). Sa localisation \u00e0 Ad\u00e9la\u00efde est id\u00e9ale, car l\u2019acc\u00e8s y est tr\u00e8s facile en transports en commun.<\/p>\n\n\n\n<p class=\"btn couleur large\"><a style=\"border:none !important\" rel=\"noreferrer noopener\" aria-label=\"Consulter la fiche (ouverture dans un nouvel onglet)\" href=\"https:\/\/www.calvin-thomas.com\/pdf\/fiches-highschools-USA\/mercedes-college.pdf\" target=\"_blank\">Consulter la fiche [PDF]<\/a><\/p>\n<\/details>\n<\/div>\n\n\n\n<div class=\"wp-block-column is-layout-flow wp-block-column-is-layout-flow\">\n<p><\/p>\n<\/div>\n<\/div>\n\n\n\n<div style=\"height:50px\" aria-hidden=\"true\" class=\"wp-block-spacer\"><\/div>\n\n\n\n<figure class=\"wp-block-image alignfull citation-image-fullwidth\"><img decoding=\"async\" src=\"https:\/\/www.calvin-thomas.com\/highschool\/wp-content\/uploads\/sites\/4\/entete-programme-nouvelle-zelande.jpg\" alt=\"\" class=\"wp-image-105\"\/><\/figure>\n\n\n\n<p><\/p>\n","protected":false},"excerpt":{"rendered":"<p class=\"has-text-align-left intro\">Rythme de vie d\u00e9contract\u00e9, chaleur et dynamisme, esprit d\u2019ind\u00e9pendance, go\u00fbt prononc\u00e9 pour la nature, le sport, les activit\u00e9s sociales\u2026 Le tout \u00e0 l\u2019autre bout du monde ! Un s\u00e9jour scolaire dans un de nos lyc\u00e9es d&#8217;Australie, c&#8217;est vivre dans un pays jeune, mais d\u00e9j\u00e0 moderne et \u00e9quip\u00e9e\u2026 \u00e0 17 000 kilom\u00e8tres et \u00e0 25 heures d&#8217;avion.<\/p>\n<p class=\"has-text-align-left intro\">Nota : ces lyc\u00e9es d&#8217;Australie font partis des \u00e9tablissements disponibles pour un <a href=\"https:\/\/www.calvin-thomas.com\/highschool\/sejour-scolaire\/australie-select\/\">s\u00e9jour \u201cAustralie &#8211; Choix de l&#8217;\u00e9cole\u201d<\/a>.<\/p>\n<p> <a class=\"btn couleur large\" href=\"https:\/\/www.calvin-thomas.com\/highschool\/lycees-australie\/\">EN SAVOIR PLUS <\/a><\/p>\n","protected":false},"author":1,"featured_media":2844,"parent":0,"menu_order":2,"comment_status":"closed","ping_status":"closed","template":"","meta":{"_uag_custom_page_level_css":"","wp_popup_display_lightbox":0,"wp_popup_suppress":"","wp_popup_trigger":"","wp_popup_trigger_amount":0,"wp_popup_disable_on_mobile":false,"footnotes":""},"uagb_featured_image_src":{"full":["https:\/\/www.calvin-thomas.com\/highschool\/wp-content\/uploads\/\/sites\/4\/entete-ecoles-australie.jpg",1024,480,false],"thumbnail":["https:\/\/www.calvin-thomas.com\/highschool\/wp-content\/uploads\/\/sites\/4\/entete-ecoles-australie-150x150.jpg",150,150,true],"medium":["https:\/\/www.calvin-thomas.com\/highschool\/wp-content\/uploads\/\/sites\/4\/entete-ecoles-australie-300x141.jpg",300,141,true],"medium_large":["https:\/\/www.calvin-thomas.com\/highschool\/wp-content\/uploads\/\/sites\/4\/entete-ecoles-australie-768x360.jpg",640,300,true],"large":["https:\/\/www.calvin-thomas.com\/highschool\/wp-content\/uploads\/\/sites\/4\/entete-ecoles-australie-1024x480.jpg",640,300,true],"1536x1536":["https:\/\/www.calvin-thomas.com\/highschool\/wp-content\/uploads\/\/sites\/4\/entete-ecoles-australie.jpg",1024,480,false],"2048x2048":["https:\/\/www.calvin-thomas.com\/highschool\/wp-content\/uploads\/\/sites\/4\/entete-ecoles-australie.jpg",1024,480,false],"gform-image-choice-sm":["https:\/\/www.calvin-thomas.com\/highschool\/wp-content\/uploads\/\/sites\/4\/entete-ecoles-australie.jpg",300,141,false],"gform-image-choice-md":["https:\/\/www.calvin-thomas.com\/highschool\/wp-content\/uploads\/\/sites\/4\/entete-ecoles-australie.jpg",400,188,false],"gform-image-choice-lg":["https:\/\/www.calvin-thomas.com\/highschool\/wp-content\/uploads\/\/sites\/4\/entete-ecoles-australie.jpg",600,281,false]},"uagb_author_info":{"display_name":"redac-calvinthomas","author_link":"https:\/\/www.calvin-thomas.com\/highschool\/author\/redac-calvinthomas\/"},"uagb_comment_info":0,"uagb_excerpt":"Rythme de vie d\u00e9contract\u00e9, chaleur et dynamisme, esprit d\u2019ind\u00e9pendance, go\u00fbt prononc\u00e9 pour la nature, le sport, les activit\u00e9s sociales\u2026 Le tout \u00e0 l\u2019autre bout du monde ! Un s\u00e9jour scolaire dans un de nos lyc\u00e9es d&#8217;Australie, c&#8217;est vivre dans un pays jeune, mais d\u00e9j\u00e0 moderne et \u00e9quip\u00e9e\u2026 \u00e0 17 000 kilom\u00e8tres et \u00e0 25 heures\u2026","_links":{"self":[{"href":"https:\/\/www.calvin-thomas.com\/highschool\/wp-json\/wp\/v2\/pages\/262"}],"collection":[{"href":"https:\/\/www.calvin-thomas.com\/highschool\/wp-json\/wp\/v2\/pages"}],"about":[{"href":"https:\/\/www.calvin-thomas.com\/highschool\/wp-json\/wp\/v2\/types\/page"}],"author":[{"embeddable":true,"href":"https:\/\/www.calvin-thomas.com\/highschool\/wp-json\/wp\/v2\/users\/1"}],"replies":[{"embeddable":true,"href":"https:\/\/www.calvin-thomas.com\/highschool\/wp-json\/wp\/v2\/comments?post=262"}],"version-history":[{"count":1,"href":"https:\/\/www.calvin-thomas.com\/highschool\/wp-json\/wp\/v2\/pages\/262\/revisions"}],"predecessor-version":[{"id":3471,"href":"https:\/\/www.calvin-thomas.com\/highschool\/wp-json\/wp\/v2\/pages\/262\/revisions\/3471"}],"wp:featuredmedia":[{"embeddable":true,"href":"https:\/\/www.calvin-thomas.com\/highschool\/wp-json\/wp\/v2\/media\/2844"}],"wp:attachment":[{"href":"https:\/\/www.calvin-thomas.com\/highschool\/wp-json\/wp\/v2\/media?parent=262"}],"curies":[{"name":"wp","href":"https:\/\/api.w.org\/{rel}","templated":true}]}}