{"id":17,"date":"2019-05-20T19:17:17","date_gmt":"2019-05-20T17:17:17","guid":{"rendered":"https:\/\/www.calvin-thomas.com\/isilangue\/?page_id=17"},"modified":"2024-02-05T15:51:14","modified_gmt":"2024-02-05T14:51:14","slug":"contacts-reunions-conseillers-isilangue","status":"publish","type":"page","link":"https:\/\/www.calvin-thomas.com\/isilangue\/informations-pratiques\/contacts-reunions-conseillers-isilangue\/","title":{"rendered":"Contactez-nous et rencontrons-nous"},"content":{"rendered":"\n<div style=\"height:50px\" aria-hidden=\"true\" class=\"wp-block-spacer\"><\/div>\n\n\n\n<div class=\"wp-block-columns has-2-columns column-centre is-layout-flex wp-container-core-columns-is-layout-1 wp-block-columns-is-layout-flex\">\n<div class=\"wp-block-column is-layout-flow wp-block-column-is-layout-flow\">\n<h2 class=\"wp-block-heading\">Des questions ?<\/h2>\n\n\n\n<p>Nos \u00e9quipes se tiennent \u00e0 votre disposition et sont \u00e0 votre \u00e9coute pour vous accompagner au mieux dans votre projet de cours de langue \u00e0 l&rsquo;\u00e9tranger, aussi bien par t\u00e9l\u00e9phone, email que \u00e0 l\u2019occasion d\u2019un \u00e9v\u00e9nement. N\u2019h\u00e9sitez pas \u00e0 nous solliciter !<br><\/p>\n<\/div>\n\n\n\n<div class=\"wp-block-column is-layout-flow wp-block-column-is-layout-flow\">\n<ul class=\"liste-menu\"><li><a href=\"#section1\">Contacter le bureau national \u201cIsilangue\u201d Calvin-Thomas<\/a><\/li><li><a href=\"#section2\">Participer \u00e0 une r\u00e9union d\u2019information<\/a><\/li><\/ul>\n<\/div>\n<\/div>\n\n\n\n<div style=\"height:50px\" aria-hidden=\"true\" class=\"wp-block-spacer\"><\/div>\n\n\n<section class=\"section-vertclair\"><\/p>\n\n\n\n<div class=\"wp-block-columns has-2-columns column-centre is-layout-flex wp-container-core-columns-is-layout-2 wp-block-columns-is-layout-flex\">\n<div class=\"wp-block-column is-layout-flow wp-block-column-is-layout-flow\">\n<p class=\"sub-title\"><strong>CALVIN-THOMAS<\/strong><\/p>\n\n\n\n<h3 class=\"wp-block-heading\" id=\"section1\">Contacter le bureau national \u201cIsilangue\u201d Calvin-Thomas<br><\/h3>\n\n\n\n<p><strong>Claire, responsable du programme Isilangue, est \u00e0 votre disposition au :<\/strong><\/p>\n\n\n\n<div style=\"height:50px\" aria-hidden=\"true\" class=\"wp-block-spacer\"><\/div>\n\n\n\n<p>T\u00e9l\u00e9phone : 04 42 91 31 01<br>Mail : isilangue(at)calvin-thomas.com<br><\/p>\n<\/div>\n\n\n\n<div class=\"wp-block-column is-layout-flow wp-block-column-is-layout-flow\">\n<p><\/p>\n<\/div>\n<\/div>\n\n\n\n<div style=\"height:50px\" aria-hidden=\"true\" class=\"wp-block-spacer\"><\/div>\n\n\n<p><\/section>\n\n\n<section class=\"section-gris\"><\/p>\n\n\n\n<div class=\"wp-block-columns has-2-columns column-centre is-layout-flex wp-container-core-columns-is-layout-3 wp-block-columns-is-layout-flex\">\n<div class=\"wp-block-column is-layout-flow wp-block-column-is-layout-flow\">\n<p class=\"sub-title\"><strong>\u00c9V\u00c9NEMENTS<\/strong><\/p>\n\n\n\n<h3 class=\"wp-block-heading\" id=\"section2\">Participer \u00e0 une r\u00e9union d\u2019information<\/h3>\n\n\n\n<p><strong>Les r\u00e9unions d\u2019information du programme \u201cIsilangue\u201d nous donnent la possibilit\u00e9 de vous pr\u00e9senter les s\u00e9jours de mani\u00e8re plus d\u00e9taill\u00e9e et plus personnelle. Ces r\u00e9unions permettent de compl\u00e9ter l\u2019information d\u00e9livr\u00e9e dans notre brochure et sur notre site internet. Calvin-Thomas est pr\u00e9sent \u00e9galement, de fa\u00e7on r\u00e9guli\u00e8re, sur des salons nationaux ou r\u00e9gionaux.<\/strong><\/p>\n<\/div>\n\n\n\n<div class=\"wp-block-column is-layout-flow wp-block-column-is-layout-flow\">\n<div class=\"wp-block-image\"><figure class=\"aligncenter\"><img loading=\"lazy\" decoding=\"async\" width=\"900\" height=\"600\" src=\"https:\/\/www.calvin-thomas.com\/isilangue\/wp-content\/uploads\/\/sites\/8\/evenement-isilangue.jpg\" alt=\"\u00e9v\u00e9nement d'information sur le programme de cours de langues \u00e0 l'\u00e9tranger\" class=\"wp-image-57\" srcset=\"https:\/\/www.calvin-thomas.com\/isilangue\/wp-content\/uploads\/\/sites\/8\/evenement-isilangue.jpg 900w, https:\/\/www.calvin-thomas.com\/isilangue\/wp-content\/uploads\/\/sites\/8\/evenement-isilangue-300x200.jpg 300w, https:\/\/www.calvin-thomas.com\/isilangue\/wp-content\/uploads\/\/sites\/8\/evenement-isilangue-768x512.jpg 768w\" sizes=\"(max-width: 900px) 100vw, 900px\" \/><\/figure><\/div>\n<\/div>\n<\/div>\n\n\n\n<div class=\"wp-block-columns has-2-columns column-centre is-layout-flex wp-container-core-columns-is-layout-4 wp-block-columns-is-layout-flex\">\n<div class=\"wp-block-column is-layout-flow wp-block-column-is-layout-flow\">\n<h4 class=\"wp-block-heading\" id=\"mce_125\">Les salons nationaux et r\u00e9gionaux<\/h4>\n\n\n\n<h5 class=\"cadre-blanc wp-block-heading\">Samedi 17 f\u00e9vrier 2024<br><\/h5>\n\n\n\n<p class=\"cadre-blanc\">Salon de Vannes (56)<br><\/p>\n<\/div>\n\n\n\n<div class=\"wp-block-column is-layout-flow wp-block-column-is-layout-flow\">\n<div style=\"height:50px\" aria-hidden=\"true\" class=\"wp-block-spacer\"><\/div>\n<\/div>\n<\/div>\n\n\n\n<div class=\"wp-block-columns has-2-columns column-centre is-layout-flex wp-container-core-columns-is-layout-5 wp-block-columns-is-layout-flex\">\n<div class=\"wp-block-column is-layout-flow wp-block-column-is-layout-flow\">\n<h4 class=\"wp-block-heading\" id=\"mce_5\">Les rendez-vous r\u00e9guliers en r\u00e9gion sur demande<\/h4>\n\n\n\n<p><strong>Pascale O.<\/strong><br>T\u00e9l\u00e9phone : 07 87 88 16 94  <br>Mail : <a href=\"mailto:pollivierchevalier@hotmail.fr\">pollivierchevalier(at)hotmail.fr<\/a><\/p>\n<\/div>\n\n\n\n<div class=\"wp-block-column is-layout-flow wp-block-column-is-layout-flow\"><\/div>\n<\/div>\n\n\n<p><\/section>\n\n\n\n<div style=\"height:50px\" aria-hidden=\"true\" class=\"wp-block-spacer\"><\/div>\n","protected":false},"excerpt":{"rendered":"<p>Des questions ?<\/p>\n<p>Nos \u00e9quipes se tiennent \u00e0 votre disposition et sont \u00e0 votre \u00e9coute pour vous accompagner au mieux dans votre projet de cours de langue \u00e0 l&rsquo;\u00e9tranger, aussi bien par t\u00e9l\u00e9phone, email que \u00e0 l\u2019occasion d\u2019un \u00e9v\u00e9nement. N\u2019h\u00e9sitez pas \u00e0 nous solliciter !<\/p>\n<ul class=\"liste-menu\">\n<li><a href=\"#section1\">Contacter le bureau national \u201cIsilangue\u201d Calvin-Thomas<\/a><\/li>\n<li><a href=\"#section2\">Participer \u00e0 une r\u00e9union d\u2019information<\/a><\/li>\n<\/ul>\n<p> <a class=\"btn couleur large\" href=\"https:\/\/www.calvin-thomas.com\/isilangue\/informations-pratiques\/contacts-reunions-conseillers-isilangue\/\">EN SAVOIR PLUS <\/a><\/p>\n","protected":false},"author":1,"featured_media":55,"parent":9,"menu_order":0,"comment_status":"closed","ping_status":"closed","template":"","meta":{"_uag_custom_page_level_css":""},"uagb_featured_image_src":{"full":["https:\/\/www.calvin-thomas.com\/isilangue\/wp-content\/uploads\/\/sites\/8\/entete-contact.jpg",1200,1200,false],"thumbnail":["https:\/\/www.calvin-thomas.com\/isilangue\/wp-content\/uploads\/\/sites\/8\/entete-contact-150x150.jpg",150,150,true],"medium":["https:\/\/www.calvin-thomas.com\/isilangue\/wp-content\/uploads\/\/sites\/8\/entete-contact-300x300.jpg",300,300,true],"medium_large":["https:\/\/www.calvin-thomas.com\/isilangue\/wp-content\/uploads\/\/sites\/8\/entete-contact-768x768.jpg",640,640,true],"large":["https:\/\/www.calvin-thomas.com\/isilangue\/wp-content\/uploads\/\/sites\/8\/entete-contact-1024x1024.jpg",640,640,true],"1536x1536":["https:\/\/www.calvin-thomas.com\/isilangue\/wp-content\/uploads\/\/sites\/8\/entete-contact.jpg",1200,1200,false],"2048x2048":["https:\/\/www.calvin-thomas.com\/isilangue\/wp-content\/uploads\/\/sites\/8\/entete-contact.jpg",1200,1200,false]},"uagb_author_info":{"display_name":"redac-calvinthomas","author_link":"https:\/\/www.calvin-thomas.com\/isilangue\/author\/redac-calvinthomas\/"},"uagb_comment_info":0,"uagb_excerpt":"Des questions ? Nos \u00e9quipes se tiennent \u00e0 votre disposition et sont \u00e0 votre \u00e9coute pour vous accompagner au mieux dans votre projet de cours de langue \u00e0 l&rsquo;\u00e9tranger, aussi bien par t\u00e9l\u00e9phone, email que \u00e0 l\u2019occasion d\u2019un \u00e9v\u00e9nement. N\u2019h\u00e9sitez pas \u00e0 nous solliciter ! Contacter le bureau national \u201cIsilangue\u201d Calvin-ThomasParticiper \u00e0 une r\u00e9union d\u2019information\u2026","_links":{"self":[{"href":"https:\/\/www.calvin-thomas.com\/isilangue\/wp-json\/wp\/v2\/pages\/17"}],"collection":[{"href":"https:\/\/www.calvin-thomas.com\/isilangue\/wp-json\/wp\/v2\/pages"}],"about":[{"href":"https:\/\/www.calvin-thomas.com\/isilangue\/wp-json\/wp\/v2\/types\/page"}],"author":[{"embeddable":true,"href":"https:\/\/www.calvin-thomas.com\/isilangue\/wp-json\/wp\/v2\/users\/1"}],"replies":[{"embeddable":true,"href":"https:\/\/www.calvin-thomas.com\/isilangue\/wp-json\/wp\/v2\/comments?post=17"}],"version-history":[{"count":0,"href":"https:\/\/www.calvin-thomas.com\/isilangue\/wp-json\/wp\/v2\/pages\/17\/revisions"}],"up":[{"embeddable":true,"href":"https:\/\/www.calvin-thomas.com\/isilangue\/wp-json\/wp\/v2\/pages\/9"}],"wp:featuredmedia":[{"embeddable":true,"href":"https:\/\/www.calvin-thomas.com\/isilangue\/wp-json\/wp\/v2\/media\/55"}],"wp:attachment":[{"href":"https:\/\/www.calvin-thomas.com\/isilangue\/wp-json\/wp\/v2\/media?parent=17"}],"curies":[{"name":"wp","href":"https:\/\/api.w.org\/{rel}","templated":true}]}}