{"id":63,"date":"2019-05-24T16:09:40","date_gmt":"2019-05-24T14:09:40","guid":{"rendered":"https:\/\/www.calvin-thomas.com\/isilangue\/?page_id=63"},"modified":"2020-02-05T10:18:04","modified_gmt":"2020-02-05T09:18:04","slug":"points-pratiques","status":"publish","type":"page","link":"https:\/\/www.calvin-thomas.com\/isilangue\/informations-pratiques\/points-pratiques\/","title":{"rendered":"Les points pratiques"},"content":{"rendered":"\n<div style=\"height:50px\" aria-hidden=\"true\" class=\"wp-block-spacer\"><\/div>\n\n\n\n<div class=\"wp-block-columns has-2-columns column-centre is-layout-flex wp-container-core-columns-is-layout-1 wp-block-columns-is-layout-flex\">\n<div class=\"wp-block-column is-layout-flow wp-block-column-is-layout-flow\">\n<h2 class=\"wp-block-heading\">Pr\u00e9parer son voyage jusqu\u2019\u00e0 destination<\/h2>\n\n\n\n<p>Un s\u00e9jour \u00e0 l\u2019\u00e9tranger se pr\u00e9pare en amont. Il implique des d\u00e9marches administratives. Le r\u00f4le de Calvin-Thomas est de vous accompagner \u00e0 chaque \u00e9tape de votre projet. <\/p>\n<\/div>\n\n\n\n<div class=\"wp-block-column is-layout-flow wp-block-column-is-layout-flow\">\n<ul class=\"liste-menu\"><li><a href=\"#section1\">Le visa<\/a><\/li><li><a href=\"#section2\">Le transport<\/a><br><\/li><\/ul>\n<\/div>\n<\/div>\n\n\n\n<div style=\"height:50px\" aria-hidden=\"true\" class=\"wp-block-spacer\"><\/div>\n\n\n<section class=\"section-vertclair\"><\/p>\n\n\n\n<div class=\"wp-block-columns has-2-columns column-centre is-layout-flex wp-container-core-columns-is-layout-2 wp-block-columns-is-layout-flex\">\n<div class=\"wp-block-column is-layout-flow wp-block-column-is-layout-flow\">\n<p class=\"sub-title\"><strong>FORMALIT\u00c9S<\/strong><\/p>\n\n\n\n<h3 class=\"wp-block-heading\" id=\"section1\">Le visa<\/h3>\n\n\n\n<p><strong>Sont \u00e9ligibles aux programmes Isilangue, les citoyens fran\u00e7ais (voire la plupart des ressortissants europ\u00e9ens et les d\u00e9tenteurs d\u2019une carte de s\u00e9jour d\u2019au moins 10 ans). Pour la plupart de nos formules hors Union Europ\u00e9enne, vous devrez obtenir un visa \u00e9tudiant. Calvin-Thomas vous accompagne tout au long de vos d\u00e9marches administratives.<\/strong><\/p>\n\n\n\n<div style=\"height:30px\" aria-hidden=\"true\" class=\"wp-block-spacer\"><\/div>\n<\/div>\n\n\n\n<div class=\"wp-block-column is-layout-flow wp-block-column-is-layout-flow\">\n<p><\/p>\n<\/div>\n<\/div>\n\n\n\n<div class=\"wp-block-columns has-2-columns column-centre argumentaire-ligne is-layout-flex wp-container-core-columns-is-layout-3 wp-block-columns-is-layout-flex\">\n<div class=\"wp-block-column is-layout-flow wp-block-column-is-layout-flow\">\n<div class=\"wp-block-image\"><figure class=\"aligncenter\"><img decoding=\"async\" src=\"https:\/\/www.calvin-thomas.com\/isilangue\/wp-content\/uploads\/\/sites\/8\/drapeau-usa.png\" alt=\"Visa F-1 \u00e9tudiant pour les \u00c9tats-Unis\" class=\"wp-image-569\"\/><\/figure><\/div>\n<\/div>\n\n\n\n<div class=\"wp-block-column is-layout-flow wp-block-column-is-layout-flow\">\n<h4 class=\"wp-block-heading\">Visa \u00c9tats-Unis<\/h4>\n\n\n\n<p><strong>POUR UN CURSUS INTENSIF OU G\u00c9N\u00c9RAL :<\/strong><br>Un <strong>visa \u00e9tudiant (F-1) est obligatoire, <\/strong>et ce<strong> quelle que soit la dur\u00e9e du s\u00e9jour.<\/strong><\/p>\n\n\n\n<div style=\"height:10px\" aria-hidden=\"true\" class=\"wp-block-spacer\"><\/div>\n\n\n\n<p><strong>POUR UN CURSUS SUP\u00c9RIEUR \u00c0 3 MOIS :<\/strong><br>Un <strong>visa \u00e9tudiant (F-1) est obligatoire<\/strong>.&nbsp; <\/p>\n\n\n\n<div style=\"height:10px\" aria-hidden=\"true\" class=\"wp-block-spacer\"><\/div>\n\n\n\n<p class=\"cadre-vert\"><strong>TITRE<\/strong><br> Le <strong>co\u00fbt du visa \u00e9tudiant est de $160US + $350US de taxe SEVIS aux \u00c9tats-Unis \n<\/strong> (tarifs au 1er novembre 2019). La demande de visa ne peut se faire qu\u2019une fois l\u2019inscription confirm\u00e9e. Elle n\u00e9cessite un d\u00e9placement individuel \u00e0 l\u2019ambassade des USA \u00e0 Paris.<br>Une inscription six semaines au plus tard avant de d\u00e9but des cours est n\u00e9cessaire, et ce afin de respecter les d\u00e9lais d\u2019obtention dudit visa.<\/p>\n<\/div>\n<\/div>\n\n\n\n<div class=\"wp-block-columns has-2-columns column-centre argumentaire-ligne is-layout-flex wp-container-core-columns-is-layout-4 wp-block-columns-is-layout-flex\">\n<div class=\"wp-block-column is-layout-flow wp-block-column-is-layout-flow\">\n<div class=\"wp-block-image\"><figure class=\"aligncenter\"><img decoding=\"async\" src=\"https:\/\/www.calvin-thomas.com\/isilangue\/wp-content\/uploads\/\/sites\/8\/drapeau-australie.png\" alt=\"visa &amp; \u201cAutorisation \u00e9lectronique de voyage\u201d pour \u00e9tudier en Australie\" class=\"wp-image-568\"\/><\/figure><\/div>\n<\/div>\n\n\n\n<div class=\"wp-block-column is-layout-flow wp-block-column-is-layout-flow\">\n<h4 class=\"wp-block-heading\">Visa Australie<\/h4>\n\n\n\n<p class=\"content-centrer\"><strong>POUR UN S\u00c9JOUR INF\u00c9RIEUR \u00c0 3 MOIS :  <\/strong><br> Une <strong>\u201cAutorisation \u00e9lectronique de voyage\u201d est n\u00e9cessaire<\/strong>. Ce document est <strong>gratuit<\/strong> et s\u2019obtient <strong>aupr\u00e8s de votre agence de voyage<\/strong> ou <strong>aupr\u00e8s de l\u2019ambassade d\u2019Australie \u00e0 Paris.<\/strong><\/p>\n\n\n\n<div style=\"height:10px\" aria-hidden=\"true\" class=\"wp-block-spacer\"><\/div>\n\n\n\n<p class=\"content-centrer\"><strong>POUR UN S\u00c9JOUR SUP\u00c9RIEUR \u00c0 3 MOIS :  <\/strong><br>Vous devrez faire une<strong> demande de visa \u00e9tudiant<\/strong>. <\/p>\n\n\n\n<p class=\"cadre-vert\"><strong>TITRE<\/strong><br> Le <strong>co\u00fbt du visa est de 620$AU <\/strong> (tarif au 1er novembre 2019). La proc\u00e9dure s&rsquo;accomplit en ligne. Le d\u00e9lai d\u2019obtention est en g\u00e9n\u00e9ral d\u2019une \u00e0 quelques semaines.  Ce visa vous permet de demeurer sur le territoire australien jusqu\u2019\u00e0 un mois apr\u00e8s la fin de vos cours.<br>Une inscription six semaines au plus  tard avant de d\u00e9but des cours est n\u00e9cessaire, et ce afin de respecter  les d\u00e9lais d\u2019obtention dudit visa.<\/p>\n\n\n\n<p><br><\/p>\n<\/div>\n<\/div>\n\n\n\n<div class=\"wp-block-columns has-2-columns column-centre argumentaire-ligne is-layout-flex wp-container-core-columns-is-layout-5 wp-block-columns-is-layout-flex\">\n<div class=\"wp-block-column is-layout-flow wp-block-column-is-layout-flow\">\n<div class=\"wp-block-image\"><figure class=\"aligncenter\"><img decoding=\"async\" src=\"https:\/\/www.calvin-thomas.com\/isilangue\/wp-content\/uploads\/\/sites\/8\/drapeau-canada.png\" alt=\"Visa pour le programme cours de langue Canada\" class=\"wp-image-570\"\/><\/figure><\/div>\n<\/div>\n\n\n\n<div class=\"wp-block-column is-layout-flow wp-block-column-is-layout-flow\">\n<h4 class=\"wp-block-heading\">Visa Canada<\/h4>\n\n\n\n<p class=\"content-centrer\"><strong>Aucun visa <\/strong>n&rsquo;est n\u00e9cessaire pour tout <strong>s\u00e9jour inf\u00e9rieur ou \u00e9gal \u00e0 6 mois.<\/strong><\/p>\n<\/div>\n<\/div>\n\n\n\n<div class=\"wp-block-columns has-2-columns column-centre argumentaire-ligne is-layout-flex wp-container-core-columns-is-layout-6 wp-block-columns-is-layout-flex\">\n<div class=\"wp-block-column is-layout-flow wp-block-column-is-layout-flow\">\n<div class=\"wp-block-image\"><figure class=\"aligncenter\"><img decoding=\"async\" src=\"https:\/\/www.calvin-thomas.com\/isilangue\/wp-content\/uploads\/\/sites\/8\/drapeau-royaume-uni.png\" alt=\"Visa pour suivre des cours de langue au Roayume-Uni\" class=\"wp-image-570\"\/><\/figure><\/div>\n<\/div>\n\n\n\n<div class=\"wp-block-column is-layout-flow wp-block-column-is-layout-flow\">\n<h4 class=\"wp-block-heading\">Visa Royaume-Uni<\/h4>\n\n\n\n<p class=\"content-centrer\"><strong>Aucun visa<\/strong> n&rsquo;est n\u00e9cessaire (en l\u2019\u00e9tat actuel de la l\u00e9gislation au 1er novembre 2019).<\/p>\n<\/div>\n<\/div>\n\n\n\n<div class=\"wp-block-columns has-2-columns column-centre argumentaire-ligne is-layout-flex wp-container-core-columns-is-layout-7 wp-block-columns-is-layout-flex\">\n<div class=\"wp-block-column is-layout-flow wp-block-column-is-layout-flow\">\n<div class=\"wp-block-image\"><figure class=\"aligncenter\"><img decoding=\"async\" src=\"https:\/\/www.calvin-thomas.com\/isilangue\/wp-content\/uploads\/\/sites\/8\/drapeau-irlande.png\" alt=\"Visa pour suivre des cours de langue Irlande\" class=\"wp-image-570\"\/><\/figure><\/div>\n<\/div>\n\n\n\n<div class=\"wp-block-column is-layout-flow wp-block-column-is-layout-flow\">\n<h4 class=\"wp-block-heading\">Visa Irlande<\/h4>\n\n\n\n<p class=\"content-centrer\"><strong>Aucun visa<\/strong> n&rsquo;est n\u00e9cessaire.<\/p>\n<\/div>\n<\/div>\n\n\n\n<div style=\"height:50px\" aria-hidden=\"true\" class=\"wp-block-spacer\"><\/div>\n\n\n<p><\/section>\n\n\n<section class=\"section-gris\"><\/p>\n\n\n\n<div class=\"wp-block-columns has-2-columns column-centre is-layout-flex wp-container-core-columns-is-layout-8 wp-block-columns-is-layout-flex\">\n<div class=\"wp-block-column is-layout-flow wp-block-column-is-layout-flow\">\n<figure class=\"wp-block-image\"><img loading=\"lazy\" decoding=\"async\" width=\"900\" height=\"815\" src=\"https:\/\/www.calvin-thomas.com\/isilangue\/wp-content\/uploads\/\/sites\/8\/transport.jpg\" alt=\"service transport (billet d'avion, de train, etc.)\" class=\"wp-image-119\" srcset=\"https:\/\/www.calvin-thomas.com\/isilangue\/wp-content\/uploads\/\/sites\/8\/transport.jpg 900w, https:\/\/www.calvin-thomas.com\/isilangue\/wp-content\/uploads\/\/sites\/8\/transport-300x272.jpg 300w, https:\/\/www.calvin-thomas.com\/isilangue\/wp-content\/uploads\/\/sites\/8\/transport-768x695.jpg 768w\" sizes=\"(max-width: 900px) 100vw, 900px\" \/><\/figure>\n<\/div>\n\n\n\n<div class=\"wp-block-column is-layout-flow wp-block-column-is-layout-flow\">\n<p class=\"sub-title\"><strong>SERVICES<\/strong><\/p>\n\n\n\n<h3 class=\"wp-block-heading\" id=\"section2\">Les transports<br><\/h3>\n\n\n\n<p><strong>Notre service \u201cVoyage\u201d peut, sur simple demande,  r\u00e9server pour vous un billet d&rsquo;avion ou de train afin de vous permettre de rejoindre votre destination.<\/strong><\/p>\n\n\n\n<p>Pour conna\u00eetre les tarifs propos\u00e9s par notre service, contactez-nous au 04&nbsp;42&nbsp;93&nbsp;48&nbsp;48 ou par e-mail \u00e0 <a rel=\"noreferrer noopener\" href=\"mailto:sejoursetrangers@jancarthier.fr\" target=\"_blank\">sejoursetrangers(at)jancarthier.fr<\/a>, en nous pr\u00e9cisant les dates de votre s\u00e9jour, votre a\u00e9roport ou gare d&rsquo;origine ainsi que votre destination. N&rsquo;h\u00e9sitez pas \u00e0 apporter des pr\u00e9cisions sur votre  statut (\u00e9tudiant, moins de 26 ans, etc.).<\/p>\n\n\n\n<p><strong>\u00c0 NOTER : <\/strong>veuillez attendre la confirmation de votre r\u00e9servation par Isilangue avant de valider votre billet d&rsquo;avion.<\/p>\n\n\n\n<div style=\"height:30px\" aria-hidden=\"true\" class=\"wp-block-spacer\"><\/div>\n<\/div>\n<\/div>\n\n\n<p><\/section>\n\n\n\n<div style=\"height:30px\" aria-hidden=\"true\" class=\"wp-block-spacer\"><\/div>\n","protected":false},"excerpt":{"rendered":"<p>Pr\u00e9parer son voyage jusqu\u2019\u00e0 destination<\/p>\n<p>Un s\u00e9jour \u00e0 l\u2019\u00e9tranger se pr\u00e9pare en amont. Il implique des d\u00e9marches administratives. Le r\u00f4le de Calvin-Thomas est de vous accompagner \u00e0 chaque \u00e9tape de votre projet. <\/p>\n<ul class=\"liste-menu\">\n<li><a href=\"#section1\">Le visa<\/a><\/li>\n<li><a href=\"#section2\">Le transport<\/a><\/li>\n<\/ul>\n<p> <a class=\"btn couleur large\" href=\"https:\/\/www.calvin-thomas.com\/isilangue\/informations-pratiques\/points-pratiques\/\">EN SAVOIR PLUS <\/a><\/p>\n","protected":false},"author":1,"featured_media":107,"parent":9,"menu_order":0,"comment_status":"closed","ping_status":"closed","template":"","meta":{"_uag_custom_page_level_css":""},"uagb_featured_image_src":{"full":["https:\/\/www.calvin-thomas.com\/isilangue\/wp-content\/uploads\/\/sites\/8\/entete-point-pratique.jpg",1200,1200,false],"thumbnail":["https:\/\/www.calvin-thomas.com\/isilangue\/wp-content\/uploads\/\/sites\/8\/entete-point-pratique-150x150.jpg",150,150,true],"medium":["https:\/\/www.calvin-thomas.com\/isilangue\/wp-content\/uploads\/\/sites\/8\/entete-point-pratique-300x300.jpg",300,300,true],"medium_large":["https:\/\/www.calvin-thomas.com\/isilangue\/wp-content\/uploads\/\/sites\/8\/entete-point-pratique-768x768.jpg",640,640,true],"large":["https:\/\/www.calvin-thomas.com\/isilangue\/wp-content\/uploads\/\/sites\/8\/entete-point-pratique-1024x1024.jpg",640,640,true],"1536x1536":["https:\/\/www.calvin-thomas.com\/isilangue\/wp-content\/uploads\/\/sites\/8\/entete-point-pratique.jpg",1200,1200,false],"2048x2048":["https:\/\/www.calvin-thomas.com\/isilangue\/wp-content\/uploads\/\/sites\/8\/entete-point-pratique.jpg",1200,1200,false]},"uagb_author_info":{"display_name":"redac-calvinthomas","author_link":"https:\/\/www.calvin-thomas.com\/isilangue\/author\/redac-calvinthomas\/"},"uagb_comment_info":0,"uagb_excerpt":"Pr\u00e9parer son voyage jusqu\u2019\u00e0 destination Un s\u00e9jour \u00e0 l\u2019\u00e9tranger se pr\u00e9pare en amont. Il implique des d\u00e9marches administratives. Le r\u00f4le de Calvin-Thomas est de vous accompagner \u00e0 chaque \u00e9tape de votre projet. Le visaLe transport EN SAVOIR PLUS","_links":{"self":[{"href":"https:\/\/www.calvin-thomas.com\/isilangue\/wp-json\/wp\/v2\/pages\/63"}],"collection":[{"href":"https:\/\/www.calvin-thomas.com\/isilangue\/wp-json\/wp\/v2\/pages"}],"about":[{"href":"https:\/\/www.calvin-thomas.com\/isilangue\/wp-json\/wp\/v2\/types\/page"}],"author":[{"embeddable":true,"href":"https:\/\/www.calvin-thomas.com\/isilangue\/wp-json\/wp\/v2\/users\/1"}],"replies":[{"embeddable":true,"href":"https:\/\/www.calvin-thomas.com\/isilangue\/wp-json\/wp\/v2\/comments?post=63"}],"version-history":[{"count":0,"href":"https:\/\/www.calvin-thomas.com\/isilangue\/wp-json\/wp\/v2\/pages\/63\/revisions"}],"up":[{"embeddable":true,"href":"https:\/\/www.calvin-thomas.com\/isilangue\/wp-json\/wp\/v2\/pages\/9"}],"wp:featuredmedia":[{"embeddable":true,"href":"https:\/\/www.calvin-thomas.com\/isilangue\/wp-json\/wp\/v2\/media\/107"}],"wp:attachment":[{"href":"https:\/\/www.calvin-thomas.com\/isilangue\/wp-json\/wp\/v2\/media?parent=63"}],"curies":[{"name":"wp","href":"https:\/\/api.w.org\/{rel}","templated":true}]}}