{"id":186,"date":"2019-10-24T15:48:02","date_gmt":"2019-10-24T13:48:02","guid":{"rendered":"https:\/\/www.calvin-thomas.com\/summer-family\/?page_id=186"},"modified":"2025-01-23T16:39:25","modified_gmt":"2025-01-23T15:39:25","slug":"points-pratiques","status":"publish","type":"page","link":"https:\/\/www.calvin-thomas.com\/summer-family\/informations-pratiques\/points-pratiques\/","title":{"rendered":"Les points pratiques"},"content":{"rendered":"\n<div style=\"height:50px\" aria-hidden=\"true\" class=\"wp-block-spacer\"><\/div>\n\n\n\n<div class=\"wp-block-columns has-2-columns column-centre is-layout-flex wp-container-core-columns-is-layout-1 wp-block-columns-is-layout-flex\">\n<div class=\"wp-block-column is-layout-flow wp-block-column-is-layout-flow\">\n<h2 class=\"wp-block-heading\">Le c\u00f4t\u00e9 administratif&#8230;<\/h2>\n\n\n\n<p>La mise en place de tels s\u00e9jours entra\u00eenent souvent quelques d\u00e9marches administratives. Pas de panique, Calvin-Thomas vous accompagne dans ces formalit\u00e9s pas \u00e0 pas&#8230;<\/p>\n<\/div>\n\n\n\n<div class=\"wp-block-column is-layout-flow wp-block-column-is-layout-flow\">\n<ul class=\"liste-menu\">\n<li><a href=\"#section1\">Voyage<\/a><\/li>\n\n\n\n<li><a href=\"#section2\">Passeport<\/a><br><\/li>\n\n\n\n<li><a href=\"#section3\">Assurances<\/a><br><\/li>\n\n\n\n<li><a href=\"#section4\">Option \u201cRetenues financi\u00e8res r\u00e9duites\u201d<\/a><\/li>\n<\/ul>\n<\/div>\n<\/div>\n\n\n\n<div style=\"height:50px\" aria-hidden=\"true\" class=\"wp-block-spacer\"><\/div>\n\n\n<section class=\"section-jauneclair\"><\/p>\n\n\n\n<div class=\"wp-block-columns has-2-columns column-centre is-layout-flex wp-container-core-columns-is-layout-2 wp-block-columns-is-layout-flex\">\n<div class=\"wp-block-column is-layout-flow wp-block-column-is-layout-flow\">\n<p class=\"sub-title\"><strong>VOYAGE<\/strong><\/p>\n\n\n\n<h3 class=\"wp-block-heading\" id=\"section1\">Voyage en groupe &amp; billet d&#8217;avion<\/h3>\n\n\n\n<p><strong>Lors des s\u00e9jours de groupe, Calvin-Thomas met en place un certain nombre de service permettant de faciliter le c\u00f4t\u00e9 transport du s\u00e9jour. \u00c0 l&#8217;aide de notre agence de voyage partenaire pour prendre les billets, nous faisons notre maximum pour vous aider \u00e0 pr\u00e9parer votre d\u00e9part sans soucis.<\/strong><\/p>\n\n\n\n<div style=\"height:30px\" aria-hidden=\"true\" class=\"wp-block-spacer\"><\/div>\n<\/div>\n\n\n\n<div class=\"wp-block-column is-layout-flow wp-block-column-is-layout-flow\">\n<p><\/p>\n<\/div>\n<\/div>\n\n\n\n<div class=\"wp-block-columns has-2-columns column-centre centrer-hauteur is-layout-flex wp-container-core-columns-is-layout-3 wp-block-columns-is-layout-flex\">\n<div class=\"wp-block-column is-layout-flow wp-block-column-is-layout-flow\">\n<h4 class=\"wp-block-heading\">LES VOYAGES EN GROUPE<\/h4>\n\n\n\n<p>Les voyages avec un d\u00e9part en groupe (s\u00e9jours \u201c<a href=\"https:\/\/www.calvin-thomas.com\/summer-school\/sejours-ete\/australian-summer-school\/\">100%&nbsp;immersion<\/a>\u201d) sont organis\u00e9s et mise en place par Calvin-Thomas dans les meilleurs conditions. Les participants volent ainsi, et sauf exception, sur des <strong>lignes r\u00e9guli\u00e8res<\/strong> et sont <strong>accompagn\u00e9s jusqu&#8217;\u00e0 la destination finale<\/strong>.<\/p>\n\n\n\n<p>Dans le cadre de ces s\u00e9jours, les d\u00e9parts s&#8217;effectuent de l&#8217;<strong>a\u00e9roport de Charles&nbsp;de&nbsp;Gaulle<\/strong> : le voyage entre la r\u00e9sidence du participant et l&#8217;a\u00e9roport parisien n&#8217;est en revanche pas inclus dans le prix du s\u00e9jour. <\/p>\n\n\n\n<p>Dans le cadre de certains d\u00e9parts en groupe (ceux voyageant sur la compagnie Air France), Calvin-Thomas peut, avec l&#8217;aide de son agence de voyage partenaire, <strong>mettre en place le transfert en avion depuis la province, jusqu\u2019\u00e0 Paris<\/strong>. Le participant n\u2019aurait alors qu\u2019un seul billet de bout en bout, \u00e0 l\u2019aller comme au retour.<\/p>\n<\/div>\n\n\n\n<div class=\"wp-block-column is-layout-flow wp-block-column-is-layout-flow\">\n<figure class=\"wp-block-image\"><img loading=\"lazy\" decoding=\"async\" width=\"900\" height=\"849\" src=\"https:\/\/www.calvin-thomas.com\/summer-school\/wp-content\/uploads\/\/sites\/12\/voyage-groupe.jpg\" alt=\"Voyages en groupe et accompagn\u00e9s\" class=\"wp-image-266\"\/><\/figure>\n<\/div>\n<\/div>\n\n\n\n<div style=\"height:100px\" aria-hidden=\"true\" class=\"wp-block-spacer\"><\/div>\n\n\n\n<div class=\"wp-block-columns has-2-columns column-centre centrer-hauteur is-layout-flex wp-container-core-columns-is-layout-4 wp-block-columns-is-layout-flex\">\n<div class=\"wp-block-column is-layout-flow wp-block-column-is-layout-flow\">\n<h4 class=\"wp-block-heading\">LE BILLET D&#8217;AVION<\/h4>\n\n\n\n<p>Dans le cadre des s\u00e9jours \u201c\u00c0 la carte\u201d, l<strong>es transports ne sont pas compris dans le tarifs du s\u00e9jour<\/strong>. C&#8217;est donc au participant de se charger de r\u00e9server et de r\u00e9gler son billet d\u2019avion et d&#8217;organiser son d\u00e9part en individuel.<\/p>\n\n\n\n<p>En revanche, les participants sont <strong>toujours accueillis \u00e0 leur arriv\u00e9e<\/strong> dans le pays d&#8217;accueil soit par la famille d&#8217;accueil, soit par notre correspondant local.<\/p>\n\n\n\n<p>Avant de r\u00e9server d\u00e9finitivement son billet, le participant doit attendre l\u2019aval de Calvin-Thomas (courrier ou e-mail d\u2019acceptation) qui confirme les dates et l\u2019a\u00e9roport d\u2019arriv\u00e9e d\u00e9finis en partenariat avec son correspondant \u00e0 l&#8217;\u00e9tranger.<\/p>\n\n\n\n<p>L&#8217;agence de voyage avec laquelle travaille Calvin-Thomas peut, si un participant le souhaite, lui r\u00e9server un billet d&#8217;avion.<\/p>\n\n\n\n<p><strong>\u00c0 SAVOIR :<\/strong> <br>L\u2019annonce du placement en famille est ind\u00e9pendante de la validation  de l\u2019a\u00e9roport d\u2019arriv\u00e9e. Elle intervient plus tard, juste avant le d\u00e9but du s\u00e9jour.<\/p>\n\n\n\n<div style=\"height:40px\" aria-hidden=\"true\" class=\"wp-block-spacer\"><\/div>\n<\/div>\n\n\n\n<div class=\"wp-block-column is-layout-flow wp-block-column-is-layout-flow\">\n<figure class=\"wp-block-image\"><img loading=\"lazy\" decoding=\"async\" width=\"861\" height=\"1024\" src=\"https:\/\/www.calvin-thomas.com\/summer-family\/wp-content\/uploads\/\/sites\/11\/2019\/11\/billet-avion-861x1024.jpg\" alt=\"r\u00e9servation du billet d'avion pour un s\u00e9jour linguistique\" class=\"wp-image-332\" srcset=\"https:\/\/www.calvin-thomas.com\/summer-family\/wp-content\/uploads\/\/sites\/11\/2019\/11\/billet-avion-861x1024.jpg 861w, https:\/\/www.calvin-thomas.com\/summer-family\/wp-content\/uploads\/\/sites\/11\/2019\/11\/billet-avion-252x300.jpg 252w, https:\/\/www.calvin-thomas.com\/summer-family\/wp-content\/uploads\/\/sites\/11\/2019\/11\/billet-avion-768x913.jpg 768w, https:\/\/www.calvin-thomas.com\/summer-family\/wp-content\/uploads\/\/sites\/11\/2019\/11\/billet-avion.jpg 900w\" sizes=\"(max-width: 861px) 100vw, 861px\" \/><\/figure>\n<\/div>\n<\/div>\n\n\n\n<p class=\"has-text-align-center cadre-jaune column-centre\"><strong>VOYAGE AVEC ACCOMPAGNEMENT POUR MINEUR<\/strong><br>Les participants les plus jeunes peuvent opter pour un voyage en \u201cUnaccompagnied Minor\u201d ou U.M., c\u2019est-\u00e0-dire un accompagnement pour mineur aupr\u00e8s de la compagnie a\u00e9rienne. Il permet un accompagnement complet par le personnel de bord, du d\u00e9part \u00e0 l\u2019arriv\u00e9e.<br>Ce type d&#8217;encadrement engendre un co\u00fbt suppl\u00e9mentaire aupr\u00e8s de la compagnie a\u00e9rienne \u2014 qui le met en place \u2014 et, dans certains cas, aupr\u00e8s de Calvin-Thomas \u2014 qui le supervise \u2014. <\/p>\n\n\n\n<div style=\"height:50px\" aria-hidden=\"true\" class=\"wp-block-spacer\"><\/div>\n\n\n<p><\/section>\n\n\n<section class=\"section-gris\"><\/p>\n\n\n\n<div class=\"wp-block-columns has-2-columns column-centre is-layout-flex wp-container-core-columns-is-layout-5 wp-block-columns-is-layout-flex\">\n<div class=\"wp-block-column is-layout-flow wp-block-column-is-layout-flow\">\n<figure class=\"wp-block-image\"><img loading=\"lazy\" decoding=\"async\" width=\"900\" height=\"594\" src=\"https:\/\/www.calvin-thomas.com\/summer-family\/wp-content\/uploads\/\/sites\/11\/2019\/11\/passeport.jpg\" alt=\"formalit\u00e9s pour son passeport\" class=\"wp-image-334\" srcset=\"https:\/\/www.calvin-thomas.com\/summer-family\/wp-content\/uploads\/\/sites\/11\/2019\/11\/passeport.jpg 900w, https:\/\/www.calvin-thomas.com\/summer-family\/wp-content\/uploads\/\/sites\/11\/2019\/11\/passeport-300x198.jpg 300w, https:\/\/www.calvin-thomas.com\/summer-family\/wp-content\/uploads\/\/sites\/11\/2019\/11\/passeport-768x507.jpg 768w\" sizes=\"(max-width: 900px) 100vw, 900px\" \/><\/figure>\n<\/div>\n\n\n\n<div class=\"wp-block-column is-layout-flow wp-block-column-is-layout-flow\">\n<p class=\"sub-title\"><strong>FORMALIT\u00c9S<\/strong><\/p>\n\n\n\n<h3 class=\"wp-block-heading\" id=\"section2\">Passeport<\/h3>\n\n\n\n<p>Si le <strong>passeport n\u2019est pas valable 6 mois apr\u00e8s la date de retour pr\u00e9vue<\/strong>, nous vous invitons \u00e0 entamer les <strong>d\u00e9marches d\u2019obtention ou de renouvellement<\/strong> d\u00e8s l\u2019acceptation de votre candidature.  <\/p>\n\n\n\n<p>Si le participant n\u2019est pas en possession d\u2019un passeport valide, il doit <strong>signaler \u00e0 Calvin-Thomas<\/strong> que la r\u00e9\u00e9mission de son passeport est en cours.<\/p>\n\n\n\n<p><strong>Pensez \u00e0 v\u00e9rifier la validit\u00e9 de votre passeport !<\/strong><\/p>\n<\/div>\n<\/div>\n\n\n<p><\/section>\n\n\n<section class=\"section-beige\"><\/p>\n\n\n\n<div class=\"wp-block-columns has-2-columns column-centre is-layout-flex wp-container-core-columns-is-layout-6 wp-block-columns-is-layout-flex\">\n<div class=\"wp-block-column is-layout-flow wp-block-column-is-layout-flow\">\n<p class=\"sub-title\"><strong>COUVERTURE<\/strong><\/p>\n\n\n\n<h3 class=\"wp-block-heading\" id=\"section3\">Les assurances<br><\/h3>\n\n\n\n<p><strong>Dans le cadre des s\u00e9jours Summer Family, nos participants sont automatiquement couverts par une assurance offerte par Calvin-Thomas.<\/strong><\/p>\n\n\n\n<div style=\"height:20px\" aria-hidden=\"true\" class=\"wp-block-spacer\"><\/div>\n<\/div>\n\n\n\n<div class=\"wp-block-column is-layout-flow wp-block-column-is-layout-flow\">\n<div style=\"height:30px\" aria-hidden=\"true\" class=\"wp-block-spacer\"><\/div>\n<\/div>\n<\/div>\n\n\n\n<div class=\"wp-block-columns has-2-columns column-centre is-layout-flex wp-container-core-columns-is-layout-7 wp-block-columns-is-layout-flex\">\n<div class=\"wp-block-column is-layout-flow wp-block-column-is-layout-flow\">\n<h4 class=\"wp-block-heading\"><strong>L&#8217;ASSURANCE CALVIN-THOMAS OFFERTE<\/strong><\/h4>\n\n\n\n<p><strong>Avec tous nos s\u00e9jours Summer Family,<\/strong> vous avez la garantie d&#8217;\u00eatre assur\u00e9<strong> pendant toute la dur\u00e9e de votre s\u00e9jour,<\/strong> par une <strong>assurance sp\u00e9cialis\u00e9e et donc bien adapt\u00e9e pour ce type de s\u00e9jour.<\/strong> Nous travaillons avec <strong>AVI<\/strong> <strong>International<\/strong>, notre partenaire depuis plus de 15 ans.<\/p>\n\n\n\n<p><strong>Cette assurance est compl\u00e8te :<\/strong> elle assure une couverture m\u00e9dicale, chirurgicale, dentaire, assistance, rapatriement, responsabilit\u00e9 civile, protection juridique, perte et d\u00e9t\u00e9rioration des bagages. <\/p>\n\n\n\n<p>Le r\u00e9sum\u00e9 des couvertures est annex\u00e9 aux pi\u00e8ces du dossier d&#8217;inscription. Il  appartient \u00e0 chaque participant et \u00e0 ses parents, apr\u00e8s avoir pris connaissance  des clauses de ladite assurance, de choisir de souscrire ou non une assurance compl\u00e9mentaire.<\/p>\n\n\n\n<p><a class=\"btn large couleur\" href=\"https:\/\/www.calvin-thomas.com\/doc\/CG_AVI.pdf\" target=\"_blank\" rel=\"noopener\">Consultez les  conditions g\u00e9n\u00e9rales 2021 \u201cAssurance Voyage SP\u201d AVI<\/a><\/p>\n\n\n\n<div style=\"height:20px\" aria-hidden=\"true\" class=\"wp-block-spacer\"><\/div>\n<\/div>\n\n\n\n<div class=\"wp-block-column is-layout-flow wp-block-column-is-layout-flow\">\n<figure class=\"wp-block-image\"><img loading=\"lazy\" decoding=\"async\" width=\"900\" height=\"679\" src=\"https:\/\/www.calvin-thomas.com\/summer-family\/wp-content\/uploads\/\/sites\/11\/2019\/11\/assurance.jpg\" alt=\"assurances et protection des jeunes en voyage linguistique\" class=\"wp-image-337\" srcset=\"https:\/\/www.calvin-thomas.com\/summer-family\/wp-content\/uploads\/\/sites\/11\/2019\/11\/assurance.jpg 900w, https:\/\/www.calvin-thomas.com\/summer-family\/wp-content\/uploads\/\/sites\/11\/2019\/11\/assurance-300x226.jpg 300w, https:\/\/www.calvin-thomas.com\/summer-family\/wp-content\/uploads\/\/sites\/11\/2019\/11\/assurance-768x579.jpg 768w\" sizes=\"(max-width: 900px) 100vw, 900px\" \/><\/figure>\n<\/div>\n<\/div>\n\n\n<p><\/section>\n\n\n<section class=\"section-gris\"><\/p>\n\n\n\n<div class=\"wp-block-columns has-2-columns column-centre centrer-hauteur is-layout-flex wp-container-core-columns-is-layout-8 wp-block-columns-is-layout-flex\">\n<div class=\"wp-block-column is-layout-flow wp-block-column-is-layout-flow\">\n<figure class=\"wp-block-image\"><img loading=\"lazy\" decoding=\"async\" width=\"530\" height=\"400\" src=\"https:\/\/www.calvin-thomas.com\/summer-family\/wp-content\/uploads\/\/sites\/11\/2019\/11\/retenues-financieres-reduites.jpg\" alt=\"option Retenues financi\u00e8res r\u00e9duites\" class=\"wp-image-341\" srcset=\"https:\/\/www.calvin-thomas.com\/summer-family\/wp-content\/uploads\/\/sites\/11\/2019\/11\/retenues-financieres-reduites.jpg 530w, https:\/\/www.calvin-thomas.com\/summer-family\/wp-content\/uploads\/\/sites\/11\/2019\/11\/retenues-financieres-reduites-300x226.jpg 300w\" sizes=\"(max-width: 530px) 100vw, 530px\" \/><\/figure>\n<\/div>\n\n\n\n<div class=\"wp-block-column is-layout-flow wp-block-column-is-layout-flow\">\n<p class=\"sub-title\"><strong>OPTIONS SUPPL\u00c9MENTAIRES<\/strong><\/p>\n\n\n\n<h3 class=\"wp-block-heading\" id=\"section4\">L&#8217;option \u201cRetenues financi\u00e8res r\u00e9duites\u201d<\/h3>\n\n\n\n<p><strong>Le candidat a la possibilit\u00e9 de r\u00e9duire le montant des p\u00e9nalit\u00e9s financi\u00e8res en cas de d\u00e9sistement de sa part. Cette option propos\u00e9e par Calvin-Thomas permet de ramener les p\u00e9nalit\u00e9s de d\u00e9sistement pr\u00e9vues \u00e0 l\u2019article 17 de la charte Summer (section \u201cengagement financier\u201d) \u00e0 un montant forfaitaire et unique, et ce uniquement pour une annulation en cas d\u2019hospitalisation le jour du d\u00e9part ou d\u2019un \u00e9chec au bac. <\/strong><br><strong>Il ne s\u2019agit pas d\u2019une assurance mais d\u2019un choix d\u2019option sur le niveau des p\u00e9nalit\u00e9s applicables. <\/strong><br><strong>Le candidat qui le souhaite, peut souscrire une assurance annulation compl\u00e8te et interruption du s\u00e9jour sur notre site. <\/strong><\/p>\n\n\n\n<div style=\"height:30px\" aria-hidden=\"true\" class=\"wp-block-spacer\"><\/div>\n<\/div>\n<\/div>\n\n\n\n<div class=\"wp-block-columns has-2-columns column-centre is-layout-flex wp-container-core-columns-is-layout-9 wp-block-columns-is-layout-flex\">\n<div class=\"wp-block-column is-layout-flow wp-block-column-is-layout-flow\">\n<h4 class=\"wp-block-heading\"><strong>LES MODALIT\u00c9S ET CONDITIONS D&#8217;\u00c9LIGIBILIT\u00c9<\/strong><\/h4>\n\n\n\n<p>Si le participant est <strong>hospitalis\u00e9 le jour du d\u00e9part<\/strong>, Calvin-Thomas<strong> remboursera l\u2019int\u00e9gralit\u00e9 des sommes vers\u00e9es<\/strong> sur le prix du programme choisi moins la retenue forfaitaire de 150\u20ac, sur pr\u00e9sentation du bulletin d\u2019hospitalisation du  participant.<\/p>\n\n\n\n<p>Si le participant <strong>\u00e9choue aux \u00e9preuves du Baccalaur\u00e9at l\u2019ann\u00e9e de son d\u00e9part<\/strong>, Calvin-Thomas <strong>remboursera l\u2019int\u00e9gralit\u00e9 des sommes vers\u00e9es<\/strong> sur le prix du programme choisi moins la retenue forfaitaire de 150\u20ac, sur pr\u00e9sentation de l\u2019avis d\u2019\u00e9chec au Bac.<\/p>\n\n\n\n<p>Cette option ne peut en aucun cas \u00eatre scind\u00e9e en deux parties distinctes.<\/p>\n\n\n\n<p><strong>Le co\u00fbt de cette option s\u2019\u00e9l\u00e8ve \u00e0 105\u20ac<\/strong> et doit \u00eatre vers\u00e9e au moment de l\u2019acceptation au programme. <br>Le participant dispose de 14 jours apr\u00e8s la signature du bulletin de souscription pour se r\u00e9tracter.<\/p>\n\n\n\n<p><a class=\"btn large couleur\" rel=\"noreferrer noopener\" href=\"https:\/\/www.calvin-thomas.com\/pdf\/CG-annulation-AVI.pdf\" target=\"_blank\">T\u00e9l\u00e9chargez les conditions g\u00e9n\u00e9rales 2021 \u201cAssurance annulation\u201d AVI<\/a><\/p>\n\n\n\n<p><a class=\"btn large couleur\" rel=\"noreferrer noopener\" aria-label=\"XXX LIEN (ouverture dans un nouvel onglet)\" href=\"http:\/\/www.avi-international.biz\/Modules\/AVIModule.aspx?clientid=2201&amp;modid=6482ae83-dd79-4751-861b-98c45ea3bcf8\" target=\"_blank\">Souscrivez \u00e0 l&#8217;assurance \u201cannulation\u201d AVI <\/a><\/p>\n\n\n\n<div style=\"height:20px\" aria-hidden=\"true\" class=\"wp-block-spacer\"><\/div>\n<\/div>\n\n\n\n<div class=\"wp-block-column is-layout-flow wp-block-column-is-layout-flow\">\n<figure class=\"wp-block-image\"><img loading=\"lazy\" decoding=\"async\" width=\"900\" height=\"815\" src=\"https:\/\/www.calvin-thomas.com\/summer-family\/wp-content\/uploads\/\/sites\/11\/2019\/11\/garanties-echec-bac-hospitalisation.jpg\" alt=\"garanties en cas d'\u00e9chec au bac ou en cas d'hopitalisation\" class=\"wp-image-344\" srcset=\"https:\/\/www.calvin-thomas.com\/summer-family\/wp-content\/uploads\/\/sites\/11\/2019\/11\/garanties-echec-bac-hospitalisation.jpg 900w, https:\/\/www.calvin-thomas.com\/summer-family\/wp-content\/uploads\/\/sites\/11\/2019\/11\/garanties-echec-bac-hospitalisation-300x272.jpg 300w, https:\/\/www.calvin-thomas.com\/summer-family\/wp-content\/uploads\/\/sites\/11\/2019\/11\/garanties-echec-bac-hospitalisation-768x695.jpg 768w\" sizes=\"(max-width: 900px) 100vw, 900px\" \/><\/figure>\n<\/div>\n<\/div>\n\n\n<p><\/section>\n\n\n\n<div style=\"height:30px\" aria-hidden=\"true\" class=\"wp-block-spacer\"><\/div>\n","protected":false},"excerpt":{"rendered":"<p>Le c\u00f4t\u00e9 administratif&#8230;<\/p>\n<p>La mise en place de tels s\u00e9jours entra\u00eenent souvent quelques d\u00e9marches administratives. Pas de panique, Calvin-Thomas vous accompagne dans ces formalit\u00e9s pas \u00e0 pas&#8230;<\/p>\n<ul class=\"liste-menu\">\n<li><a href=\"#section1\">Voyage<\/a><\/li>\n<li><a href=\"#section2\">Passeport<\/a><\/li>\n<li><a href=\"#section3\">Assurances<\/a><\/li>\n<li><a href=\"#section4\">Option \u201cRetenues financi\u00e8res r\u00e9duites\u201d<\/a><\/li>\n<\/ul>\n<p> <a class=\"btn couleur large\" href=\"https:\/\/www.calvin-thomas.com\/summer-family\/informations-pratiques\/points-pratiques\/\">EN SAVOIR PLUS <\/a><\/p>\n","protected":false},"author":1,"featured_media":264,"parent":7,"menu_order":0,"comment_status":"closed","ping_status":"closed","template":"","meta":{"_uag_custom_page_level_css":"","wp_popup_display_lightbox":0,"wp_popup_suppress":"","wp_popup_trigger":"","wp_popup_trigger_amount":0,"wp_popup_disable_on_mobile":false},"uagb_featured_image_src":{"full":["https:\/\/www.calvin-thomas.com\/summer-family\/wp-content\/uploads\/\/sites\/11\/2019\/10\/entetepoints-pratiques.jpg",1200,1200,false],"thumbnail":["https:\/\/www.calvin-thomas.com\/summer-family\/wp-content\/uploads\/\/sites\/11\/2019\/10\/entetepoints-pratiques-150x150.jpg",150,150,true],"medium":["https:\/\/www.calvin-thomas.com\/summer-family\/wp-content\/uploads\/\/sites\/11\/2019\/10\/entetepoints-pratiques-300x300.jpg",300,300,true],"medium_large":["https:\/\/www.calvin-thomas.com\/summer-family\/wp-content\/uploads\/\/sites\/11\/2019\/10\/entetepoints-pratiques-768x768.jpg",640,640,true],"large":["https:\/\/www.calvin-thomas.com\/summer-family\/wp-content\/uploads\/\/sites\/11\/2019\/10\/entetepoints-pratiques-1024x1024.jpg",640,640,true],"1536x1536":["https:\/\/www.calvin-thomas.com\/summer-family\/wp-content\/uploads\/\/sites\/11\/2019\/10\/entetepoints-pratiques.jpg",1200,1200,false],"2048x2048":["https:\/\/www.calvin-thomas.com\/summer-family\/wp-content\/uploads\/\/sites\/11\/2019\/10\/entetepoints-pratiques.jpg",1200,1200,false]},"uagb_author_info":{"display_name":"redac-calvinthomas","author_link":"https:\/\/www.calvin-thomas.com\/summer-family\/author\/redac-calvinthomas\/"},"uagb_comment_info":0,"uagb_excerpt":"Le c\u00f4t\u00e9 administratif&#8230; La mise en place de tels s\u00e9jours entra\u00eenent souvent quelques d\u00e9marches administratives. Pas de panique, Calvin-Thomas vous accompagne dans ces formalit\u00e9s pas \u00e0 pas&#8230; Voyage Passeport Assurances Option \u201cRetenues financi\u00e8res r\u00e9duites\u201d EN SAVOIR PLUS","_links":{"self":[{"href":"https:\/\/www.calvin-thomas.com\/summer-family\/wp-json\/wp\/v2\/pages\/186"}],"collection":[{"href":"https:\/\/www.calvin-thomas.com\/summer-family\/wp-json\/wp\/v2\/pages"}],"about":[{"href":"https:\/\/www.calvin-thomas.com\/summer-family\/wp-json\/wp\/v2\/types\/page"}],"author":[{"embeddable":true,"href":"https:\/\/www.calvin-thomas.com\/summer-family\/wp-json\/wp\/v2\/users\/1"}],"replies":[{"embeddable":true,"href":"https:\/\/www.calvin-thomas.com\/summer-family\/wp-json\/wp\/v2\/comments?post=186"}],"version-history":[{"count":0,"href":"https:\/\/www.calvin-thomas.com\/summer-family\/wp-json\/wp\/v2\/pages\/186\/revisions"}],"up":[{"embeddable":true,"href":"https:\/\/www.calvin-thomas.com\/summer-family\/wp-json\/wp\/v2\/pages\/7"}],"wp:featuredmedia":[{"embeddable":true,"href":"https:\/\/www.calvin-thomas.com\/summer-family\/wp-json\/wp\/v2\/media\/264"}],"wp:attachment":[{"href":"https:\/\/www.calvin-thomas.com\/summer-family\/wp-json\/wp\/v2\/media?parent=186"}],"curies":[{"name":"wp","href":"https:\/\/api.w.org\/{rel}","templated":true}]}}