{"id":89,"date":"2019-10-19T22:00:58","date_gmt":"2019-10-19T20:00:58","guid":{"rendered":"https:\/\/www.calvin-thomas.com\/summer-family\/?page_id=89"},"modified":"2025-12-11T11:58:20","modified_gmt":"2025-12-11T10:58:20","slug":"homepage","status":"publish","type":"page","link":"https:\/\/www.calvin-thomas.com\/summer-family\/","title":{"rendered":"Homepage"},"content":{"rendered":"<form data-sf-form-id='28' data-is-rtl='0' data-maintain-state='' data-results-url='https:\/\/www.calvin-thomas.com\/summer-family\/?sfid=28' data-ajax-url='https:\/\/www.calvin-thomas.com\/summer-family\/?sfid=28&amp;sf_data=results' data-ajax-form-url='https:\/\/www.calvin-thomas.com\/summer-family\/?sfid=28&amp;sf_action=get_data&amp;sf_data=form' data-display-result-method='archive' data-use-history-api='1' data-template-loaded='0' data-lang-code='fr' data-ajax='1' data-ajax-data-type='html' data-ajax-links-selector='.pagination a' data-ajax-target='#main' data-ajax-pagination-type='normal' data-update-ajax-url='1' data-only-results-ajax='1' data-scroll-to-pos='0' data-init-paged='1' data-auto-update='1' action='https:\/\/www.calvin-thomas.com\/summer-family\/?sfid=28' method='post' class='searchandfilter' id='search-filter-form-28' autocomplete='off' data-instance-count='1'><ul><li class=\"sf-field-taxonomy-pays\" data-sf-field-name=\"_sft_pays\" data-sf-field-type=\"taxonomy\" data-sf-field-input-type=\"select\">\t\t<label>\n\t\t\t\t   \t\t<select name=\"_sft_pays[]\" class=\"sf-input-select\" title=\"\">\n\t\t\t\t\t\t  \t\t\t<option class=\"sf-level-0 sf-item-0 sf-option-active\" selected=\"selected\" data-sf-count=\"0\" data-sf-depth=\"0\" value=\"\">Tous les pays<\/option>\n\t\t\t\t\t\t\t\t\t\t\t<option class=\"sf-level-0 sf-item-12\" data-sf-count=\"1\" data-sf-depth=\"0\" value=\"angleterre\">Angleterre&nbsp;&nbsp;(1)<\/option>\n\t\t\t\t\t\t\t\t\t\t\t<option class=\"sf-level-0 sf-item-11\" data-sf-count=\"2\" data-sf-depth=\"0\" value=\"canada\">Canada&nbsp;&nbsp;(2)<\/option>\n\t\t\t\t\t\t\t\t\t\t\t<option class=\"sf-level-0 sf-item-6\" data-sf-count=\"5\" data-sf-depth=\"0\" value=\"etats-unis\">\u00c9tats-Unis&nbsp;&nbsp;(5)<\/option>\n\t\t\t\t\t\t\t\t\t\t\t<\/select><\/label>\t\t\t\t\t\t\t\t\t\t<\/li><li class=\"sf-field-taxonomy-ages\" data-sf-field-name=\"_sft_ages\" data-sf-field-type=\"taxonomy\" data-sf-field-input-type=\"select\">\t\t<label>\n\t\t\t\t   \t\t<select name=\"_sft_ages[]\" class=\"sf-input-select\" title=\"\">\n\t\t\t\t\t\t  \t\t\t<option class=\"sf-level-0 sf-item-0 sf-option-active\" selected=\"selected\" data-sf-count=\"0\" data-sf-depth=\"0\" value=\"\">Tous les \u00e2ges<\/option>\n\t\t\t\t\t\t\t\t\t\t\t<option class=\"sf-level-0 sf-item-8\" data-sf-count=\"1\" data-sf-depth=\"0\" value=\"13-ans\">13 ans&nbsp;&nbsp;(1)<\/option>\n\t\t\t\t\t\t\t\t\t\t\t<option class=\"sf-level-0 sf-item-2\" data-sf-count=\"7\" data-sf-depth=\"0\" value=\"14-ans\">14 ans&nbsp;&nbsp;(7)<\/option>\n\t\t\t\t\t\t\t\t\t\t\t<option class=\"sf-level-0 sf-item-3\" data-sf-count=\"8\" data-sf-depth=\"0\" value=\"15-ans\">15 ans&nbsp;&nbsp;(8)<\/option>\n\t\t\t\t\t\t\t\t\t\t\t<option class=\"sf-level-0 sf-item-4\" data-sf-count=\"8\" data-sf-depth=\"0\" value=\"16-ans\">16 ans&nbsp;&nbsp;(8)<\/option>\n\t\t\t\t\t\t\t\t\t\t\t<option class=\"sf-level-0 sf-item-5\" data-sf-count=\"8\" data-sf-depth=\"0\" value=\"17-ans\">17 ans&nbsp;&nbsp;(8)<\/option>\n\t\t\t\t\t\t\t\t\t\t\t<option class=\"sf-level-0 sf-item-9\" data-sf-count=\"4\" data-sf-depth=\"0\" value=\"18-ans\">18 ans&nbsp;&nbsp;(4)<\/option>\n\t\t\t\t\t\t\t\t\t\t\t<option class=\"sf-level-0 sf-item-10\" data-sf-count=\"1\" data-sf-depth=\"0\" value=\"19-ans\">19 ans&nbsp;&nbsp;(1)<\/option>\n\t\t\t\t\t\t\t\t\t\t\t<\/select><\/label>\t\t\t\t\t\t\t\t\t\t<\/li><li class=\"sf-field-taxonomy-options\" data-sf-field-name=\"_sft_options\" data-sf-field-type=\"taxonomy\" data-sf-field-input-type=\"select\">\t\t<label>\n\t\t\t\t   \t\t<select name=\"_sft_options[]\" class=\"sf-input-select\" title=\"\">\n\t\t\t\t\t\t  \t\t\t<option class=\"sf-level-0 sf-item-0 sf-option-active\" selected=\"selected\" data-sf-count=\"0\" data-sf-depth=\"0\" value=\"\">Toutes les options<\/option>\n\t\t\t\t\t\t\t\t\t\t\t<option class=\"sf-level-0 sf-item-15\" data-sf-count=\"5\" data-sf-depth=\"0\" value=\"activites-visites\">avec activit\u00e9s ou visites&nbsp;&nbsp;(5)<\/option>\n\t\t\t\t\t\t\t\t\t\t\t<option class=\"sf-level-0 sf-item-16\" data-sf-count=\"4\" data-sf-depth=\"0\" value=\"cours-anglais\">avec cours d&#039;anglais&nbsp;&nbsp;(4)<\/option>\n\t\t\t\t\t\t\t\t\t\t\t<option class=\"sf-level-0 sf-item-18\" data-sf-count=\"3\" data-sf-depth=\"0\" value=\"choix-region-placement\">choix de la r\u00e9gion de placement&nbsp;&nbsp;(3)<\/option>\n\t\t\t\t\t\t\t\t\t\t\t<option class=\"sf-level-0 sf-item-13\" data-sf-count=\"2\" data-sf-depth=\"0\" value=\"double-stay\">Double Stay&nbsp;&nbsp;(2)<\/option>\n\t\t\t\t\t\t\t\t\t\t\t<option class=\"sf-level-0 sf-item-17\" data-sf-count=\"3\" data-sf-depth=\"0\" value=\"sejour-a-la-carte\">S\u00e9jour \u00e0 la carte&nbsp;&nbsp;(3)<\/option>\n\t\t\t\t\t\t\t\t\t\t\t<option class=\"sf-level-0 sf-item-14\" data-sf-count=\"1\" data-sf-depth=\"0\" value=\"voyage-accompagne\">voyage accompagn\u00e9&nbsp;&nbsp;(1)<\/option>\n\t\t\t\t\t\t\t\t\t\t\t<\/select><\/label>\t\t\t\t\t\t\t\t\t\t<\/li><\/ul><\/form>\n\n\n\n<div class=\"wp-block-column is-layout-flow wp-block-column-is-layout-flow\">\n<div style=\"height:100px\" aria-hidden=\"true\" class=\"wp-block-spacer\"><\/div>\n<\/div>\n\n\n\n<p style=\"text-align:center;margin:0!important\">RETROUVEZ-NOUS SUR<\/p>\n\n\n\n<div>\n<p style=\"text-align: center; display: flex;justify-content: center;\"><a href=\"https:\/\/www.facebook.com\/CalvinThomasOrg\" target=\"_blank\" rel=\"noopener\" style=\"border:none!important\"><img loading=\"lazy\" decoding=\"async\" class=\"size-full wp-image-544 alignleft\" src=\"https:\/\/www.calvin-thomas.com\/highschool\/wp-content\/uploads\/\/sites\/4\/logo-facebook.png\" alt=\"Facebook Calvin-Thomas\" width=\"50\" height=\"50\"><\/a> <a href=\"https:\/\/twitter.com\/CalvinThomasOrg\" target=\"_blank\" rel=\"noopener\" style=\"border:none!important\"><img loading=\"lazy\" decoding=\"async\" class=\"size-full wp-image-545 alignleft\" src=\"https:\/\/www.calvin-thomas.com\/highschool\/wp-content\/uploads\/\/sites\/4\/logo-twitter.png\" alt=\"Twitter Calvin-Thomas\" width=\"50\" height=\"50\"><\/a> <a href=\"https:\/\/www.youtube.com\/user\/CalvinThomasOrg\" target=\"_blank\" rel=\"noopener\" style=\"border:none!important\"><img loading=\"lazy\" decoding=\"async\" class=\"alignleft size-full wp-image-546\" src=\"https:\/\/www.calvin-thomas.com\/highschool\/wp-content\/uploads\/\/sites\/4\/logo-youtube.png\" alt=\"Youtube Calvin-Thomas\" width=\"50\" height=\"50\"><\/a> <a href=\"https:\/\/www.instagram.com\/calvinthomasfrance\/?hl=fr\" target=\"_blank\" rel=\"noopener\" style=\"border:none!important\"><img loading=\"lazy\" decoding=\"async\" class=\"alignleft size-full wp-image-547\" src=\"https:\/\/www.calvin-thomas.com\/highschool\/wp-content\/uploads\/\/sites\/4\/logo-instagram.png\" alt=\"Instagram Calvin-Thomas\" width=\"50\" height=\"50\"><\/a><\/p>\n<\/div>\n\n\n\n<div style=\"height:100px\" aria-hidden=\"true\" class=\"wp-block-spacer\"><\/div>\n\n\n\n\n\n<div class=\"wp-block-column is-layout-flow wp-block-column-is-layout-flow\">\n<div class=\"wp-block-columns has-2-columns column-centre centrer-hauteur is-layout-flex wp-container-core-columns-is-layout-1 wp-block-columns-is-layout-flex\">\n<div class=\"wp-block-column is-layout-flow wp-block-column-is-layout-flow\"><div class=\"wp-block-image\">\n<figure class=\"aligncenter\"><img loading=\"lazy\" decoding=\"async\" width=\"750\" height=\"920\" src=\"https:\/\/www.calvin-thomas.com\/summer-family\/wp-content\/uploads\/\/sites\/11\/2019\/11\/sejour-famille-etranger.jpg\" alt=\"s\u00e9jour linguistique en immersion et en famille d'accueil\" class=\"wp-image-300\" srcset=\"https:\/\/www.calvin-thomas.com\/summer-family\/wp-content\/uploads\/\/sites\/11\/2019\/11\/sejour-famille-etranger.jpg 750w, https:\/\/www.calvin-thomas.com\/summer-family\/wp-content\/uploads\/\/sites\/11\/2019\/11\/sejour-famille-etranger-245x300.jpg 245w\" sizes=\"(max-width: 750px) 100vw, 750px\" \/><\/figure><\/div><\/div>\n\n\n\n<div class=\"wp-block-column is-layout-flow wp-block-column-is-layout-flow\">\n<div style=\"height:100px\" aria-hidden=\"true\" class=\"wp-block-spacer\"><\/div>\n\n\n\n<h2 class=\"wp-block-heading\"><strong>Un s\u00e9jour linguistique en immersion<\/strong> dans un pays anglophone<\/h2>\n\n\n\n<div style=\"height:100px\" aria-hidden=\"true\" class=\"wp-block-spacer\"><\/div>\n\n\n\n<p>Les s\u00e9jours linguistiques \u201cSummer Family\u201d permettent aux jeunes<strong> de 14 \u00e0 19 ans<\/strong>, de passer leurs <strong>vacances d\u2019\u00e9t\u00e9 en immersion au sein d&#8217;une famille anglophone<\/strong>. Le participant peut ainsi <strong>am\u00e9liorer son anglais<\/strong> et se d\u00e9payser.<\/p>\n\n\n\n<p>Ces s\u00e9jours d&#8217;\u00e9t\u00e9 permettent de changer de pays, de continent, d\u2019habitudes, de climat, de rythme, de mode de vie et d\u2019entourage&#8230; L\u2019id\u00e9e est de <strong>passer un \u00e9t\u00e9 diff\u00e9rent<\/strong>, d\u2019apprendre l\u2019anglais, de s\u2019\u00e9vader, de d\u00e9couvrir, d\u2019\u00e9changer et de revenir plein d\u2019\u00e9nergie.<\/p>\n\n\n\n<p>Les s\u00e9jours Summer Family sont tous bas\u00e9s sur l&#8217;<strong>immersion totale<\/strong> (accueil et vie de famille). <strong>De nombreuses formules sont propos\u00e9es<\/strong> (avec ou sans cours, avec ou sans activit\u00e9s, etc.). De m\u00eame, certains s\u00e9jours dits \u201c\u00e0 la carte\u201d offrent <strong>des s\u00e9jours d&#8217;une tr\u00e8s grande flexibilit\u00e9<\/strong>.<\/p>\n\n\n\n<div style=\"height:100px\" aria-hidden=\"true\" class=\"wp-block-spacer\"><\/div>\n<\/div>\n<\/div>\n\n\n\n<div style=\"height:100px\" aria-hidden=\"true\" class=\"wp-block-spacer\"><\/div>\n\n\n\n<h2 class=\"wp-block-heading has-text-align-center centrer\">Partez cet \u00e9t\u00e9<br><strong>dans une de nos 3 destinations anglophones&#8230;<\/strong><\/h2>\n\n\n\n<div style=\"height:100px\" aria-hidden=\"true\" class=\"wp-block-spacer\"><\/div>\n\n\n\n<div class=\"wp-block-columns has-2-columns is-layout-flex wp-container-core-columns-is-layout-2 wp-block-columns-is-layout-flex\">\n<div class=\"wp-block-column is-layout-flow wp-block-column-is-layout-flow\">\n<figure class=\"wp-block-image destinations\"><a href=\"https:\/\/www.calvin-thomas.com\/summer-family\/pays\/etats-unis\/\"><img loading=\"lazy\" decoding=\"async\" width=\"600\" height=\"400\" src=\"https:\/\/www.calvin-thomas.com\/summer-family\/wp-content\/uploads\/\/sites\/11\/2019\/11\/etats-unis.jpg\" alt=\"s\u00e9jour linguistique en immersion aux \u00c9tats-Unis\" class=\"wp-image-304\" srcset=\"https:\/\/www.calvin-thomas.com\/summer-family\/wp-content\/uploads\/\/sites\/11\/2019\/11\/etats-unis.jpg 600w, https:\/\/www.calvin-thomas.com\/summer-family\/wp-content\/uploads\/\/sites\/11\/2019\/11\/etats-unis-300x200.jpg 300w\" sizes=\"(max-width: 600px) 100vw, 600px\" \/><\/a><figcaption class=\"wp-element-caption\">\u00c9tats-Unis<\/figcaption><\/figure>\n<\/div>\n\n\n\n<div class=\"wp-block-column is-layout-flow wp-block-column-is-layout-flow\">\n<figure class=\"wp-block-image destinations\"><a href=\"https:\/\/www.calvin-thomas.com\/summer-family\/pays\/canada\/\"><img loading=\"lazy\" decoding=\"async\" width=\"600\" height=\"400\" src=\"https:\/\/www.calvin-thomas.com\/summer-family\/wp-content\/uploads\/\/sites\/11\/2019\/11\/canada.jpg\" alt=\"s\u00e9jour d'\u00e9t\u00e9 en famille d'accueil au Canada\" class=\"wp-image-305\" srcset=\"https:\/\/www.calvin-thomas.com\/summer-family\/wp-content\/uploads\/\/sites\/11\/2019\/11\/canada.jpg 600w, https:\/\/www.calvin-thomas.com\/summer-family\/wp-content\/uploads\/\/sites\/11\/2019\/11\/canada-300x200.jpg 300w\" sizes=\"(max-width: 600px) 100vw, 600px\" \/><\/a><figcaption class=\"wp-element-caption\">Canada<\/figcaption><\/figure>\n<\/div>\n\n\n\n<div class=\"wp-block-column is-layout-flow wp-block-column-is-layout-flow\">\n<figure class=\"wp-block-image destinations\"><a href=\"https:\/\/www.calvin-thomas.com\/summer-family\/sejours-ete\/immersion-decouverte-cours-uk\/\"><img decoding=\"async\" src=\"https:\/\/www.calvin-thomas.com\/summer-family\/wp-content\/uploads\/\/sites\/11\/2019\/11\/angleterre.jpg\" alt=\"s\u00e9jour d'\u00e9t\u00e9 en famille d'accueil en Angleterre\" class=\"wp-image-305\"\/><\/a><figcaption class=\"wp-element-caption\">Angleterre<\/figcaption><\/figure>\n<\/div>\n<\/div>\n<\/div>\n\n\n\n<p class=\"has-text-align-center\"> Pour d&#8217;autres destinations en \u00e9t\u00e9, d\u00e9couvrez nos offres <a href=\"https:\/\/www.calvin-thomas.com\/summer-school\/\">\u201cSummer School\u201d<\/a>.<\/p>\n\n\n\n<div style=\"height:100px\" aria-hidden=\"true\" class=\"wp-block-spacer\"><\/div>\n\n\n\n<h2 class=\"wp-block-heading has-text-align-center content-centrer centrer\"><strong>Un s\u00e9jour en famille, <\/strong> <br>une aventure estivale in\u00e9dite avec Calvin-Thomas<\/h2>\n\n\n\n<div style=\"height:100px\" aria-hidden=\"true\" class=\"wp-block-spacer\"><\/div>\n\n\n\n<p class=\"has-text-align-center content-centrer\"><strong>Depuis 30 ans, nous avons accompagn\u00e9, chaque \u00e9t\u00e9, plus de 6 100 jeunes pour vivre une exp\u00e9rience linguistique dans un pays anglophone. Allant de quelques semaines \u00e0 deux mois, la saison estivale est le moment propice pour progresser en anglais, tout en profitant du cadre naturel des vacances. Calvin-Thomas pr\u00e9pare chaque participant (depuis l\u2019inscription jusqu\u2019au d\u00e9part) et assure la liaison entre la famille naturelle et l\u2019organisme du pays d\u2019accueil.<\/strong><\/p>\n\n\n\n<div style=\"height:30px\" class=\"wp-block-spacer\"><\/div>\n\n\n\n<div class=\"wp-block-columns has-2-columns column-centre is-layout-flex wp-container-core-columns-is-layout-3 wp-block-columns-is-layout-flex\">\n<div class=\"wp-block-column is-layout-flow wp-block-column-is-layout-flow\">\n<h3 class=\"wp-block-heading\">Une rencontre humaine\u2026<\/h3>\n\n\n\n<p>Le programme Summer s&#8217;adresse aux adolescents, \u00e2g\u00e9s de 13 \u00e0 19 ans, qui souhaitent profiter de l&#8217;\u00e9t\u00e9 pour d\u00e9couvrir un pays et se lancer dans une exp\u00e9rience linguistique et culturelle. Les s\u00e9jours Summer Family sont tous bas\u00e9s sur l&#8217;immersion totale, entre l&#8217;accueil du participant dans sa maison et sa famille d&#8217;accueil, et sa participation active \u00e0 la vie de famille.<\/p>\n\n\n\n<p>De nombreuses formules sont propos\u00e9es (avec ou sans cours, avec ou sans activit\u00e9s, etc.). Summer Family permet aux jeunes de retrouver tous les bienfaits de l&#8217;immersion gr\u00e2ce, \u00e0 de nombreuses formules et options.<\/p>\n\n\n\n<p>Chaque jeune saura trouver la formule qui lui convient en fonctions de ses attentes\u2026 et de ses d\u00e9sirs. Les dur\u00e9es et le niveau d&#8217;encadrement s&#8217;adapteront selon leurs souhaits. C&#8217;est l&#8217;opportunit\u00e9 pour tout un chacun de faire un premier pas vers le bilinguisme.<\/p>\n<\/div>\n\n\n\n<div class=\"wp-block-column is-layout-flow wp-block-column-is-layout-flow\">\n<h3 class=\"wp-block-heading\">&#8230; et \u00e9ducative<\/h3>\n\n\n\n<p>Quelque soit le s\u00e9jour choisi, un d\u00e9part vers un pays anglophone dans une famille d&#8217;accueil est une amorce vers le monde interculturel qui se cr\u00e9\u00e9 peu \u00e0 peu. La langue anglaise est la seconde langue la plus parl\u00e9e au monde, avec 983 millions de personnes communiquant quotidiennement en anglais. <\/p>\n\n\n\n<p>Un d\u00e9part avec le programme Summer, ce n&#8217;est pas seulement un \u00e9t\u00e9 de d\u00e9couverte, c&#8217;est \u00e9galement une opportunit\u00e9 unique d&#8217;avancer vers le monde de demain. Suivis ind\u00e9pendamment, les jeunes d\u00e9couvrent et se d\u00e9couvrent, et  s&#8217;initient \u00e0 la culture d&#8217;un pays nouveau. <\/p>\n\n\n\n<p>Cette immersion est la premi\u00e8re vision d&#8217;un syst\u00e8me autre que celui du cocon familial. Une mani\u00e8re pour chaque jeune de chercher \u2014 et de trouver \u2014 sa place hors de sa famille. C&#8217;est une exp\u00e9rience qui forme, qui encourage les jeunes \u00e0 trouver leur ind\u00e9pendance, leur voie, leur chemin. C&#8217;est une exp\u00e9rience qui grandit.<\/p>\n<\/div>\n<\/div>\n\n\n<p><!-- \/wp:column --><\/p>\n<p><!-- wp:column --><\/p>\n<div class=\"wp-block-column\"><!-- wp:image {\"id\":129,\"align\":\"full\"} --><\/p>\n<figure class=\"wp-block-image alignfull\"><img decoding=\"async\" class=\"wp-image-129\" src=\"https:\/\/www.calvin-thomas.com\/summer-family\/wp-content\/uploads\/\/sites\/11\/2019\/11\/sejour-linguistique.jpg\" alt=\"S\u00e9jours linguistiques d'\u00e9t\u00e9\"><\/figure>\n<p><!-- \/wp:image --><\/p>\n<\/div>","protected":false},"excerpt":{"rendered":"<p style=\"text-align:center;margin:0!important\">RETROUVEZ-NOUS SUR<\/p>\n<p style=\"text-align: center; display: flex;justify-content: center;\"><a href=\"https:\/\/www.facebook.com\/CalvinThomasOrg\" target=\"_blank\" rel=\"noopener\" style=\"border:none!important\"><\/a> <a href=\"https:\/\/twitter.com\/CalvinThomasOrg\" target=\"_blank\" rel=\"noopener\" style=\"border:none!important\"><\/a> <a href=\"https:\/\/www.youtube.com\/user\/CalvinThomasOrg\" target=\"_blank\" rel=\"noopener\" style=\"border:none!important\"><\/a> <a href=\"https:\/\/www.instagram.com\/calvinthomasfrance\/?hl=fr\" target=\"_blank\" rel=\"noopener\" style=\"border:none!important\"><\/a><\/p>\n<p><strong>Un s\u00e9jour linguistique en immersion<\/strong> dans un pays anglophone<\/p>\n<p>Les s\u00e9jours linguistiques \u201cSummer Family\u201d permettent aux jeunes<strong> de 14 \u00e0 19 ans<\/strong>, de passer leurs <strong>vacances d\u2019\u00e9t\u00e9 en immersion au sein d&#8217;une famille anglophone<\/strong>. Le participant peut ainsi <strong>am\u00e9liorer son anglais<\/strong> et se d\u00e9payser.<\/p>\n<p>Ces s\u00e9jours d&#8217;\u00e9t\u00e9 permettent de changer de pays,<\/p>\n<p> <a class=\"btn couleur large\" href=\"https:\/\/www.calvin-thomas.com\/summer-family\/\">EN SAVOIR PLUS <\/a><\/p>\n","protected":false},"author":1,"featured_media":643,"parent":0,"menu_order":0,"comment_status":"closed","ping_status":"closed","template":"page-homepage.php","meta":{"_uag_custom_page_level_css":"","wp_popup_display_lightbox":0,"wp_popup_suppress":"","wp_popup_trigger":"","wp_popup_trigger_amount":0,"wp_popup_disable_on_mobile":false},"uagb_featured_image_src":{"full":["https:\/\/www.calvin-thomas.com\/summer-family\/wp-content\/uploads\/\/sites\/11\/2020\/09\/entete-summerfamily.jpg",1280,856,false],"thumbnail":["https:\/\/www.calvin-thomas.com\/summer-family\/wp-content\/uploads\/\/sites\/11\/2020\/09\/entete-summerfamily-150x150.jpg",150,150,true],"medium":["https:\/\/www.calvin-thomas.com\/summer-family\/wp-content\/uploads\/\/sites\/11\/2020\/09\/entete-summerfamily-300x201.jpg",300,201,true],"medium_large":["https:\/\/www.calvin-thomas.com\/summer-family\/wp-content\/uploads\/\/sites\/11\/2020\/09\/entete-summerfamily-768x514.jpg",640,428,true],"large":["https:\/\/www.calvin-thomas.com\/summer-family\/wp-content\/uploads\/\/sites\/11\/2020\/09\/entete-summerfamily-1024x685.jpg",640,428,true],"1536x1536":["https:\/\/www.calvin-thomas.com\/summer-family\/wp-content\/uploads\/\/sites\/11\/2020\/09\/entete-summerfamily.jpg",1280,856,false],"2048x2048":["https:\/\/www.calvin-thomas.com\/summer-family\/wp-content\/uploads\/\/sites\/11\/2020\/09\/entete-summerfamily.jpg",1280,856,false]},"uagb_author_info":{"display_name":"redac-calvinthomas","author_link":"https:\/\/www.calvin-thomas.com\/summer-family\/author\/redac-calvinthomas\/"},"uagb_comment_info":0,"uagb_excerpt":"RETROUVEZ-NOUS SUR Un s\u00e9jour linguistique en immersion dans un pays anglophone Les s\u00e9jours linguistiques \u201cSummer Family\u201d permettent aux jeunes de 14 \u00e0 19 ans, de passer leurs vacances d\u2019\u00e9t\u00e9 en immersion au sein d&#8217;une famille anglophone. Le participant peut ainsi am\u00e9liorer son anglais et se d\u00e9payser. Ces s\u00e9jours d&#8217;\u00e9t\u00e9 permettent de changer de pays, EN\u2026","_links":{"self":[{"href":"https:\/\/www.calvin-thomas.com\/summer-family\/wp-json\/wp\/v2\/pages\/89"}],"collection":[{"href":"https:\/\/www.calvin-thomas.com\/summer-family\/wp-json\/wp\/v2\/pages"}],"about":[{"href":"https:\/\/www.calvin-thomas.com\/summer-family\/wp-json\/wp\/v2\/types\/page"}],"author":[{"embeddable":true,"href":"https:\/\/www.calvin-thomas.com\/summer-family\/wp-json\/wp\/v2\/users\/1"}],"replies":[{"embeddable":true,"href":"https:\/\/www.calvin-thomas.com\/summer-family\/wp-json\/wp\/v2\/comments?post=89"}],"version-history":[{"count":4,"href":"https:\/\/www.calvin-thomas.com\/summer-family\/wp-json\/wp\/v2\/pages\/89\/revisions"}],"predecessor-version":[{"id":970,"href":"https:\/\/www.calvin-thomas.com\/summer-family\/wp-json\/wp\/v2\/pages\/89\/revisions\/970"}],"wp:featuredmedia":[{"embeddable":true,"href":"https:\/\/www.calvin-thomas.com\/summer-family\/wp-json\/wp\/v2\/media\/643"}],"wp:attachment":[{"href":"https:\/\/www.calvin-thomas.com\/summer-family\/wp-json\/wp\/v2\/media?parent=89"}],"curies":[{"name":"wp","href":"https:\/\/api.w.org\/{rel}","templated":true}]}}