{"id":79,"date":"2019-11-26T21:38:43","date_gmt":"2019-11-26T20:38:43","guid":{"rendered":"https:\/\/www.calvin-thomas.com\/summer-school\/?page_id=79"},"modified":"2020-10-30T22:50:45","modified_gmt":"2020-10-30T21:50:45","slug":"les-cours-en-highschool","status":"publish","type":"page","link":"https:\/\/www.calvin-thomas.com\/summer-school\/choisir-son-sejour\/les-cours-en-highschool\/","title":{"rendered":"Les cours en highschool"},"content":{"rendered":"\n<div style=\"height:50px\" aria-hidden=\"true\" class=\"wp-block-spacer\"><\/div>\n\n\n\n<div class=\"wp-block-columns has-2-columns column-centre is-layout-flex wp-container-core-columns-is-layout-1 wp-block-columns-is-layout-flex\">\n<div class=\"wp-block-column is-layout-flow wp-block-column-is-layout-flow\">\n<h2 class=\"wp-block-heading\">Choisir de partir \u00e9tudier l&#8217;\u00e9t\u00e9 dans l&#8217;h\u00e9misph\u00e8re Sud<\/h2>\n\n\n\n<p>Partir en Australie, en Nouvelle-Z\u00e9lande ou encore en Afrique en juillet\/ao\u00fbt, permet au participant d\u2019allier immersion en famille et inscription en lyc\u00e9e local anglophone.  <br>En effet, les saisons \u00e9tant invers\u00e9es aux n\u00f4tres, l\u2019ann\u00e9e scolaire dans l&#8217;h\u00e9misph\u00e8re Sud commence fin janvier et se termine d\u00e9but d\u00e9cembre. Une occasion pour passer un \u00e9t\u00e9 en immersion dans une www&#8230;<\/p>\n<\/div>\n\n\n\n<div class=\"wp-block-column is-layout-flow wp-block-column-is-layout-flow\">\n<ul class=\"liste-menu\"><li><a href=\"#formule1\">Une int\u00e9gration dans un lyc\u00e9e anglophone<\/a><\/li><li><a href=\"#formule2\">La vie scolaire en Highschool<\/a><\/li><\/ul>\n<\/div>\n<\/div>\n\n\n\n<div style=\"height:50px\" aria-hidden=\"true\" class=\"wp-block-spacer\"><\/div>\n\n\n<section class=\"section-jauneclair\"><\/p>\n\n\n\n<div class=\"wp-block-columns has-2-columns column-centre align-bas-hauteur is-layout-flex wp-container-core-columns-is-layout-2 wp-block-columns-is-layout-flex\">\n<div class=\"wp-block-column is-layout-flow wp-block-column-is-layout-flow\">\n<p class=\"sub-title\"><strong>LES \u00c9COLES<\/strong><\/p>\n\n\n\n<h3 class=\"wp-block-heading\" id=\"formule1\">Une int\u00e9gration dans un lyc\u00e9e anglophone<\/h3>\n\n\n\n<p><strong>Les s\u00e9jours \u201cSummer School\u201d offrent une part belle \u00e0 la scolarit\u00e9 qui se d\u00e9roule au sein d&#8217;une www. Le lyc\u00e9e est alors un v\u00e9ritable lieu d\u2019int\u00e9gration et source ind\u00e9niable d\u2019enrichissement.<\/strong><\/p>\n\n\n\n<p><\/p>\n<\/div>\n\n\n\n<div class=\"wp-block-column is-layout-flow wp-block-column-is-layout-flow\">\n<figure class=\"wp-block-image\"><img decoding=\"async\" src=\"https:\/\/www.calvin-thomas.com\/summer-school\/wp-content\/uploads\/\/sites\/12\/immersion-www.jpg\" alt=\"immersion en highschool\" class=\"wp-image-274\"\/><\/figure>\n<\/div>\n<\/div>\n\n\n\n<div style=\"height:10px\" aria-hidden=\"true\" class=\"wp-block-spacer\"><\/div>\n\n\n\n<div class=\"wp-block-columns has-2-columns column-centre is-layout-flex wp-container-core-columns-is-layout-3 wp-block-columns-is-layout-flex\">\n<div class=\"wp-block-column is-layout-flow wp-block-column-is-layout-flow\">\n<h4 class=\"wp-block-heading\">Quelle classe int\u00e9grer ?<\/h4>\n\n\n\n<p><strong>En Australie et en Afrique du Sud,<\/strong> le syst\u00e8me secondaire commence en <strong>\u201cgrade 9\u201d<\/strong> pour se terminer en <strong>\u201cgrade 12\u201d<\/strong>. Les jeunes sont g\u00e9n\u00e9ralement inscrits <strong>dans la classe correspondant \u00e0 leur \u00e2ge.<\/strong><\/p>\n\n\n\n<p><strong>En Nouvelle-Z\u00e9lande,<\/strong> le syst\u00e8me secondaire commence en <strong>\u201cyear 9\u201d<\/strong> pour se terminer en <strong>\u201cyear 13\u201d<\/strong>.<br>Les participants sont g\u00e9n\u00e9ralement inscrits <strong>dans la classe correspondant \u00e0 leur \u00e2ge. <\/strong><br>Nos \u00e9coles partenaires en Nouvelle-Z\u00e9lande peuvent cependant parfois<strong> faire des exceptions sur demande<\/strong> pour les enfants ayant par exemple un an d\u2019avance en France, etc.<\/p>\n<\/div>\n\n\n\n<div class=\"wp-block-column is-layout-flow wp-block-column-is-layout-flow\">\n<figure class=\"wp-block-image\"><img loading=\"lazy\" decoding=\"async\" width=\"900\" height=\"594\" src=\"https:\/\/www.calvin-thomas.com\/summer-school\/wp-content\/uploads\/\/sites\/12\/classe-a-integrer.jpg\" alt=\"Quelle classe int\u00e9grer ?\" class=\"wp-image-278\" srcset=\"https:\/\/www.calvin-thomas.com\/summer-school\/wp-content\/uploads\/\/sites\/12\/classe-a-integrer.jpg 900w, https:\/\/www.calvin-thomas.com\/summer-school\/wp-content\/uploads\/\/sites\/12\/classe-a-integrer-300x198.jpg 300w, https:\/\/www.calvin-thomas.com\/summer-school\/wp-content\/uploads\/\/sites\/12\/classe-a-integrer-768x507.jpg 768w\" sizes=\"(max-width: 900px) 100vw, 900px\" \/><\/figure>\n\n\n\n<p><br><\/p>\n<\/div>\n<\/div>\n\n\n\n<div style=\"height:20px\" aria-hidden=\"true\" class=\"wp-block-spacer\"><\/div>\n\n\n\n<p><\/p>\n\n\n\n<div class=\"wp-block-columns has-2-columns column-centre align-bas-hauteur is-layout-flex wp-container-core-columns-is-layout-4 wp-block-columns-is-layout-flex\">\n<div class=\"wp-block-column is-layout-flow wp-block-column-is-layout-flow\">\n<figure class=\"wp-block-image\"><img decoding=\"async\" src=\"https:\/\/www.calvin-thomas.com\/summer-school\/wp-content\/uploads\/\/sites\/12\/matieres-www.jpg\" alt=\"mati\u00e8res suivies en highschool pendant le s\u00e9jour\" class=\"wp-image-308\"\/><\/figure>\n<\/div>\n\n\n\n<div class=\"wp-block-column is-layout-flow wp-block-column-is-layout-flow\">\n<h4 class=\"wp-block-heading\">Quelles mati\u00e8res ou \u201csubjects\u201d choisir ?<\/h4>\n\n\n\n<p>Les participants au programme \u201cSummer School\u201d ont tr\u00e8s souvent <strong>la possibilit\u00e9 de choisir tout ou une partie des cours<\/strong>. <\/p>\n\n\n\n<p>En plus des <strong>cours traditionnels d\u2019anglais, de maths, de sciences et d\u2019histoire, <\/strong>les jeunes se voient souvent offrir la possibilit\u00e9 de <strong>choisir plusieurs options<\/strong>. Les mati\u00e8res optionnelles sont <strong>tr\u00e8s vari\u00e9es<\/strong> : agriculture, sports, arts, musique, cuisine, travail du bois ou du m\u00e9tal, couture, etc. Le nombre d\u2019options possibles <strong>d\u00e9pend du \u201cgrade\u201d ou de la \u201cyear\u201d<\/strong> dans laquelle le jeune est inscrit.<\/p>\n\n\n\n<p>En plus de ces options, les lyc\u00e9es en Australie et en Nouvelle-Z\u00e9lande proposent souvent des <strong>activit\u00e9s extra-scolaires.<\/strong> S\u2019ils en ont l\u2019opportunit\u00e9, nous encourageons vivement les participants \u00e0 <strong>s\u2019inscrire \u00e0 une activit\u00e9 extra-scolaire<\/strong> (sport, musique, clubs divers, etc). <\/p>\n\n\n\n<p><strong>LES LANGUES<\/strong><br><strong>L\u2019anglais reste la langue officielle pour ces trois pays.<\/strong> Certains dialectes sont cependant tr\u00e8s pr\u00e9sents au quotidien comme le maori en Nouvelle-Z\u00e9lande ou encore l\u2019afrikaners ou le xhosa en Afrique du Sud.<br>Les langues europ\u00e9ennes sont encore parfois enseign\u00e9es en seconde langue au lyc\u00e9e, mais disparaissent peu \u00e0 peu au profit des langues asiatiques.<\/p>\n<\/div>\n<\/div>\n\n\n\n<div class=\"wp-block-columns has-2-columns column-centre centrer-hauteur is-layout-flex wp-container-core-columns-is-layout-5 wp-block-columns-is-layout-flex\">\n<div class=\"wp-block-column is-layout-flow wp-block-column-is-layout-flow\"><\/div>\n\n\n\n<div class=\"wp-block-column is-layout-flow wp-block-column-is-layout-flow\">\n<p><strong>LES COURS DE RELIGION<\/strong><br>Nos \u00e9coles partenaires en Nouvelle- Z\u00e9lande sont des <strong>\u00e9coles publiques mais payantes.<\/strong> Elles ne proposent <strong>pas de cours de religion ou d\u2019activit\u00e9s en lien avec une religion.<\/strong><br>Les lyc\u00e9es en Afrique du Sud ou en Australie peuvent \u00eatre <strong>aussi bien publics que priv\u00e9s. La religion n\u2019est pas tr\u00e8s pr\u00e9sente<\/strong> mais peut faire partie alors du programme scolaire et donc des mati\u00e8res obligatoires. <\/p>\n\n\n\n<p><br><\/p>\n<\/div>\n<\/div>\n\n\n<p><\/section>\n\n\n<section class=\"section-gris\"><\/p>\n\n\n\n<div class=\"wp-block-columns has-2-columns column-centre centrer-hauteur is-layout-flex wp-container-core-columns-is-layout-6 wp-block-columns-is-layout-flex\">\n<div class=\"wp-block-column is-layout-flow wp-block-column-is-layout-flow\">\n<figure class=\"wp-block-image\"><img loading=\"lazy\" decoding=\"async\" width=\"900\" height=\"972\" src=\"https:\/\/www.calvin-thomas.com\/summer-school\/wp-content\/uploads\/\/sites\/12\/emploi-temps-cours-lycee.jpg\" alt=\"\" class=\"wp-image-302\" srcset=\"https:\/\/www.calvin-thomas.com\/summer-school\/wp-content\/uploads\/\/sites\/12\/emploi-temps-cours-lycee.jpg 900w, https:\/\/www.calvin-thomas.com\/summer-school\/wp-content\/uploads\/\/sites\/12\/emploi-temps-cours-lycee-278x300.jpg 278w, https:\/\/www.calvin-thomas.com\/summer-school\/wp-content\/uploads\/\/sites\/12\/emploi-temps-cours-lycee-768x829.jpg 768w\" sizes=\"(max-width: 900px) 100vw, 900px\" \/><\/figure>\n<\/div>\n\n\n\n<div class=\"wp-block-column is-layout-flow wp-block-column-is-layout-flow\">\n<p class=\"sub-title\"><strong>MODALIT\u00c9S<\/strong><\/p>\n\n\n\n<h3 class=\"wp-block-heading\" id=\"formule2\">La vie scolaire en Highschool<\/h3>\n\n\n\n<h4 class=\"wp-block-heading\">L&#8217;emploi du temps<\/h4>\n\n\n\n<p>La semaine de cours s\u2019\u00e9tend <strong>du lundi au vendredi.<\/strong><br>Une journ\u00e9e de cours en h\u00e9misph\u00e8re Sud est <strong>g\u00e9n\u00e9ralement plus courte qu\u2019en France.<\/strong> Les cours <strong>commencent g\u00e9n\u00e9ralement vers 8h30 pour se terminer vers 15h30.<\/strong><\/p>\n\n\n\n<p>L\u2019ann\u00e9e scolaire en h\u00e9misph\u00e8re Sud est ponctu\u00e9e de 3 p\u00e9riodes de <strong>\u201cpetites vacances scolaires\u201d<\/strong> de 2 semaines chacune : en avril, juillet puis septembre.<br>Ainsi, un s\u00e9jour \u201dSummer School\u201d en Australie <strong>peut commencer par quelques jours de vacances <\/strong>avant de d\u00e9buter les cours en lyc\u00e9e. <br>Pour les autres destinations, les <strong>dates d\u2019arriv\u00e9e possibles sont fix\u00e9es de mani\u00e8re \u00e0 pouvoir commencer les cours d\u00e8s l\u2019arriv\u00e9e sur place.<\/strong><\/p>\n<\/div>\n<\/div>\n\n\n\n<div style=\"height:20px\" aria-hidden=\"true\" class=\"wp-block-spacer\"><\/div>\n\n\n\n<div class=\"wp-block-columns has-2-columns column-centre centrer-hauteur is-layout-flex wp-container-core-columns-is-layout-7 wp-block-columns-is-layout-flex\">\n<div class=\"wp-block-column is-layout-flow wp-block-column-is-layout-flow\">\n<figure class=\"wp-block-image\"><img loading=\"lazy\" decoding=\"async\" width=\"900\" height=\"509\" src=\"https:\/\/www.calvin-thomas.com\/summer-school\/wp-content\/uploads\/\/sites\/12\/uniforme.jpg\" alt=\"port de l'uniforme au lyc\u00e9e\" class=\"wp-image-311\" srcset=\"https:\/\/www.calvin-thomas.com\/summer-school\/wp-content\/uploads\/\/sites\/12\/uniforme.jpg 900w, https:\/\/www.calvin-thomas.com\/summer-school\/wp-content\/uploads\/\/sites\/12\/uniforme-300x170.jpg 300w, https:\/\/www.calvin-thomas.com\/summer-school\/wp-content\/uploads\/\/sites\/12\/uniforme-768x434.jpg 768w\" sizes=\"(max-width: 900px) 100vw, 900px\" \/><\/figure>\n<\/div>\n\n\n\n<div class=\"wp-block-column is-layout-flow wp-block-column-is-layout-flow\">\n<h4 class=\"wp-block-heading\">L&#8217;uniforme<\/h4>\n\n\n\n<p>Le port de l\u2019uniforme est <strong>quasiment automatique dans ces pays<\/strong>, quel que soit le lyc\u00e9e (public ou priv\u00e9). <\/p>\n\n\n\n<p>Le <strong>co\u00fbt de l\u2019uniforme n\u2019est pas inclus<\/strong> dans le tarif. Il est cependant souvent possible d\u2019<strong>acheter son uniforme de seconde main<\/strong> pour le revendre en fin de s\u00e9jour, <strong>voire de se le faire pr\u00eater !<\/strong><\/p>\n\n\n\n<p>En Nouvelle-Z\u00e9lande, la tenue civile est souvent tol\u00e9r\u00e9e pour les derni\u00e8res ann\u00e9es (year 13).<\/p>\n<\/div>\n<\/div>\n\n\n\n<div style=\"height:20px\" aria-hidden=\"true\" class=\"wp-block-spacer\"><\/div>\n\n\n\n<div class=\"wp-block-columns has-2-columns column-centre is-layout-flex wp-container-core-columns-is-layout-8 wp-block-columns-is-layout-flex\">\n<div class=\"wp-block-column is-layout-flow wp-block-column-is-layout-flow\">\n<h4 class=\"wp-block-heading\">La restauration et la pause de midi<\/h4>\n\n\n\n<p><strong>Le temps de pause le midi n\u2019exc\u00e8de g\u00e9n\u00e9ralement pas les 30 minutes. <\/strong><\/p>\n\n\n\n<p>Les enfants <strong>am\u00e8nent g\u00e9n\u00e9ralement leur \u201clunch box\u201d<\/strong> qu\u2019ils auront pr\u00e9par\u00e9s la veille ou le matin \u00e0 la maison. <\/p>\n\n\n\n<p>Il existe souvent des <strong>points de restaurations rapides <\/strong>dans l\u2019enceinte des lyc\u00e9es (snack, caf\u00e9t\u00e9rias). Le co\u00fbt d\u2019un repas est alors d\u2019environ 5$ et est \u00e0 la charge du participant.<\/p>\n<\/div>\n\n\n\n<div class=\"wp-block-column is-layout-flow wp-block-column-is-layout-flow\">\n<figure class=\"wp-block-image\"><img loading=\"lazy\" decoding=\"async\" width=\"900\" height=\"509\" src=\"https:\/\/www.calvin-thomas.com\/summer-school\/wp-content\/uploads\/\/sites\/12\/lunch-box.jpg\" alt=\"repas de midi en highschool\" class=\"wp-image-294\" srcset=\"https:\/\/www.calvin-thomas.com\/summer-school\/wp-content\/uploads\/\/sites\/12\/lunch-box.jpg 900w, https:\/\/www.calvin-thomas.com\/summer-school\/wp-content\/uploads\/\/sites\/12\/lunch-box-300x170.jpg 300w, https:\/\/www.calvin-thomas.com\/summer-school\/wp-content\/uploads\/\/sites\/12\/lunch-box-768x434.jpg 768w\" sizes=\"(max-width: 900px) 100vw, 900px\" \/><\/figure>\n<\/div>\n<\/div>\n\n\n<p><\/section>\n\n\n\n<div style=\"height:50px\" aria-hidden=\"true\" class=\"wp-block-spacer\"><\/div>\n","protected":false},"excerpt":{"rendered":"<p>Choisir de partir \u00e9tudier l&#8217;\u00e9t\u00e9 dans l&#8217;h\u00e9misph\u00e8re Sud<\/p>\n<p>Partir en Australie, en Nouvelle-Z\u00e9lande ou encore en Afrique en juillet\/ao\u00fbt, permet au participant d\u2019allier immersion en famille et inscription en lyc\u00e9e local anglophone.  <br \/>En effet, les saisons \u00e9tant invers\u00e9es aux n\u00f4tres, l\u2019ann\u00e9e scolaire dans l&#8217;h\u00e9misph\u00e8re Sud commence fin janvier et se termine d\u00e9but d\u00e9cembre. Une occasion pour passer un \u00e9t\u00e9 en immersion dans une www&#8230;<\/p>\n<ul class=\"liste-menu\">\n<li><a href=\"#formule1\">Une int\u00e9gration dans un lyc\u00e9e anglophone<\/a><\/li>\n<li><a href=\"#formule2\">La vie scolaire en Highschool<\/a><\/li>\n<\/ul>\n<p> <a class=\"btn couleur large\" href=\"https:\/\/www.calvin-thomas.com\/summer-school\/choisir-son-sejour\/les-cours-en-highschool\/\">EN SAVOIR PLUS <\/a><\/p>\n","protected":false},"author":1,"featured_media":124,"parent":73,"menu_order":0,"comment_status":"closed","ping_status":"closed","template":"","meta":{"_uag_custom_page_level_css":"","wp_popup_display_lightbox":0,"wp_popup_suppress":"","wp_popup_trigger":"","wp_popup_trigger_amount":0,"wp_popup_disable_on_mobile":false},"uagb_featured_image_src":{"full":["https:\/\/www.calvin-thomas.com\/summer-school\/wp-content\/uploads\/\/sites\/12\/2019\/11\/entete-ecole.jpg",1200,1200,false],"thumbnail":["https:\/\/www.calvin-thomas.com\/summer-school\/wp-content\/uploads\/\/sites\/12\/2019\/11\/entete-ecole-150x150.jpg",150,150,true],"medium":["https:\/\/www.calvin-thomas.com\/summer-school\/wp-content\/uploads\/\/sites\/12\/2019\/11\/entete-ecole-300x300.jpg",300,300,true],"medium_large":["https:\/\/www.calvin-thomas.com\/summer-school\/wp-content\/uploads\/\/sites\/12\/2019\/11\/entete-ecole-768x768.jpg",640,640,true],"large":["https:\/\/www.calvin-thomas.com\/summer-school\/wp-content\/uploads\/\/sites\/12\/2019\/11\/entete-ecole-1024x1024.jpg",640,640,true],"1536x1536":["https:\/\/www.calvin-thomas.com\/summer-school\/wp-content\/uploads\/\/sites\/12\/2019\/11\/entete-ecole.jpg",1200,1200,false],"2048x2048":["https:\/\/www.calvin-thomas.com\/summer-school\/wp-content\/uploads\/\/sites\/12\/2019\/11\/entete-ecole.jpg",1200,1200,false]},"uagb_author_info":{"display_name":"redac-calvinthomas","author_link":"https:\/\/www.calvin-thomas.com\/summer-school\/author\/redac-calvinthomas\/"},"uagb_comment_info":0,"uagb_excerpt":"Choisir de partir \u00e9tudier l&#8217;\u00e9t\u00e9 dans l&#8217;h\u00e9misph\u00e8re Sud Partir en Australie, en Nouvelle-Z\u00e9lande ou encore en Afrique en juillet\/ao\u00fbt, permet au participant d\u2019allier immersion en famille et inscription en lyc\u00e9e local anglophone. En effet, les saisons \u00e9tant invers\u00e9es aux n\u00f4tres, l\u2019ann\u00e9e scolaire dans l&#8217;h\u00e9misph\u00e8re Sud commence fin janvier et se termine d\u00e9but d\u00e9cembre. Une occasion\u2026","_links":{"self":[{"href":"https:\/\/www.calvin-thomas.com\/summer-school\/wp-json\/wp\/v2\/pages\/79"}],"collection":[{"href":"https:\/\/www.calvin-thomas.com\/summer-school\/wp-json\/wp\/v2\/pages"}],"about":[{"href":"https:\/\/www.calvin-thomas.com\/summer-school\/wp-json\/wp\/v2\/types\/page"}],"author":[{"embeddable":true,"href":"https:\/\/www.calvin-thomas.com\/summer-school\/wp-json\/wp\/v2\/users\/1"}],"replies":[{"embeddable":true,"href":"https:\/\/www.calvin-thomas.com\/summer-school\/wp-json\/wp\/v2\/comments?post=79"}],"version-history":[{"count":0,"href":"https:\/\/www.calvin-thomas.com\/summer-school\/wp-json\/wp\/v2\/pages\/79\/revisions"}],"up":[{"embeddable":true,"href":"https:\/\/www.calvin-thomas.com\/summer-school\/wp-json\/wp\/v2\/pages\/73"}],"wp:featuredmedia":[{"embeddable":true,"href":"https:\/\/www.calvin-thomas.com\/summer-school\/wp-json\/wp\/v2\/media\/124"}],"wp:attachment":[{"href":"https:\/\/www.calvin-thomas.com\/summer-school\/wp-json\/wp\/v2\/media?parent=79"}],"curies":[{"name":"wp","href":"https:\/\/api.w.org\/{rel}","templated":true}]}}