{"id":29,"date":"2025-09-10T14:11:45","date_gmt":"2025-09-10T12:11:45","guid":{"rendered":"https:\/\/www.calvin-thomas.com\/workandstudy\/?page_id=29"},"modified":"2025-10-13T15:46:51","modified_gmt":"2025-10-13T13:46:51","slug":"5-etapes-pour-partir-en-work-and-study","status":"publish","type":"page","link":"https:\/\/www.calvin-thomas.com\/workandstudy\/informations-pratiques\/5-etapes-pour-partir-en-work-and-study\/","title":{"rendered":"Le plus court chemin pour le PVT"},"content":{"rendered":"\n<p class=\"intro show-on-scroll\">Ton billet pour l\u2019aventure tient en 5 \u00e9tapes chrono. Ta destination est valid\u00e9e ? Let\u2019s go, Calvin-Thomas trace la route avec toi et t\u2019accompagne jusqu\u2019au d\u00e9collage !<\/p>\n\n\n\n<div style=\"height:20px\" aria-hidden=\"true\" class=\"wp-block-spacer\"><\/div>\n\n\n\n<figure class=\"wp-block-image size-full borderradius maxheight500 show-on-scroll\"><img loading=\"lazy\" decoding=\"async\" width=\"1500\" height=\"839\" src=\"https:\/\/www.calvin-thomas.com\/workandstudy\/wp-content\/uploads\/\/sites\/9\/etapes-PVT.webp\" alt=\"5 \u00e9tapes pour obtenir un PVT\" class=\"wp-image-597\" srcset=\"https:\/\/www.calvin-thomas.com\/workandstudy\/wp-content\/uploads\/\/sites\/9\/etapes-PVT.webp 1500w, https:\/\/www.calvin-thomas.com\/workandstudy\/wp-content\/uploads\/\/sites\/9\/etapes-PVT-300x168.webp 300w, https:\/\/www.calvin-thomas.com\/workandstudy\/wp-content\/uploads\/\/sites\/9\/etapes-PVT-1024x573.webp 1024w, https:\/\/www.calvin-thomas.com\/workandstudy\/wp-content\/uploads\/\/sites\/9\/etapes-PVT-768x430.webp 768w\" sizes=\"(max-width: 1500px) 100vw, 1500px\" \/><\/figure>\n\n\n\n<div style=\"height:100px\" aria-hidden=\"true\" id=\"inscription\" class=\"wp-block-spacer\"><\/div>\n\n\n\n<div data-aos= \"fade-up\" data-aos-duration=\"400\" data-aos-delay=\"0\" data-aos-easing=\"ease\" data-aos-once=\"true\" class=\"wp-block-uagb-content-timeline uagb-timeline__outer-wrap uagb-block-50cb8ff5 uagb-timeline__content-wrap uagb-timeline__center-block  uagb-timeline__arrow-center uagb-timeline\">\n<article class=\"wp-block-uagb-content-timeline-child uagb-timeline__field uagb-timeline-child-fbc22d6b uagb-timeline__right dossier-inscription\"><div class=\"uagb-timeline__marker out-view-uagb-timeline__icon\"><svg xmlns=\"https:\/\/www.w3.org\/2000\/svg\" viewBox=\"0 0 512 512\"><path d=\"M0 256C0 114.6 114.6 0 256 0C397.4 0 512 114.6 512 256C512 397.4 397.4 512 256 512C114.6 512 0 397.4 0 256zM256 352C309 352 352 309 352 256C352 202.1 309 160 256 160C202.1 160 160 202.1 160 256C160 309 202.1 352 256 352z\"><\/path><\/svg><\/div><div class=\"uagb-timeline__day-new uagb-timeline__day-right uagb-timeline__events-inner-new\"><div class=\"uagb-timeline__events-inner--content\"><h2 class=\"uagb-timeline__heading\">Constitue ton dossier d\u2019inscription<\/h2><p class=\"uagb-timeline-desc-content\">Tu re\u00e7ois votre dossier gratuitement\u00a0sur simple demande (email, t\u00e9l\u00e9phone ou directement sur cette page). <br>Compl\u00e8te et retourne ce dossier accompagn\u00e9 des frais d\u2019inscription (90 \u20ac).<br><br>Le dossier complet doit \u00eatre envoy\u00e9 \u00e0 Calvin-Thomas au minimum 2 mois avant la date de d\u00e9part souhait\u00e9e.\u00a0Il convient donc d\u2019entamer les d\u00e9marches d\u2019inscription en tenant compte de ce d\u00e9lai.<br><br>Tu peux contacter notre \u00e9quipe \u00e0 tout moment (questions, informations, explications,\u2026).<br><br>\u00c0 savoir : les frais d\u2019inscription vous sont enti\u00e8rement rembours\u00e9s en cas de non-s\u00e9lection.<\/p><div class=\"uagb-timeline__arrow\"><\/div><\/div><\/div><div class=\"uagb-timeline__date-new\"><\/div><\/article>\n\n\n\n<article class=\"wp-block-uagb-content-timeline-child uagb-timeline__field uagb-timeline-child-8c7918c4 uagb-timeline__left entretien\"><div class=\"uagb-timeline__marker out-view-uagb-timeline__icon\"><svg xmlns=\"https:\/\/www.w3.org\/2000\/svg\" viewBox=\"0 0 512 512\"><path d=\"M0 256C0 114.6 114.6 0 256 0C397.4 0 512 114.6 512 256C512 397.4 397.4 512 256 512C114.6 512 0 397.4 0 256zM256 352C309 352 352 309 352 256C352 202.1 309 160 256 160C202.1 160 160 202.1 160 256C160 309 202.1 352 256 352z\"><\/path><\/svg><\/div><div class=\"uagb-timeline__day-new uagb-timeline__day-left uagb-timeline__events-inner-new\"><div class=\"uagb-timeline__events-inner--content\"><h2 class=\"uagb-timeline__heading\">Effectue l\u2019entretien de s\u00e9lection<\/h2><p class=\"uagb-timeline-desc-content\">Apr\u00e8s \u00e9tude du dossier, tu rencontres un conseiller Calvin-Thomas\u00a0\u00e0 l\u2019occasion d\u2019un entretien de s\u00e9lection. Il s\u2019effectue par t\u00e9l\u00e9phone et en anglais.<br><br>Suite \u00e0 cette diff\u00e9rente \u00e9tape, Calvin-Thomas retient ou non ta candidature.<\/p><div class=\"uagb-timeline__arrow\"><\/div><\/div><\/div><div class=\"uagb-timeline__date-new\"><\/div><\/article>\n\n\n\n<article class=\"wp-block-uagb-content-timeline-child uagb-timeline__field uagb-timeline-child-9e574b2b uagb-timeline__right pvt\"><div class=\"uagb-timeline__marker out-view-uagb-timeline__icon\"><svg xmlns=\"https:\/\/www.w3.org\/2000\/svg\" viewBox=\"0 0 512 512\"><path d=\"M0 256C0 114.6 114.6 0 256 0C397.4 0 512 114.6 512 256C512 397.4 397.4 512 256 512C114.6 512 0 397.4 0 256zM256 352C309 352 352 309 352 256C352 202.1 309 160 256 160C202.1 160 160 202.1 160 256C160 309 202.1 352 256 352z\"><\/path><\/svg><\/div><div class=\"uagb-timeline__day-new uagb-timeline__day-right uagb-timeline__events-inner-new\"><div class=\"uagb-timeline__events-inner--content\"><h2 class=\"uagb-timeline__heading\">Obtiens ton PVT\u2028<\/h2><p class=\"uagb-timeline-desc-content\">Une fois ta candidature retenue, le paiement du programme effectu\u00e9 et l&rsquo;inscription \u00e0 l&rsquo;\u00e9cole de langue valid\u00e9e, tu peux entamer les d\u00e9marches de PVT avec la RO letter.<br><br>Nous te proposons un accompagnement complet,\u00a0incluant l\u2019assistance dans les d\u00e9marches administratives, telles que l\u2019obtention du PVT.<\/p><div class=\"uagb-timeline__arrow\"><\/div><\/div><\/div><div class=\"uagb-timeline__date-new\"><\/div><\/article>\n\n\n\n<article class=\"wp-block-uagb-content-timeline-child uagb-timeline__field uagb-timeline-child-da1a3b71 uagb-timeline__left preparation-depart\"><div class=\"uagb-timeline__marker out-view-uagb-timeline__icon\"><svg xmlns=\"https:\/\/www.w3.org\/2000\/svg\" viewBox=\"0 0 512 512\"><path d=\"M0 256C0 114.6 114.6 0 256 0C397.4 0 512 114.6 512 256C512 397.4 397.4 512 256 512C114.6 512 0 397.4 0 256zM256 352C309 352 352 309 352 256C352 202.1 309 160 256 160C202.1 160 160 202.1 160 256C160 309 202.1 352 256 352z\"><\/path><\/svg><\/div><div class=\"uagb-timeline__day-new uagb-timeline__day-left uagb-timeline__events-inner-new\"><div class=\"uagb-timeline__events-inner--content\"><h2 class=\"uagb-timeline__heading\">Pr\u00e9pare ton d\u00e9part<\/h2><p class=\"uagb-timeline-desc-content\">D\u00e8s ton PVT obtenu, tu re\u00e7ois\u00a0toutes les informations pratiques\u00a0concernant ton s\u00e9jour. Tu peux proc\u00e9der \u00e0 la r\u00e9servation de tes billets d&rsquo;avion.<\/p><div class=\"uagb-timeline__arrow\"><\/div><\/div><\/div><div class=\"uagb-timeline__date-new\"><\/div><\/article>\n\n\n\n<article class=\"wp-block-uagb-content-timeline-child uagb-timeline__field uagb-timeline-child-1aeca058 uagb-timeline__right jourj\"><div class=\"uagb-timeline__marker out-view-uagb-timeline__icon\"><svg xmlns=\"https:\/\/www.w3.org\/2000\/svg\" viewBox=\"0 0 512 512\"><path d=\"M0 256C0 114.6 114.6 0 256 0C397.4 0 512 114.6 512 256C512 397.4 397.4 512 256 512C114.6 512 0 397.4 0 256zM256 352C309 352 352 309 352 256C352 202.1 309 160 256 160C202.1 160 160 202.1 160 256C160 309 202.1 352 256 352z\"><\/path><\/svg><\/div><div class=\"uagb-timeline__day-new uagb-timeline__day-right uagb-timeline__events-inner-new\"><div class=\"uagb-timeline__events-inner--content\"><h2 class=\"uagb-timeline__heading\">Le jour J, pars\u2026<\/h2><p class=\"uagb-timeline-desc-content\">Profite ensuite pleinement de ton exp\u00e9rience \u00e0 l\u2019\u00e9tranger, sachant que l\u2019\u00e9quipe Calvin-Thomas reste \u00e0 ton \u00e9coute\u00a0pour r\u00e9pondre \u00e0 tes questions et t&rsquo;apporter toute l\u2019assistance n\u00e9cessaire. <br><br>L&rsquo;\u00e9cole de langue assure aussi un suivi durant les 12 semaines de cours garantissant ainsi une prise en charge optimale et une intervention rapide en cas de besoin.<\/p><div class=\"uagb-timeline__arrow\"><\/div><\/div><\/div><div class=\"uagb-timeline__date-new\"><\/div><\/article>\n<div class=\"uagb-timeline__line\"><div class=\"uagb-timeline__line__inner\"><\/div><\/div><\/div>\n\n\n\n<div style=\"height:50px\" aria-hidden=\"true\" class=\"wp-block-spacer\"><\/div>\n\n\n\n<div class=\"wp-block-columns are-vertically-aligned-center borderradius padding30 encartinfossupp show-on-scroll has-white-color has-text-color has-background has-link-color wp-elements-077a065d39bd7e4d4f5cbfdd787e0e28 is-layout-flex wp-container-core-columns-is-layout-1 wp-block-columns-is-layout-flex\" style=\"background-color:#3c50be\">\n<div class=\"wp-block-column is-vertically-aligned-center is-layout-flow wp-block-column-is-layout-flow\" style=\"flex-basis:33.33%\">\n<div class=\"wp-block-group galeriephotos\"><div class=\"wp-block-group__inner-container is-layout-constrained wp-block-group-is-layout-constrained\">\n<figure class=\"wp-block-image size-full max250 center-desktop\"><img decoding=\"async\" src=\"https:\/\/www.calvin-thomas.com\/workandstudy\/wp-content\/uploads\/\/sites\/9\/suivi-sur-place.svg\" alt=\"suivi sur place apr\u00e8s obtention du PVT\" class=\"wp-image-600\"\/><\/figure>\n<\/div><\/div>\n\n\n\n<div style=\"height:35px\" aria-hidden=\"true\" class=\"wp-block-spacer\"><\/div>\n<\/div>\n\n\n\n<div class=\"wp-block-column is-vertically-aligned-center is-layout-flow wp-block-column-is-layout-flow\" style=\"flex-basis:66.66%\">\n<p class=\"font-18 blocblanc margin0 rotate has-text-color has-link-color wp-elements-6f01d2bf9a842e20544641b76cb14f91\" style=\"color:#20436d\">Le plus<\/p>\n\n\n\n<div style=\"height:30px\" aria-hidden=\"true\" class=\"wp-block-spacer\"><\/div>\n\n\n\n<h4 class=\"wp-block-heading\">Sur place, on ne te laisse jamais seul&#8230;<\/h4>\n\n\n\n<p>texte \u00e0 faire<\/p>\n<\/div>\n<\/div>\n\n\n\n<div style=\"height:80px\" aria-hidden=\"true\" class=\"wp-block-spacer\"><\/div>\n","protected":false},"excerpt":{"rendered":"<p>Ton billet pour l\u2019aventure tient en 5 \u00e9tapes chrono. Ta destination est valid\u00e9e ? Let\u2019s go, Calvin-Thomas trace la route avec toi et t\u2019accompagne jusqu\u2019au d\u00e9collage ! Le plus Sur place, on ne te laisse jamais seul&#8230; texte \u00e0 faire<\/p>\n","protected":false},"author":1,"featured_media":0,"parent":27,"menu_order":0,"comment_status":"closed","ping_status":"closed","template":"","meta":{"_eb_attr":"","_uag_custom_page_level_css":"","footnotes":""},"yoast_head":"<!-- This site is optimized with the Yoast SEO plugin v22.4 - https:\/\/yoast.com\/wordpress\/plugins\/seo\/ -->\n<title>PVT simple &amp; facile. 5 \u00e9tapes pour partir en ann\u00e9e de c\u00e9sure serein<\/title>\n<meta name=\"robots\" content=\"index, follow, max-snippet:-1, max-image-preview:large, max-video-preview:-1\" \/>\n<link rel=\"canonical\" href=\"https:\/\/www.calvin-thomas.com\/workandstudy\/informations-pratiques\/5-etapes-pour-partir-en-work-and-study\/\" \/>\n<meta property=\"og:locale\" content=\"fr_FR\" \/>\n<meta property=\"og:type\" content=\"article\" \/>\n<meta property=\"og:title\" content=\"PVT simple &amp; facile. 5 \u00e9tapes pour partir en ann\u00e9e de c\u00e9sure serein\" \/>\n<meta property=\"og:description\" content=\"Ton billet pour l\u2019aventure tient en 5 \u00e9tapes chrono. Ta destination est valid\u00e9e ? Let\u2019s go, Calvin-Thomas trace la route avec toi et t\u2019accompagne jusqu\u2019au d\u00e9collage ! Le plus Sur place, on ne te laisse jamais seul&#8230; texte \u00e0 faire\" \/>\n<meta property=\"og:url\" content=\"https:\/\/www.calvin-thomas.com\/workandstudy\/informations-pratiques\/5-etapes-pour-partir-en-work-and-study\/\" \/>\n<meta property=\"og:site_name\" content=\"Work and Study\" \/>\n<meta property=\"article:modified_time\" content=\"2025-10-13T13:46:51+00:00\" \/>\n<meta property=\"og:image\" content=\"https:\/\/www.calvin-thomas.com\/workandstudy\/wp-content\/uploads\/\/sites\/9\/etapes-PVT.webp\" \/>\n<meta name=\"twitter:card\" content=\"summary_large_image\" \/>\n<meta name=\"twitter:label1\" content=\"Dur\u00e9e de lecture estim\u00e9e\" \/>\n\t<meta name=\"twitter:data1\" content=\"2 minutes\" \/>\n<script type=\"application\/ld+json\" class=\"yoast-schema-graph\">{\"@context\":\"https:\/\/schema.org\",\"@graph\":[{\"@type\":\"WebPage\",\"@id\":\"https:\/\/www.calvin-thomas.com\/workandstudy\/informations-pratiques\/5-etapes-pour-partir-en-work-and-study\/\",\"url\":\"https:\/\/www.calvin-thomas.com\/workandstudy\/informations-pratiques\/5-etapes-pour-partir-en-work-and-study\/\",\"name\":\"PVT simple & facile. 5 \u00e9tapes pour partir en ann\u00e9e de c\u00e9sure serein\",\"isPartOf\":{\"@id\":\"https:\/\/www.calvin-thomas.com\/workandstudy\/#website\"},\"primaryImageOfPage\":{\"@id\":\"https:\/\/www.calvin-thomas.com\/workandstudy\/informations-pratiques\/5-etapes-pour-partir-en-work-and-study\/#primaryimage\"},\"image\":{\"@id\":\"https:\/\/www.calvin-thomas.com\/workandstudy\/informations-pratiques\/5-etapes-pour-partir-en-work-and-study\/#primaryimage\"},\"thumbnailUrl\":\"https:\/\/www.calvin-thomas.com\/workandstudy\/wp-content\/uploads\/\/sites\/9\/etapes-PVT.webp\",\"datePublished\":\"2025-09-10T12:11:45+00:00\",\"dateModified\":\"2025-10-13T13:46:51+00:00\",\"breadcrumb\":{\"@id\":\"https:\/\/www.calvin-thomas.com\/workandstudy\/informations-pratiques\/5-etapes-pour-partir-en-work-and-study\/#breadcrumb\"},\"inLanguage\":\"fr-FR\",\"potentialAction\":[{\"@type\":\"ReadAction\",\"target\":[\"https:\/\/www.calvin-thomas.com\/workandstudy\/informations-pratiques\/5-etapes-pour-partir-en-work-and-study\/\"]}]},{\"@type\":\"ImageObject\",\"inLanguage\":\"fr-FR\",\"@id\":\"https:\/\/www.calvin-thomas.com\/workandstudy\/informations-pratiques\/5-etapes-pour-partir-en-work-and-study\/#primaryimage\",\"url\":\"https:\/\/www.calvin-thomas.com\/workandstudy\/wp-content\/uploads\/\/sites\/9\/etapes-PVT.webp\",\"contentUrl\":\"https:\/\/www.calvin-thomas.com\/workandstudy\/wp-content\/uploads\/\/sites\/9\/etapes-PVT.webp\",\"width\":1500,\"height\":839},{\"@type\":\"BreadcrumbList\",\"@id\":\"https:\/\/www.calvin-thomas.com\/workandstudy\/informations-pratiques\/5-etapes-pour-partir-en-work-and-study\/#breadcrumb\",\"itemListElement\":[{\"@type\":\"ListItem\",\"position\":1,\"name\":\"Accueil\",\"item\":\"https:\/\/www.calvin-thomas.com\/workandstudy\/\"},{\"@type\":\"ListItem\",\"position\":2,\"name\":\"Informations pratiques\",\"item\":\"https:\/\/www.calvin-thomas.com\/workandstudy\/informations-pratiques\/\"},{\"@type\":\"ListItem\",\"position\":3,\"name\":\"Le plus court chemin pour le PVT\"}]},{\"@type\":\"WebSite\",\"@id\":\"https:\/\/www.calvin-thomas.com\/workandstudy\/#website\",\"url\":\"https:\/\/www.calvin-thomas.com\/workandstudy\/\",\"name\":\"Work and Study\",\"description\":\"Un site utilisant Les sites de Calvin-Thomas\",\"potentialAction\":[{\"@type\":\"SearchAction\",\"target\":{\"@type\":\"EntryPoint\",\"urlTemplate\":\"https:\/\/www.calvin-thomas.com\/workandstudy\/?s={search_term_string}\"},\"query-input\":\"required name=search_term_string\"}],\"inLanguage\":\"fr-FR\"}]}<\/script>\n<!-- \/ Yoast SEO plugin. -->","yoast_head_json":{"title":"PVT simple & facile. 5 \u00e9tapes pour partir en ann\u00e9e de c\u00e9sure serein","robots":{"index":"index","follow":"follow","max-snippet":"max-snippet:-1","max-image-preview":"max-image-preview:large","max-video-preview":"max-video-preview:-1"},"canonical":"https:\/\/www.calvin-thomas.com\/workandstudy\/informations-pratiques\/5-etapes-pour-partir-en-work-and-study\/","og_locale":"fr_FR","og_type":"article","og_title":"PVT simple & facile. 5 \u00e9tapes pour partir en ann\u00e9e de c\u00e9sure serein","og_description":"Ton billet pour l\u2019aventure tient en 5 \u00e9tapes chrono. Ta destination est valid\u00e9e ? Let\u2019s go, Calvin-Thomas trace la route avec toi et t\u2019accompagne jusqu\u2019au d\u00e9collage ! Le plus Sur place, on ne te laisse jamais seul&#8230; texte \u00e0 faire","og_url":"https:\/\/www.calvin-thomas.com\/workandstudy\/informations-pratiques\/5-etapes-pour-partir-en-work-and-study\/","og_site_name":"Work and Study","article_modified_time":"2025-10-13T13:46:51+00:00","og_image":[{"url":"https:\/\/www.calvin-thomas.com\/workandstudy\/wp-content\/uploads\/\/sites\/9\/etapes-PVT.webp"}],"twitter_card":"summary_large_image","twitter_misc":{"Dur\u00e9e de lecture estim\u00e9e":"2 minutes"},"schema":{"@context":"https:\/\/schema.org","@graph":[{"@type":"WebPage","@id":"https:\/\/www.calvin-thomas.com\/workandstudy\/informations-pratiques\/5-etapes-pour-partir-en-work-and-study\/","url":"https:\/\/www.calvin-thomas.com\/workandstudy\/informations-pratiques\/5-etapes-pour-partir-en-work-and-study\/","name":"PVT simple & facile. 5 \u00e9tapes pour partir en ann\u00e9e de c\u00e9sure serein","isPartOf":{"@id":"https:\/\/www.calvin-thomas.com\/workandstudy\/#website"},"primaryImageOfPage":{"@id":"https:\/\/www.calvin-thomas.com\/workandstudy\/informations-pratiques\/5-etapes-pour-partir-en-work-and-study\/#primaryimage"},"image":{"@id":"https:\/\/www.calvin-thomas.com\/workandstudy\/informations-pratiques\/5-etapes-pour-partir-en-work-and-study\/#primaryimage"},"thumbnailUrl":"https:\/\/www.calvin-thomas.com\/workandstudy\/wp-content\/uploads\/\/sites\/9\/etapes-PVT.webp","datePublished":"2025-09-10T12:11:45+00:00","dateModified":"2025-10-13T13:46:51+00:00","breadcrumb":{"@id":"https:\/\/www.calvin-thomas.com\/workandstudy\/informations-pratiques\/5-etapes-pour-partir-en-work-and-study\/#breadcrumb"},"inLanguage":"fr-FR","potentialAction":[{"@type":"ReadAction","target":["https:\/\/www.calvin-thomas.com\/workandstudy\/informations-pratiques\/5-etapes-pour-partir-en-work-and-study\/"]}]},{"@type":"ImageObject","inLanguage":"fr-FR","@id":"https:\/\/www.calvin-thomas.com\/workandstudy\/informations-pratiques\/5-etapes-pour-partir-en-work-and-study\/#primaryimage","url":"https:\/\/www.calvin-thomas.com\/workandstudy\/wp-content\/uploads\/\/sites\/9\/etapes-PVT.webp","contentUrl":"https:\/\/www.calvin-thomas.com\/workandstudy\/wp-content\/uploads\/\/sites\/9\/etapes-PVT.webp","width":1500,"height":839},{"@type":"BreadcrumbList","@id":"https:\/\/www.calvin-thomas.com\/workandstudy\/informations-pratiques\/5-etapes-pour-partir-en-work-and-study\/#breadcrumb","itemListElement":[{"@type":"ListItem","position":1,"name":"Accueil","item":"https:\/\/www.calvin-thomas.com\/workandstudy\/"},{"@type":"ListItem","position":2,"name":"Informations pratiques","item":"https:\/\/www.calvin-thomas.com\/workandstudy\/informations-pratiques\/"},{"@type":"ListItem","position":3,"name":"Le plus court chemin pour le PVT"}]},{"@type":"WebSite","@id":"https:\/\/www.calvin-thomas.com\/workandstudy\/#website","url":"https:\/\/www.calvin-thomas.com\/workandstudy\/","name":"Work and Study","description":"Un site utilisant Les sites de Calvin-Thomas","potentialAction":[{"@type":"SearchAction","target":{"@type":"EntryPoint","urlTemplate":"https:\/\/www.calvin-thomas.com\/workandstudy\/?s={search_term_string}"},"query-input":"required name=search_term_string"}],"inLanguage":"fr-FR"}]}},"uagb_featured_image_src":{"full":false,"thumbnail":false,"medium":false,"medium_large":false,"large":false,"1536x1536":false,"2048x2048":false,"gform-image-choice-sm":false,"gform-image-choice-md":false,"gform-image-choice-lg":false},"uagb_author_info":{"display_name":"redac-calvinthomas","author_link":"https:\/\/www.calvin-thomas.com\/workandstudy\/author\/redac-calvinthomas\/"},"uagb_comment_info":0,"uagb_excerpt":"Ton billet pour l\u2019aventure tient en 5 \u00e9tapes chrono. Ta destination est valid\u00e9e ? Let\u2019s go, Calvin-Thomas trace la route avec toi et t\u2019accompagne jusqu\u2019au d\u00e9collage ! Le plus Sur place, on ne te laisse jamais seul&#8230; texte \u00e0 faire","_links":{"self":[{"href":"https:\/\/www.calvin-thomas.com\/workandstudy\/wp-json\/wp\/v2\/pages\/29"}],"collection":[{"href":"https:\/\/www.calvin-thomas.com\/workandstudy\/wp-json\/wp\/v2\/pages"}],"about":[{"href":"https:\/\/www.calvin-thomas.com\/workandstudy\/wp-json\/wp\/v2\/types\/page"}],"author":[{"embeddable":true,"href":"https:\/\/www.calvin-thomas.com\/workandstudy\/wp-json\/wp\/v2\/users\/1"}],"replies":[{"embeddable":true,"href":"https:\/\/www.calvin-thomas.com\/workandstudy\/wp-json\/wp\/v2\/comments?post=29"}],"version-history":[{"count":35,"href":"https:\/\/www.calvin-thomas.com\/workandstudy\/wp-json\/wp\/v2\/pages\/29\/revisions"}],"predecessor-version":[{"id":739,"href":"https:\/\/www.calvin-thomas.com\/workandstudy\/wp-json\/wp\/v2\/pages\/29\/revisions\/739"}],"up":[{"embeddable":true,"href":"https:\/\/www.calvin-thomas.com\/workandstudy\/wp-json\/wp\/v2\/pages\/27"}],"wp:attachment":[{"href":"https:\/\/www.calvin-thomas.com\/workandstudy\/wp-json\/wp\/v2\/media?parent=29"}],"curies":[{"name":"wp","href":"https:\/\/api.w.org\/{rel}","templated":true}]}}